{"id":1639,"date":"2022-10-20T14:00:29","date_gmt":"2022-10-20T17:00:29","guid":{"rendered":"https:\/\/sites.uel.br\/pdi\/?page_id=1639"},"modified":"2022-10-20T14:08:52","modified_gmt":"2022-10-20T17:08:52","slug":"proplan-diretoria-de-orcamento-e-programacao","status":"publish","type":"page","link":"https:\/\/sites.uel.br\/pdi\/proplan-diretoria-de-orcamento-e-programacao\/","title":{"rendered":"PROPLAN &#8211; Diretoria de Or\u00e7amento e Programa\u00e7\u00e3o"},"content":{"rendered":"\n<p class=\"has-white-color has-text-color\">.<\/p>\n\n\n\n<p>\u00c0 Diretoria de Or\u00e7amento e Programa\u00e7\u00e3o compete:<\/p>\n\n\n\n<ul class=\"wp-block-list\"><li>coordenar a elabora\u00e7\u00e3o das propostas do or\u00e7amento-programa da Universidade;<\/li><li>acompanhar, no in\u00edcio de cada administra\u00e7\u00e3o Estadual, a confec\u00e7\u00e3o do Plano Plurianual (PPA);<\/li><li>levantar todas as fontes prov\u00e1veis de receitas para subsidiar a elabora\u00e7\u00e3o da Lei de Diretrizes Or\u00e7ament\u00e1rias (LDO);<\/li><li>elaborar a proposta or\u00e7ament\u00e1ria anual da Universidade a ser submetida \u00e0 aprecia\u00e7\u00e3o do Conselho de Administra\u00e7\u00e3o e aprova\u00e7\u00e3o do Conselho Universit\u00e1rio;<\/li><li>enviar a proposta Or\u00e7ament\u00e1ria Anual da Institui\u00e7\u00e3o ao Executivo Estadual com vistas \u00e0 elabora\u00e7\u00e3o da Lei Or\u00e7ament\u00e1ria Anual (LOA) do Estado do Paran\u00e1;<\/li><li>compatibilizar a execu\u00e7\u00e3o or\u00e7ament\u00e1ria ao valor dos recursos financeiros dispon\u00edveis e \u00e0s despesas a realizar;<\/li><li>acompanhar a execu\u00e7\u00e3o do or\u00e7amento e a produ\u00e7\u00e3o de dados visando a reformula\u00e7\u00e3o e o aperfei\u00e7oamento or\u00e7ament\u00e1rio;<\/li><li>obter, junto \u00e0s \u00e1reas envolvidas com projetos, o montante de recursos provenientes de \u00f3rg\u00e3os federais, estaduais e municipais;<\/li><li>propor atualiza\u00e7\u00f5es e reformula\u00e7\u00f5es nos sistemas de acompanhamento e execu\u00e7\u00e3o or\u00e7ament\u00e1ria;<\/li><li>analisar as altera\u00e7\u00f5es or\u00e7ament\u00e1rias solicitadas pelas unidades;<\/li><li>solicitar altera\u00e7\u00e3o or\u00e7ament\u00e1ria ao Governo Estadual do Paran\u00e1;<\/li><li>acompanhar os dados e valores das metas f\u00edsicas fixadas no or\u00e7amento anual;<\/li><li>efetuar a execu\u00e7\u00e3o or\u00e7ament\u00e1ria com base nos planejamentos institucionais.<\/li><\/ul>\n","protected":false},"excerpt":{"rendered":"<p>. \u00c0 Diretoria de Or\u00e7amento e Programa\u00e7\u00e3o compete: coordenar a elabora\u00e7\u00e3o das propostas do or\u00e7amento-programa da Universidade; acompanhar, no in\u00edcio de cada administra\u00e7\u00e3o Estadual, a confec\u00e7\u00e3o do Plano Plurianual (PPA); levantar todas as fontes prov\u00e1veis de receitas para subsidiar a elabora\u00e7\u00e3o da Lei de Diretrizes Or\u00e7ament\u00e1rias (LDO); elaborar a proposta or\u00e7ament\u00e1ria anual da Universidade a [&hellip;]<\/p>\n","protected":false},"author":8,"featured_media":0,"parent":0,"menu_order":0,"comment_status":"closed","ping_status":"closed","template":"","meta":{"footnotes":""},"class_list":["post-1639","page","type-page","status-publish","hentry"],"acf":[],"_links":{"self":[{"href":"https:\/\/sites.uel.br\/pdi\/wp-json\/wp\/v2\/pages\/1639","targetHints":{"allow":["GET"]}}],"collection":[{"href":"https:\/\/sites.uel.br\/pdi\/wp-json\/wp\/v2\/pages"}],"about":[{"href":"https:\/\/sites.uel.br\/pdi\/wp-json\/wp\/v2\/types\/page"}],"author":[{"embeddable":true,"href":"https:\/\/sites.uel.br\/pdi\/wp-json\/wp\/v2\/users\/8"}],"replies":[{"embeddable":true,"href":"https:\/\/sites.uel.br\/pdi\/wp-json\/wp\/v2\/comments?post=1639"}],"version-history":[{"count":1,"href":"https:\/\/sites.uel.br\/pdi\/wp-json\/wp\/v2\/pages\/1639\/revisions"}],"predecessor-version":[{"id":1640,"href":"https:\/\/sites.uel.br\/pdi\/wp-json\/wp\/v2\/pages\/1639\/revisions\/1640"}],"wp:attachment":[{"href":"https:\/\/sites.uel.br\/pdi\/wp-json\/wp\/v2\/media?parent=1639"}],"curies":[{"name":"wp","href":"https:\/\/api.w.org\/{rel}","templated":true}]}}