{"id":1633,"date":"2022-10-20T13:57:24","date_gmt":"2022-10-20T16:57:24","guid":{"rendered":"https:\/\/sites.uel.br\/pdi\/?page_id=1633"},"modified":"2022-10-20T13:57:24","modified_gmt":"2022-10-20T16:57:24","slug":"proplan-diretoria-de-planejamento-e-desenvolvimento-administrativo","status":"publish","type":"page","link":"https:\/\/sites.uel.br\/pdi\/proplan-diretoria-de-planejamento-e-desenvolvimento-administrativo\/","title":{"rendered":"PROPLAN &#8211; Diretoria de Planejamento e Desenvolvimento Administrativo"},"content":{"rendered":"\n<p class=\"has-white-color has-text-color\">.<\/p>\n\n\n\n<p>\u00c0 Diretoria de Planejamento e Desenvolvimento Administrativo compete:<\/p>\n\n\n\n<ul class=\"wp-block-list\"><li>coordenar a\u00e7\u00f5es que visem a defini\u00e7\u00e3o de pol\u00edticas e diretrizes voltadas para o melhor atendimento das atividades-fim da Universidade;<\/li><li>articular e coordenar a\u00e7\u00f5es de melhoria de desempenho sist\u00eamico administrativos, construindo e avaliando fluxos organizacionais e informacionais internos;<\/li><li>avaliar a rela\u00e7\u00e3o custo-benef\u00edcio na produ\u00e7\u00e3o de bens e servi\u00e7os otimizando a aplica\u00e7\u00e3o dos recursos dispon\u00edveis;<\/li><li>propor, em articula\u00e7\u00e3o com os \u00f3rg\u00e3os envolvidos, diretrizes e programas que favore\u00e7am a melhoria do desempenho administrativo da Institui\u00e7\u00e3o;<\/li><li>analisar, sob os aspectos econ\u00f4mico e financeiro, a viabilidade de implementa\u00e7\u00e3o de novos projetos na Institui\u00e7\u00e3o, inclusive as iniciativas de capta\u00e7\u00e3o de recursos;<\/li><li>elaborar e implementar um sistema de apura\u00e7\u00e3o de custos operacionais de produ\u00e7\u00e3o de produ\u00e7\u00e3o de bens e servi\u00e7os na Universidade, bem como do custo-aluno;<\/li><li>elaborar, organizar e revisar instrumentos executivos da Universidade, normativos e complementares;<\/li><li>diagnosticar, desenvolver e atualizar os processos organizacionais;<\/li><li>manter as a\u00e7\u00f5es articuladas com a \u00e1rea da Tecnologia da Informa\u00e7\u00e3o, visando a melhoria e aprimoramento de sistemas informatizados da Institui\u00e7\u00e3o;<\/li><li>propor, juntamente com a PRORH, altera\u00e7\u00f5es no Regulamento de Pessoal e no Plano de Cargos, Sal\u00e1rios e Carreira, do pessoal t\u00e9cnico-administrativo e docente;<\/li><li>emitir parecer sobre assuntos de ordem administrativa, afim de subsidiar as decis\u00f5es institucionais;<\/li><li>estabelecer, juntamente com \u00f3rg\u00e3os envolvidos, um plano de substitui\u00e7\u00e3o das m\u00e1quinas e equipamentos obsoletos e\/ou sucateados, definindo propriedades e assegurando um padr\u00e3o tecnol\u00f3gico;<\/li><li>instruir processos para tramita\u00e7\u00e3o de propostas com vistas a celebra\u00e7\u00e3o de conv\u00eanios e efetuar o registro, controle e acompanhamento dos conv\u00eanios da Institui\u00e7\u00e3o;<\/li><li>elaborar e analisar propostas e minutas de conv\u00eanios.<\/li><\/ul>\n","protected":false},"excerpt":{"rendered":"<p>. \u00c0 Diretoria de Planejamento e Desenvolvimento Administrativo compete: coordenar a\u00e7\u00f5es que visem a defini\u00e7\u00e3o de pol\u00edticas e diretrizes voltadas para o melhor atendimento das atividades-fim da Universidade; articular e coordenar a\u00e7\u00f5es de melhoria de desempenho sist\u00eamico administrativos, construindo e avaliando fluxos organizacionais e informacionais internos; avaliar a rela\u00e7\u00e3o custo-benef\u00edcio na produ\u00e7\u00e3o de bens e [&hellip;]<\/p>\n","protected":false},"author":8,"featured_media":0,"parent":0,"menu_order":0,"comment_status":"closed","ping_status":"closed","template":"","meta":{"footnotes":""},"class_list":["post-1633","page","type-page","status-publish","hentry"],"acf":[],"_links":{"self":[{"href":"https:\/\/sites.uel.br\/pdi\/wp-json\/wp\/v2\/pages\/1633","targetHints":{"allow":["GET"]}}],"collection":[{"href":"https:\/\/sites.uel.br\/pdi\/wp-json\/wp\/v2\/pages"}],"about":[{"href":"https:\/\/sites.uel.br\/pdi\/wp-json\/wp\/v2\/types\/page"}],"author":[{"embeddable":true,"href":"https:\/\/sites.uel.br\/pdi\/wp-json\/wp\/v2\/users\/8"}],"replies":[{"embeddable":true,"href":"https:\/\/sites.uel.br\/pdi\/wp-json\/wp\/v2\/comments?post=1633"}],"version-history":[{"count":1,"href":"https:\/\/sites.uel.br\/pdi\/wp-json\/wp\/v2\/pages\/1633\/revisions"}],"predecessor-version":[{"id":1634,"href":"https:\/\/sites.uel.br\/pdi\/wp-json\/wp\/v2\/pages\/1633\/revisions\/1634"}],"wp:attachment":[{"href":"https:\/\/sites.uel.br\/pdi\/wp-json\/wp\/v2\/media?parent=1633"}],"curies":[{"name":"wp","href":"https:\/\/api.w.org\/{rel}","templated":true}]}}

<p class="has-white-color has-text-color">.</p>



<p>À Diretoria de Planejamento e Desenvolvimento Administrativo compete:</p>



<ul class="wp-block-list"><li>coordenar ações que visem a definição de políticas e diretrizes voltadas para o melhor atendimento das atividades-fim da Universidade;</li><li>articular e coordenar ações de melhoria de desempenho sistêmico administrativos, construindo e avaliando fluxos organizacionais e informacionais internos;</li><li>avaliar a relação custo-benefício na produção de bens e serviços otimizando a aplicação dos recursos disponíveis;</li><li>propor, em articulação com os órgãos envolvidos, diretrizes e programas que favoreçam a melhoria do desempenho administrativo da Instituição;</li><li>analisar, sob os aspectos econômico e financeiro, a viabilidade de implementação de novos projetos na Instituição, inclusive as iniciativas de captação de recursos;</li><li>elaborar e implementar um sistema de apuração de custos operacionais de produção de produção de bens e serviços na Universidade, bem como do custo-aluno;</li><li>elaborar, organizar e revisar instrumentos executivos da Universidade, normativos e complementares;</li><li>diagnosticar, desenvolver e atualizar os processos organizacionais;</li><li>manter as ações articuladas com a área da Tecnologia da Informação, visando a melhoria e aprimoramento de sistemas informatizados da Instituição;</li><li>propor, juntamente com a PRORH, alterações no Regulamento de Pessoal e no Plano de Cargos, Salários e Carreira, do pessoal técnico-administrativo e docente;</li><li>emitir parecer sobre assuntos de ordem administrativa, afim de subsidiar as decisões institucionais;</li><li>estabelecer, juntamente com órgãos envolvidos, um plano de substituição das máquinas e equipamentos obsoletos e/ou sucateados, definindo propriedades e assegurando um padrão tecnológico;</li><li>instruir processos para tramitação de propostas com vistas a celebração de convênios e efetuar o registro, controle e acompanhamento dos convênios da Instituição;</li><li>elaborar e analisar propostas e minutas de convênios.</li></ul>

<p>. À Diretoria de Planejamento e Desenvolvimento Administrativo compete: coordenar ações que visem a definição de políticas e diretrizes voltadas para o melhor atendimento das atividades-fim da Universidade; articular e coordenar ações de melhoria de desempenho sistêmico administrativos, construindo e avaliando fluxos organizacionais e informacionais internos; avaliar a relação custo-benefício na produção de bens e [&hellip;]</p>
