{"id":1597,"date":"2022-10-20T11:19:38","date_gmt":"2022-10-20T14:19:38","guid":{"rendered":"https:\/\/sites.uel.br\/pdi\/?page_id=1597"},"modified":"2022-10-20T11:44:29","modified_gmt":"2022-10-20T14:44:29","slug":"proex-diretoria-de-programas-projetos-e-iniciacao-extensionista","status":"publish","type":"page","link":"https:\/\/sites.uel.br\/pdi\/proex-diretoria-de-programas-projetos-e-iniciacao-extensionista\/","title":{"rendered":"PROEX &#8211; Diretoria de Programas, Projetos e Inicia\u00e7\u00e3o Extensionista"},"content":{"rendered":"\n<p class=\"has-white-color has-text-color\">.<\/p>\n\n\n\n<p>\u00c0 Diretoria de Programas, Projetos e Inicia\u00e7\u00e3o Extensionista compete:<\/p>\n\n\n\n<ul class=\"wp-block-list\"><li>assessorar a elabora\u00e7\u00e3o de programas e projetos;<\/li><li>compatibilizar e integrar as diferentes propostas de programas e projetos, em n\u00edvel institucional, local, regional, nacional e internacional;<\/li><li>coordenar comit\u00ea de inicia\u00e7\u00e3o extensionista no \u00e2mbito da institui\u00e7\u00e3o;<\/li><li>coordenar o tr\u00e2mite de propostas de programas, projetos e inicia\u00e7\u00e3o extensionista, por meio de sistema virtual, para an\u00e1lise e aprova\u00e7\u00e3o pelas inst\u00e2ncias competentes;<\/li><li>recepcionar, encaminhar e acompanhar a tramita\u00e7\u00e3o dos relat\u00f3rios dos programas, projetos e inicia\u00e7\u00f5es extensionistas;<\/li><li>coordenar o registro de informa\u00e7\u00f5es no cadastro de programas e projetos de inicia\u00e7\u00e3o extensionista, mantendo-o atualizado;<\/li><li>articular-se com os docentes supervisores de programas e projetos na promo\u00e7\u00e3o da integra\u00e7\u00e3o das a\u00e7\u00f5es planejadas por meio de \u00e1reas tem\u00e1ticas;<\/li><li>subsidiar os \u00f3rg\u00e3os interessados fornecendo informa\u00e7\u00f5es sobre as atividades de extens\u00e3o cadastrados;<\/li><li>coordenar as a\u00e7\u00f5es de controle dos recursos financeiros liberados para os programas e projetos, inclusive bolsas aos acad\u00eamicos e docentes;<\/li><li>apoiar administrativamente a execu\u00e7\u00e3o dos programas e projetos;<\/li><li>gerenciar as atividades de forma\u00e7\u00e3o continuada de professores e outros profissionais;<\/li><li>apoiar as atividades de presta\u00e7\u00e3o de servi\u00e7o e de programas de atendimento \u00e0 sociedade;<\/li><li>coordenar atividades de apoio referentes \u00e0 participa\u00e7\u00e3o acad\u00eamica em programas e projetos cadastrados;<\/li><li>manter registro e controle dos acad\u00eamicos envolvidos em programas e projetos, bem como da expedi\u00e7\u00e3o de certificados;<\/li><li>acompanhar e apoiar a proposi\u00e7\u00e3o de conv\u00eanios e outros instrumentos afins, com entidades particulares e p\u00fablicas, nacionais e interacionais, com o objetivo de viabilizar os programas e projetos cadastrados;<\/li><li>assessorar a busca de recursos financeiros para as atividades extensionistas e promover o gerenciamento dos recursos captados;<\/li><li>propor diretrizes e altera\u00e7\u00f5es que busquem a melhoria das atividades sob sua responsabilidade;<\/li><li>elaborar, com a participa\u00e7\u00e3o das demais unidades da Pr\u00f3-Reitoria, o relat\u00f3rio geral de cada exerc\u00edcio;<\/li><li>elaborar a pauta da C\u00e2mara de Extens\u00e3o do Conselho de Ensino, Pesquisa e Extens\u00e3o;<\/li><li>planejar as a\u00e7\u00f5es extensionistas em rela\u00e7\u00e3o \u00e0 sociedade;<\/li><li>emitir certifica\u00e7\u00e3o de projetos e programas de extens\u00e3o;<\/li><li>assessorar a C\u00e2mara de Extens\u00e3o do Conselho de Ensino, Pesquisa e Extens\u00e3o, na an\u00e1lise de mat\u00e9rias submetidas \u00e0 aprecia\u00e7\u00e3o da mesma;<\/li><li>assessorar o Pr\u00f3-Reitor nos assuntos de sua compet\u00eancia.<\/li><\/ul>\n","protected":false},"excerpt":{"rendered":"<p>. \u00c0 Diretoria de Programas, Projetos e Inicia\u00e7\u00e3o Extensionista compete: assessorar a elabora\u00e7\u00e3o de programas e projetos; compatibilizar e integrar as diferentes propostas de programas e projetos, em n\u00edvel institucional, local, regional, nacional e internacional; coordenar comit\u00ea de inicia\u00e7\u00e3o extensionista no \u00e2mbito da institui\u00e7\u00e3o; coordenar o tr\u00e2mite de propostas de programas, projetos e inicia\u00e7\u00e3o extensionista, [&hellip;]<\/p>\n","protected":false},"author":8,"featured_media":0,"parent":0,"menu_order":0,"comment_status":"closed","ping_status":"closed","template":"","meta":{"footnotes":""},"class_list":["post-1597","page","type-page","status-publish","hentry"],"acf":[],"_links":{"self":[{"href":"https:\/\/sites.uel.br\/pdi\/wp-json\/wp\/v2\/pages\/1597","targetHints":{"allow":["GET"]}}],"collection":[{"href":"https:\/\/sites.uel.br\/pdi\/wp-json\/wp\/v2\/pages"}],"about":[{"href":"https:\/\/sites.uel.br\/pdi\/wp-json\/wp\/v2\/types\/page"}],"author":[{"embeddable":true,"href":"https:\/\/sites.uel.br\/pdi\/wp-json\/wp\/v2\/users\/8"}],"replies":[{"embeddable":true,"href":"https:\/\/sites.uel.br\/pdi\/wp-json\/wp\/v2\/comments?post=1597"}],"version-history":[{"count":2,"href":"https:\/\/sites.uel.br\/pdi\/wp-json\/wp\/v2\/pages\/1597\/revisions"}],"predecessor-version":[{"id":1604,"href":"https:\/\/sites.uel.br\/pdi\/wp-json\/wp\/v2\/pages\/1597\/revisions\/1604"}],"wp:attachment":[{"href":"https:\/\/sites.uel.br\/pdi\/wp-json\/wp\/v2\/media?parent=1597"}],"curies":[{"name":"wp","href":"https:\/\/api.w.org\/{rel}","templated":true}]}}

PROEX &#8211; Diretoria de Programas, Projetos e Iniciação Extensionista

<p class="has-white-color has-text-color">.</p>



<p>À Diretoria de Programas, Projetos e Iniciação Extensionista compete:</p>



<ul class="wp-block-list"><li>assessorar a elaboração de programas e projetos;</li><li>compatibilizar e integrar as diferentes propostas de programas e projetos, em nível institucional, local, regional, nacional e internacional;</li><li>coordenar comitê de iniciação extensionista no âmbito da instituição;</li><li>coordenar o trâmite de propostas de programas, projetos e iniciação extensionista, por meio de sistema virtual, para análise e aprovação pelas instâncias competentes;</li><li>recepcionar, encaminhar e acompanhar a tramitação dos relatórios dos programas, projetos e iniciações extensionistas;</li><li>coordenar o registro de informações no cadastro de programas e projetos de iniciação extensionista, mantendo-o atualizado;</li><li>articular-se com os docentes supervisores de programas e projetos na promoção da integração das ações planejadas por meio de áreas temáticas;</li><li>subsidiar os órgãos interessados fornecendo informações sobre as atividades de extensão cadastrados;</li><li>coordenar as ações de controle dos recursos financeiros liberados para os programas e projetos, inclusive bolsas aos acadêmicos e docentes;</li><li>apoiar administrativamente a execução dos programas e projetos;</li><li>gerenciar as atividades de formação continuada de professores e outros profissionais;</li><li>apoiar as atividades de prestação de serviço e de programas de atendimento à sociedade;</li><li>coordenar atividades de apoio referentes à participação acadêmica em programas e projetos cadastrados;</li><li>manter registro e controle dos acadêmicos envolvidos em programas e projetos, bem como da expedição de certificados;</li><li>acompanhar e apoiar a proposição de convênios e outros instrumentos afins, com entidades particulares e públicas, nacionais e interacionais, com o objetivo de viabilizar os programas e projetos cadastrados;</li><li>assessorar a busca de recursos financeiros para as atividades extensionistas e promover o gerenciamento dos recursos captados;</li><li>propor diretrizes e alterações que busquem a melhoria das atividades sob sua responsabilidade;</li><li>elaborar, com a participação das demais unidades da Pró-Reitoria, o relatório geral de cada exercício;</li><li>elaborar a pauta da Câmara de Extensão do Conselho de Ensino, Pesquisa e Extensão;</li><li>planejar as ações extensionistas em relação à sociedade;</li><li>emitir certificação de projetos e programas de extensão;</li><li>assessorar a Câmara de Extensão do Conselho de Ensino, Pesquisa e Extensão, na análise de matérias submetidas à apreciação da mesma;</li><li>assessorar o Pró-Reitor nos assuntos de sua competência.</li></ul>

<p>. À Diretoria de Programas, Projetos e Iniciação Extensionista compete: assessorar a elaboração de programas e projetos; compatibilizar e integrar as diferentes propostas de programas e projetos, em nível institucional, local, regional, nacional e internacional; coordenar comitê de iniciação extensionista no âmbito da instituição; coordenar o trâmite de propostas de programas, projetos e iniciação extensionista, [&hellip;]</p>
