{"id":1589,"date":"2022-10-19T17:08:03","date_gmt":"2022-10-19T20:08:03","guid":{"rendered":"https:\/\/sites.uel.br\/pdi\/?page_id=1589"},"modified":"2022-10-19T17:08:03","modified_gmt":"2022-10-19T20:08:03","slug":"proppg-diretoria-de-pesquisa","status":"publish","type":"page","link":"https:\/\/sites.uel.br\/pdi\/proppg-diretoria-de-pesquisa\/","title":{"rendered":"PROPPG &#8211; Diretoria de Pesquisa"},"content":{"rendered":"\n<p class=\"has-white-color has-text-color\">.<\/p>\n\n\n\n<p>\u00c0 Diretoria de Pesquisa compete:<\/p>\n\n\n\n<ul class=\"wp-block-list\"><li>realizar o acompanhamento dos projetos de pesquisa em execu\u00e7\u00e3o;<\/li><li>cadastrar e manter atualizadas as informa\u00e7\u00f5es referentes \u00e0s pesquisas realizadas pelos departamentos e docentes da Universidade;<\/li><li>elaborar relat\u00f3rios para a divulga\u00e7\u00e3o dos resultados de pesquisas e trabalhos desenvolvidos pelos docentes;<\/li><li>incentivar a pesquisa vinculada aos cursos de p\u00f3s-gradua\u00e7\u00e3o;<\/li><li>elaborar projetos institucionais que visem melhoria da infraestrutura de pesquisa de car\u00e1ter multiusu\u00e1rio;<\/li><li>elaborar projetos institucionais para a obten\u00e7\u00e3o de bolsas de inicia\u00e7\u00e3o cient\u00edfica, bolsas de inicia\u00e7\u00e3o tecnol\u00f3gica e inova\u00e7\u00e3o, e bolsas de apoio t\u00e9cnico;<\/li><li>administrar a distribui\u00e7\u00e3o de bolsas de inicia\u00e7\u00e3o cient\u00edfica e tecnol\u00f3gica em conjunto com os Comit\u00eas de Programa de Inicia\u00e7\u00e3o Cient\u00edfica (PROIC) e de Programa de Inicia\u00e7\u00e3o em Desenvolvimento Tecnol\u00f3gico e Inova\u00e7\u00e3o (PROITI);<\/li><li>administrar o Escrit\u00f3rio de Apoio ao Pesquisador \u2013 EAPq, que tem como objetivos principais:<\/li><li>estabelecer um canal de acesso aos docentes pesquisadores da UEL para facilitar a divulga\u00e7\u00e3o de editais de pesquisa de ag\u00eancias de fomento;<\/li><li>auxiliar interessados na elabora\u00e7\u00e3o e submiss\u00e3o de propostas para editais, bem como orient\u00e1-los e auxili\u00e1-los no esclarecimento de d\u00favidas ao longo do processo de execu\u00e7\u00e3o das propostas.<\/li><li>assessorar o Grupo Gestor do Fundo de Apoio ao Ensino, \u00e0 Pesquisa e \u00e0 Extens\u00e3o (FAEPE\/UEL) na sele\u00e7\u00e3o dos projetos a serem beneficiados pelo Fundo;<\/li><li>apoiar administrativamente a edi\u00e7\u00e3o das revistas Semina Ci\u00eancias Agr\u00e1rias, Semina Ci\u00eancias Biol\u00f3gicas e da Sa\u00fade, Semina Ci\u00eancias Sociais e Humanas, Semina Ci\u00eancias Exatas e Tecnol\u00f3gicas;<\/li><li>acompanhar e executar os recursos financeiros destinados \u00e0 pesquisa;<\/li><li>assessorar o Pr\u00f3-Reitor em assuntos de sua compet\u00eancia.<\/li><\/ul>\n","protected":false},"excerpt":{"rendered":"<p>. \u00c0 Diretoria de Pesquisa compete: realizar o acompanhamento dos projetos de pesquisa em execu\u00e7\u00e3o; cadastrar e manter atualizadas as informa\u00e7\u00f5es referentes \u00e0s pesquisas realizadas pelos departamentos e docentes da Universidade; elaborar relat\u00f3rios para a divulga\u00e7\u00e3o dos resultados de pesquisas e trabalhos desenvolvidos pelos docentes; incentivar a pesquisa vinculada aos cursos de p\u00f3s-gradua\u00e7\u00e3o; elaborar projetos [&hellip;]<\/p>\n","protected":false},"author":8,"featured_media":0,"parent":0,"menu_order":0,"comment_status":"closed","ping_status":"closed","template":"","meta":{"footnotes":""},"class_list":["post-1589","page","type-page","status-publish","hentry"],"acf":[],"_links":{"self":[{"href":"https:\/\/sites.uel.br\/pdi\/wp-json\/wp\/v2\/pages\/1589","targetHints":{"allow":["GET"]}}],"collection":[{"href":"https:\/\/sites.uel.br\/pdi\/wp-json\/wp\/v2\/pages"}],"about":[{"href":"https:\/\/sites.uel.br\/pdi\/wp-json\/wp\/v2\/types\/page"}],"author":[{"embeddable":true,"href":"https:\/\/sites.uel.br\/pdi\/wp-json\/wp\/v2\/users\/8"}],"replies":[{"embeddable":true,"href":"https:\/\/sites.uel.br\/pdi\/wp-json\/wp\/v2\/comments?post=1589"}],"version-history":[{"count":1,"href":"https:\/\/sites.uel.br\/pdi\/wp-json\/wp\/v2\/pages\/1589\/revisions"}],"predecessor-version":[{"id":1591,"href":"https:\/\/sites.uel.br\/pdi\/wp-json\/wp\/v2\/pages\/1589\/revisions\/1591"}],"wp:attachment":[{"href":"https:\/\/sites.uel.br\/pdi\/wp-json\/wp\/v2\/media?parent=1589"}],"curies":[{"name":"wp","href":"https:\/\/api.w.org\/{rel}","templated":true}]}}

<p class="has-white-color has-text-color">.</p>



<p>À Diretoria de Pesquisa compete:</p>



<ul class="wp-block-list"><li>realizar o acompanhamento dos projetos de pesquisa em execução;</li><li>cadastrar e manter atualizadas as informações referentes às pesquisas realizadas pelos departamentos e docentes da Universidade;</li><li>elaborar relatórios para a divulgação dos resultados de pesquisas e trabalhos desenvolvidos pelos docentes;</li><li>incentivar a pesquisa vinculada aos cursos de pós-graduação;</li><li>elaborar projetos institucionais que visem melhoria da infraestrutura de pesquisa de caráter multiusuário;</li><li>elaborar projetos institucionais para a obtenção de bolsas de iniciação científica, bolsas de iniciação tecnológica e inovação, e bolsas de apoio técnico;</li><li>administrar a distribuição de bolsas de iniciação científica e tecnológica em conjunto com os Comitês de Programa de Iniciação Científica (PROIC) e de Programa de Iniciação em Desenvolvimento Tecnológico e Inovação (PROITI);</li><li>administrar o Escritório de Apoio ao Pesquisador – EAPq, que tem como objetivos principais:</li><li>estabelecer um canal de acesso aos docentes pesquisadores da UEL para facilitar a divulgação de editais de pesquisa de agências de fomento;</li><li>auxiliar interessados na elaboração e submissão de propostas para editais, bem como orientá-los e auxiliá-los no esclarecimento de dúvidas ao longo do processo de execução das propostas.</li><li>assessorar o Grupo Gestor do Fundo de Apoio ao Ensino, à Pesquisa e à Extensão (FAEPE/UEL) na seleção dos projetos a serem beneficiados pelo Fundo;</li><li>apoiar administrativamente a edição das revistas Semina Ciências Agrárias, Semina Ciências Biológicas e da Saúde, Semina Ciências Sociais e Humanas, Semina Ciências Exatas e Tecnológicas;</li><li>acompanhar e executar os recursos financeiros destinados à pesquisa;</li><li>assessorar o Pró-Reitor em assuntos de sua competência.</li></ul>

<p>. À Diretoria de Pesquisa compete: realizar o acompanhamento dos projetos de pesquisa em execução; cadastrar e manter atualizadas as informações referentes às pesquisas realizadas pelos departamentos e docentes da Universidade; elaborar relatórios para a divulgação dos resultados de pesquisas e trabalhos desenvolvidos pelos docentes; incentivar a pesquisa vinculada aos cursos de pós-graduação; elaborar projetos [&hellip;]</p>
