{"id":1582,"date":"2022-10-19T16:22:11","date_gmt":"2022-10-19T19:22:11","guid":{"rendered":"https:\/\/sites.uel.br\/pdi\/?page_id=1582"},"modified":"2022-10-19T16:22:11","modified_gmt":"2022-10-19T19:22:11","slug":"prograd-secretaria-2","status":"publish","type":"page","link":"https:\/\/sites.uel.br\/pdi\/prograd-secretaria-2\/","title":{"rendered":"PROGRAD &#8211; Secretaria"},"content":{"rendered":"\n<p class=\"has-white-color has-text-color\">.<\/p>\n\n\n\n<p>\u00c0 Secretaria compete:<\/p>\n\n\n\n<ul class=\"wp-block-list\"><li>responder pelo expediente geral;<\/li><li>instruir e preparar todos os processos destinados para despacho com o Pr\u00f3-Reitor;<\/li><li>organizar mensalmente a pauta da C\u00e2mara de Gradua\u00e7\u00e3o;<\/li><li>atender, receber e controlar o servi\u00e7o telef\u00f4nico de interurbanos, fazendo os encaminhamentos necess\u00e1rios;<\/li><li>expedir e fazer cumprir as determina\u00e7\u00f5es e ordens de servi\u00e7os da Pr\u00f3-Reitoria;<\/li><li>manter o entrosamento com todas as unidades da Institui\u00e7\u00e3o, a fim de atingir os objetivos institucionais;<\/li><li>organizar, de acordo com o Pr\u00f3-Reitor, a agenda de atividades do mesmo;<\/li><li>redigir correspond\u00eancias e documentos, quando solicitado pelo Pr\u00f3-Reitor, tais como: of\u00edcios, memorandos, convoca\u00e7\u00f5es;<\/li><li>dar ci\u00eancia \u00e0s partes interessadas, das decis\u00f5es do Pr\u00f3-Reitor;<\/li><li>articular-se com as Diretorias, Divis\u00f5es e Setores da PROGRAD em assuntos pertinentes;<\/li><li>assessorar os Programas de Apoio ao Ensino na Gradua\u00e7\u00e3o.<\/li><\/ul>\n","protected":false},"excerpt":{"rendered":"<p>. \u00c0 Secretaria compete: responder pelo expediente geral; instruir e preparar todos os processos destinados para despacho com o Pr\u00f3-Reitor; organizar mensalmente a pauta da C\u00e2mara de Gradua\u00e7\u00e3o; atender, receber e controlar o servi\u00e7o telef\u00f4nico de interurbanos, fazendo os encaminhamentos necess\u00e1rios; expedir e fazer cumprir as determina\u00e7\u00f5es e ordens de servi\u00e7os da Pr\u00f3-Reitoria; manter o [&hellip;]<\/p>\n","protected":false},"author":8,"featured_media":0,"parent":0,"menu_order":0,"comment_status":"closed","ping_status":"closed","template":"","meta":{"footnotes":""},"class_list":["post-1582","page","type-page","status-publish","hentry"],"acf":[],"_links":{"self":[{"href":"https:\/\/sites.uel.br\/pdi\/wp-json\/wp\/v2\/pages\/1582","targetHints":{"allow":["GET"]}}],"collection":[{"href":"https:\/\/sites.uel.br\/pdi\/wp-json\/wp\/v2\/pages"}],"about":[{"href":"https:\/\/sites.uel.br\/pdi\/wp-json\/wp\/v2\/types\/page"}],"author":[{"embeddable":true,"href":"https:\/\/sites.uel.br\/pdi\/wp-json\/wp\/v2\/users\/8"}],"replies":[{"embeddable":true,"href":"https:\/\/sites.uel.br\/pdi\/wp-json\/wp\/v2\/comments?post=1582"}],"version-history":[{"count":1,"href":"https:\/\/sites.uel.br\/pdi\/wp-json\/wp\/v2\/pages\/1582\/revisions"}],"predecessor-version":[{"id":1583,"href":"https:\/\/sites.uel.br\/pdi\/wp-json\/wp\/v2\/pages\/1582\/revisions\/1583"}],"wp:attachment":[{"href":"https:\/\/sites.uel.br\/pdi\/wp-json\/wp\/v2\/media?parent=1582"}],"curies":[{"name":"wp","href":"https:\/\/api.w.org\/{rel}","templated":true}]}}

<p class="has-white-color has-text-color">.</p>



<p>À Secretaria compete:</p>



<ul class="wp-block-list"><li>responder pelo expediente geral;</li><li>instruir e preparar todos os processos destinados para despacho com o Pró-Reitor;</li><li>organizar mensalmente a pauta da Câmara de Graduação;</li><li>atender, receber e controlar o serviço telefônico de interurbanos, fazendo os encaminhamentos necessários;</li><li>expedir e fazer cumprir as determinações e ordens de serviços da Pró-Reitoria;</li><li>manter o entrosamento com todas as unidades da Instituição, a fim de atingir os objetivos institucionais;</li><li>organizar, de acordo com o Pró-Reitor, a agenda de atividades do mesmo;</li><li>redigir correspondências e documentos, quando solicitado pelo Pró-Reitor, tais como: ofícios, memorandos, convocações;</li><li>dar ciência às partes interessadas, das decisões do Pró-Reitor;</li><li>articular-se com as Diretorias, Divisões e Setores da PROGRAD em assuntos pertinentes;</li><li>assessorar os Programas de Apoio ao Ensino na Graduação.</li></ul>

<p>. À Secretaria compete: responder pelo expediente geral; instruir e preparar todos os processos destinados para despacho com o Pró-Reitor; organizar mensalmente a pauta da Câmara de Graduação; atender, receber e controlar o serviço telefônico de interurbanos, fazendo os encaminhamentos necessários; expedir e fazer cumprir as determinações e ordens de serviços da Pró-Reitoria; manter o [&hellip;]</p>
