{"id":1580,"date":"2022-10-19T16:16:37","date_gmt":"2022-10-19T19:16:37","guid":{"rendered":"https:\/\/sites.uel.br\/pdi\/?page_id=1580"},"modified":"2022-10-19T16:16:37","modified_gmt":"2022-10-19T19:16:37","slug":"prograd-diretoria-de-assuntos-academicos","status":"publish","type":"page","link":"https:\/\/sites.uel.br\/pdi\/prograd-diretoria-de-assuntos-academicos\/","title":{"rendered":"PROGRAD &#8211; Diretoria de Assuntos Acad\u00eamicos"},"content":{"rendered":"\n<p class=\"has-white-color has-text-color\">.<\/p>\n\n\n\n<p>\u00c0 Diretoria de Assuntos Acad\u00eamicos compete:<\/p>\n\n\n\n<ul class=\"wp-block-list\"><li>planejar suas atividades anualmente;<\/li><li>coordenar as fases do processo acad\u00eamico, desde o registro inicial do discente na Institui\u00e7\u00e3o at\u00e9 a emiss\u00e3o do diploma;<\/li><li>coordenar a implanta\u00e7\u00e3o, altera\u00e7\u00f5es e atualiza\u00e7\u00f5es, do sistema acad\u00eamico e do calend\u00e1rio acad\u00eamico de gradua\u00e7\u00e3o;<\/li><li>manter parceria com a Assessoria de Tecnologia de Informa\u00e7\u00e3o na atualiza\u00e7\u00e3o e manuten\u00e7\u00e3o do sistema acad\u00eamico;<\/li><li>disponibilizar \u00e0s inst\u00e2ncias da UEL, quando solicitado, dados necess\u00e1rios para a elabora\u00e7\u00e3o de outras informa\u00e7\u00f5es e estat\u00edsticas sobre discentes e atividades acad\u00eamicas;<\/li><li>operacionalizar, em conjunto com a Coordenadoria de Processos Seletivos \u2013 COPS e a PROPLAN, os processos de sele\u00e7\u00e3o e admiss\u00e3o aos cursos de gradua\u00e7\u00e3o;<\/li><li>expedir documentos acad\u00eamicos quando requeridos pelos estudantes;<\/li><li>coordenar as atividades referentes ao registro de diplomas da Universidade e de outras Institui\u00e7\u00f5es de Ensino Superior conveniada;<\/li><li>expedir hist\u00f3ricos escolares de sua compet\u00eancia ao t\u00e9rmino de cada per\u00edodo letivo;<\/li><li>encaminhar, quando necess\u00e1rio, aos \u00f3rg\u00e3os competentes de verifica\u00e7\u00e3o, a documenta\u00e7\u00e3o escolar referente ao ensino m\u00e9dio, dos estudantes de gradua\u00e7\u00e3o;<\/li><li>articular-se com a Diretoria de Apoio \u00e0 A\u00e7\u00e3o Pedag\u00f3gica para a consecu\u00e7\u00e3o de projetos comuns;<\/li><li>providenciar a guarda e a conserva\u00e7\u00e3o dos documentos acad\u00eamicos;<\/li><li>compatibilizar os programas de trabalho com os recursos financeiros dispon\u00edveis na PROGRAD;<\/li><li>prestar assessoramento or\u00e7ament\u00e1rio e financeiro a PROGRAD;<\/li><li>prestar atendimento \u00e0 comunidade universit\u00e1ria;<\/li><li>coordenar a atualiza\u00e7\u00e3o da p\u00e1gina da PROGRAD;<\/li><li>atuar na avalia\u00e7\u00e3o do sistema de cotas da UEL e atuar no processo de homologa\u00e7\u00e3o de matr\u00edculas por cotas;<\/li><li>coordenar o processo de revalida\u00e7\u00e3o de diplomas de gradua\u00e7\u00e3o estrangeiros segundo normas e procedimentos nacionais vigentes;<\/li><li>assessorar o Pr\u00f3-Reitor em assuntos de sua compet\u00eancia.<\/li><\/ul>\n","protected":false},"excerpt":{"rendered":"<p>. \u00c0 Diretoria de Assuntos Acad\u00eamicos compete: planejar suas atividades anualmente; coordenar as fases do processo acad\u00eamico, desde o registro inicial do discente na Institui\u00e7\u00e3o at\u00e9 a emiss\u00e3o do diploma; coordenar a implanta\u00e7\u00e3o, altera\u00e7\u00f5es e atualiza\u00e7\u00f5es, do sistema acad\u00eamico e do calend\u00e1rio acad\u00eamico de gradua\u00e7\u00e3o; manter parceria com a Assessoria de Tecnologia de Informa\u00e7\u00e3o na [&hellip;]<\/p>\n","protected":false},"author":8,"featured_media":0,"parent":0,"menu_order":0,"comment_status":"closed","ping_status":"closed","template":"","meta":{"footnotes":""},"class_list":["post-1580","page","type-page","status-publish","hentry"],"acf":[],"_links":{"self":[{"href":"https:\/\/sites.uel.br\/pdi\/wp-json\/wp\/v2\/pages\/1580","targetHints":{"allow":["GET"]}}],"collection":[{"href":"https:\/\/sites.uel.br\/pdi\/wp-json\/wp\/v2\/pages"}],"about":[{"href":"https:\/\/sites.uel.br\/pdi\/wp-json\/wp\/v2\/types\/page"}],"author":[{"embeddable":true,"href":"https:\/\/sites.uel.br\/pdi\/wp-json\/wp\/v2\/users\/8"}],"replies":[{"embeddable":true,"href":"https:\/\/sites.uel.br\/pdi\/wp-json\/wp\/v2\/comments?post=1580"}],"version-history":[{"count":1,"href":"https:\/\/sites.uel.br\/pdi\/wp-json\/wp\/v2\/pages\/1580\/revisions"}],"predecessor-version":[{"id":1581,"href":"https:\/\/sites.uel.br\/pdi\/wp-json\/wp\/v2\/pages\/1580\/revisions\/1581"}],"wp:attachment":[{"href":"https:\/\/sites.uel.br\/pdi\/wp-json\/wp\/v2\/media?parent=1580"}],"curies":[{"name":"wp","href":"https:\/\/api.w.org\/{rel}","templated":true}]}}

PROGRAD &#8211; Diretoria de Assuntos Acadêmicos

<p class="has-white-color has-text-color">.</p>



<p>À Diretoria de Assuntos Acadêmicos compete:</p>



<ul class="wp-block-list"><li>planejar suas atividades anualmente;</li><li>coordenar as fases do processo acadêmico, desde o registro inicial do discente na Instituição até a emissão do diploma;</li><li>coordenar a implantação, alterações e atualizações, do sistema acadêmico e do calendário acadêmico de graduação;</li><li>manter parceria com a Assessoria de Tecnologia de Informação na atualização e manutenção do sistema acadêmico;</li><li>disponibilizar às instâncias da UEL, quando solicitado, dados necessários para a elaboração de outras informações e estatísticas sobre discentes e atividades acadêmicas;</li><li>operacionalizar, em conjunto com a Coordenadoria de Processos Seletivos – COPS e a PROPLAN, os processos de seleção e admissão aos cursos de graduação;</li><li>expedir documentos acadêmicos quando requeridos pelos estudantes;</li><li>coordenar as atividades referentes ao registro de diplomas da Universidade e de outras Instituições de Ensino Superior conveniada;</li><li>expedir históricos escolares de sua competência ao término de cada período letivo;</li><li>encaminhar, quando necessário, aos órgãos competentes de verificação, a documentação escolar referente ao ensino médio, dos estudantes de graduação;</li><li>articular-se com a Diretoria de Apoio à Ação Pedagógica para a consecução de projetos comuns;</li><li>providenciar a guarda e a conservação dos documentos acadêmicos;</li><li>compatibilizar os programas de trabalho com os recursos financeiros disponíveis na PROGRAD;</li><li>prestar assessoramento orçamentário e financeiro a PROGRAD;</li><li>prestar atendimento à comunidade universitária;</li><li>coordenar a atualização da página da PROGRAD;</li><li>atuar na avaliação do sistema de cotas da UEL e atuar no processo de homologação de matrículas por cotas;</li><li>coordenar o processo de revalidação de diplomas de graduação estrangeiros segundo normas e procedimentos nacionais vigentes;</li><li>assessorar o Pró-Reitor em assuntos de sua competência.</li></ul>

<p>. À Diretoria de Assuntos Acadêmicos compete: planejar suas atividades anualmente; coordenar as fases do processo acadêmico, desde o registro inicial do discente na Instituição até a emissão do diploma; coordenar a implantação, alterações e atualizações, do sistema acadêmico e do calendário acadêmico de graduação; manter parceria com a Assessoria de Tecnologia de Informação na [&hellip;]</p>
