{"id":1577,"date":"2022-10-19T16:15:37","date_gmt":"2022-10-19T19:15:37","guid":{"rendered":"https:\/\/sites.uel.br\/pdi\/?page_id=1577"},"modified":"2022-11-10T16:45:25","modified_gmt":"2022-11-10T19:45:25","slug":"prograd-diretoria-de-apoio-a-acao-pedagogica","status":"publish","type":"page","link":"https:\/\/sites.uel.br\/pdi\/prograd-diretoria-de-apoio-a-acao-pedagogica\/","title":{"rendered":"PROGRAD &#8211; Diretoria de Apoio \u00e0 A\u00e7\u00e3o Pedag\u00f3gica"},"content":{"rendered":"\n<p class=\"has-white-color has-text-color\">.<\/p>\n\n\n\n<p>\u00c0 Diretoria de Apoio \u00e0 A\u00e7\u00e3o Pedag\u00f3gica compete:<\/p>\n\n\n\n<ul class=\"wp-block-list\">\n<li>planejar suas atividades anualmente;<\/li>\n\n\n\n<li>discutir e implementar a\u00e7\u00f5es afirmativas nos cursos de gradua\u00e7\u00e3o da Universidade;<\/li>\n\n\n\n<li>prestar suporte aos Colegiados de Curso para o bom andamento das atividades did\u00e1ticas e cumprimento das pol\u00edticas de ensino estabelecidas pelos Conselhos Superiores;<\/li>\n\n\n\n<li>implantar e manter atualizado sistema informatizado de arquivo de programas de atividades acad\u00eamicas;<\/li>\n\n\n\n<li>supervisionar o acompanhamento de alunos com necessidades educacionais especiais;<\/li>\n\n\n\n<li>prestar suporte e acompanhar as atividades acad\u00eamicas: monitoria, est\u00e1gio curricular obrigat\u00f3rio, est\u00e1gio curricular n\u00e3o obrigat\u00f3rio e interc\u00e2mbios;<\/li>\n\n\n\n<li>prestar suporte aos Coordenadores de Colegiado nos assuntos relacionados aos Projetos Pedag\u00f3gicos dos Cursos de Gradua\u00e7\u00e3o tanto na adequa\u00e7\u00e3o e reformula\u00e7\u00e3o como na cria\u00e7\u00e3o de novos Projetos;<\/li>\n\n\n\n<li>orientar, instruir, organizar e acompanhar os processos de reconhecimento e de renova\u00e7\u00e3o de reconhecimento de cursos de gradua\u00e7\u00e3o;<\/li>\n\n\n\n<li>acompanhar o desenvolvimento de projetos de pesquisa em ensino e os programas de forma\u00e7\u00e3o complementar;<\/li>\n\n\n\n<li>propor, juntamente com a Assessoria T\u00e9cnica de Legisla\u00e7\u00e3o, minutas de Resolu\u00e7\u00f5es referentes aos assuntos de sua compet\u00eancia;<\/li>\n\n\n\n<li>dar suporte aos N\u00facleos Docentes Estruturantes (NDE) dos cursos de gradua\u00e7\u00e3o;<\/li>\n\n\n\n<li>articular-se com a Diretoria de Assuntos Acad\u00eamicos na consecu\u00e7\u00e3o de projetos comuns;<\/li>\n\n\n\n<li>fomentar e acompanhar os Programas de Apoio ao Ensino na Gradua\u00e7\u00e3o;<\/li>\n\n\n\n<li>assessorar o Pr\u00f3-Reitor em assuntos de sua compet\u00eancia.<\/li>\n<\/ul>\n","protected":false},"excerpt":{"rendered":"<p>. \u00c0 Diretoria de Apoio \u00e0 A\u00e7\u00e3o Pedag\u00f3gica compete:<\/p>\n","protected":false},"author":8,"featured_media":0,"parent":0,"menu_order":0,"comment_status":"closed","ping_status":"closed","template":"","meta":{"footnotes":""},"class_list":["post-1577","page","type-page","status-publish","hentry"],"acf":[],"_links":{"self":[{"href":"https:\/\/sites.uel.br\/pdi\/wp-json\/wp\/v2\/pages\/1577","targetHints":{"allow":["GET"]}}],"collection":[{"href":"https:\/\/sites.uel.br\/pdi\/wp-json\/wp\/v2\/pages"}],"about":[{"href":"https:\/\/sites.uel.br\/pdi\/wp-json\/wp\/v2\/types\/page"}],"author":[{"embeddable":true,"href":"https:\/\/sites.uel.br\/pdi\/wp-json\/wp\/v2\/users\/8"}],"replies":[{"embeddable":true,"href":"https:\/\/sites.uel.br\/pdi\/wp-json\/wp\/v2\/comments?post=1577"}],"version-history":[{"count":2,"href":"https:\/\/sites.uel.br\/pdi\/wp-json\/wp\/v2\/pages\/1577\/revisions"}],"predecessor-version":[{"id":2114,"href":"https:\/\/sites.uel.br\/pdi\/wp-json\/wp\/v2\/pages\/1577\/revisions\/2114"}],"wp:attachment":[{"href":"https:\/\/sites.uel.br\/pdi\/wp-json\/wp\/v2\/media?parent=1577"}],"curies":[{"name":"wp","href":"https:\/\/api.w.org\/{rel}","templated":true}]}}

PROGRAD &#8211; Diretoria de Apoio à Ação Pedagógica

<p class="has-white-color has-text-color">.</p>



<p>À Diretoria de Apoio à Ação Pedagógica compete:</p>



<ul class="wp-block-list">
<li>planejar suas atividades anualmente;</li>



<li>discutir e implementar ações afirmativas nos cursos de graduação da Universidade;</li>



<li>prestar suporte aos Colegiados de Curso para o bom andamento das atividades didáticas e cumprimento das políticas de ensino estabelecidas pelos Conselhos Superiores;</li>



<li>implantar e manter atualizado sistema informatizado de arquivo de programas de atividades acadêmicas;</li>



<li>supervisionar o acompanhamento de alunos com necessidades educacionais especiais;</li>



<li>prestar suporte e acompanhar as atividades acadêmicas: monitoria, estágio curricular obrigatório, estágio curricular não obrigatório e intercâmbios;</li>



<li>prestar suporte aos Coordenadores de Colegiado nos assuntos relacionados aos Projetos Pedagógicos dos Cursos de Graduação tanto na adequação e reformulação como na criação de novos Projetos;</li>



<li>orientar, instruir, organizar e acompanhar os processos de reconhecimento e de renovação de reconhecimento de cursos de graduação;</li>



<li>acompanhar o desenvolvimento de projetos de pesquisa em ensino e os programas de formação complementar;</li>



<li>propor, juntamente com a Assessoria Técnica de Legislação, minutas de Resoluções referentes aos assuntos de sua competência;</li>



<li>dar suporte aos Núcleos Docentes Estruturantes (NDE) dos cursos de graduação;</li>



<li>articular-se com a Diretoria de Assuntos Acadêmicos na consecução de projetos comuns;</li>



<li>fomentar e acompanhar os Programas de Apoio ao Ensino na Graduação;</li>



<li>assessorar o Pró-Reitor em assuntos de sua competência.</li>
</ul>

<p>. À Diretoria de Apoio à Ação Pedagógica compete:</p>
