{"id":1558,"date":"2022-10-18T17:22:37","date_gmt":"2022-10-18T20:22:37","guid":{"rendered":"https:\/\/sites.uel.br\/pdi\/?page_id=1558"},"modified":"2022-10-18T17:22:37","modified_gmt":"2022-10-18T20:22:37","slug":"prefeitura","status":"publish","type":"page","link":"https:\/\/sites.uel.br\/pdi\/prefeitura\/","title":{"rendered":"Prefeitura"},"content":{"rendered":"\n<p class=\"has-white-color has-text-color\">.<\/p>\n\n\n\n<p>A Prefeitura do Campus Universit\u00e1rio \u00e9 o \u00f3rg\u00e3o respons\u00e1vel pela fiscaliza\u00e7\u00e3o das obras, pela conserva\u00e7\u00e3o e manuten\u00e7\u00e3o da estrutura f\u00edsica da Universidade, incluindo a programa\u00e7\u00e3o e administra\u00e7\u00e3o das \u00e1reas p\u00fablicas do Campus Universit\u00e1rio.<\/p>\n","protected":false},"excerpt":{"rendered":"<p>. A Prefeitura do Campus Universit\u00e1rio \u00e9 o \u00f3rg\u00e3o respons\u00e1vel pela fiscaliza\u00e7\u00e3o das obras, pela conserva\u00e7\u00e3o e manuten\u00e7\u00e3o da estrutura f\u00edsica da Universidade, incluindo a programa\u00e7\u00e3o e administra\u00e7\u00e3o das \u00e1reas p\u00fablicas do Campus Universit\u00e1rio.<\/p>\n","protected":false},"author":8,"featured_media":0,"parent":0,"menu_order":0,"comment_status":"closed","ping_status":"closed","template":"","meta":{"footnotes":""},"class_list":["post-1558","page","type-page","status-publish","hentry"],"acf":[],"_links":{"self":[{"href":"https:\/\/sites.uel.br\/pdi\/wp-json\/wp\/v2\/pages\/1558","targetHints":{"allow":["GET"]}}],"collection":[{"href":"https:\/\/sites.uel.br\/pdi\/wp-json\/wp\/v2\/pages"}],"about":[{"href":"https:\/\/sites.uel.br\/pdi\/wp-json\/wp\/v2\/types\/page"}],"author":[{"embeddable":true,"href":"https:\/\/sites.uel.br\/pdi\/wp-json\/wp\/v2\/users\/8"}],"replies":[{"embeddable":true,"href":"https:\/\/sites.uel.br\/pdi\/wp-json\/wp\/v2\/comments?post=1558"}],"version-history":[{"count":1,"href":"https:\/\/sites.uel.br\/pdi\/wp-json\/wp\/v2\/pages\/1558\/revisions"}],"predecessor-version":[{"id":1559,"href":"https:\/\/sites.uel.br\/pdi\/wp-json\/wp\/v2\/pages\/1558\/revisions\/1559"}],"wp:attachment":[{"href":"https:\/\/sites.uel.br\/pdi\/wp-json\/wp\/v2\/media?parent=1558"}],"curies":[{"name":"wp","href":"https:\/\/api.w.org\/{rel}","templated":true}]}}

<p class="has-white-color has-text-color">.</p>



<p>A Prefeitura do Campus Universitário é o órgão responsável pela fiscalização das obras, pela conservação e manutenção da estrutura física da Universidade, incluindo a programação e administração das áreas públicas do Campus Universitário.</p>

<p>. A Prefeitura do Campus Universitário é o órgão responsável pela fiscalização das obras, pela conservação e manutenção da estrutura física da Universidade, incluindo a programação e administração das áreas públicas do Campus Universitário.</p>
