{"id":1555,"date":"2022-10-18T17:13:06","date_gmt":"2022-10-18T20:13:06","guid":{"rendered":"https:\/\/sites.uel.br\/pdi\/?page_id=1555"},"modified":"2022-10-20T14:00:38","modified_gmt":"2022-10-20T17:00:38","slug":"pro-reitoria-de-planejamento-proplan","status":"publish","type":"page","link":"https:\/\/sites.uel.br\/pdi\/pro-reitoria-de-planejamento-proplan\/","title":{"rendered":"Pr\u00f3-Reitoria de Planejamento (PROPLAN)"},"content":{"rendered":"\n<p class=\"has-white-color has-text-color\">.<\/p>\n\n\n\n<p>A Pr\u00f3-Reitoria de Planejamento (PROPLAN) tem como atribui\u00e7\u00e3o a avalia\u00e7\u00e3o e o planejamento institucional quanto aos aspectos acad\u00eamicos, administrativos, f\u00edsicos e or\u00e7ament\u00e1rios, adequando as atividades desenvolvidas aos objetivos e metas previstas no planejamento institucional.<\/p>\n\n\n\n<p>Ao Pr\u00f3-Reitor de Planejamento compete:<\/p>\n\n\n\n<ul class=\"wp-block-list\"><li>administrar todas as atividades da Pr\u00f3-Reitoria;<\/li><li>assessorar o Reitor nos assuntos de compet\u00eancia da Pr\u00f3-Reitoria.<\/li><\/ul>\n\n\n\n<p>A Pr\u00f3-Reitoria de Planejamento compreende:<\/p>\n\n\n\n<ul class=\"wp-block-list\"><li>Diretoria de Planejamento e Integra\u00e7\u00e3o Acad\u00eamica;<\/li><li>Diretoria de Planejamento e Desenvolvimento Administrativo;<\/li><li>Diretoria de Avalia\u00e7\u00e3o e Informa\u00e7\u00e3o Institucional;<\/li><li>Diretoria de Planejamento de Territ\u00f3rio e Edifica\u00e7\u00f5es;<\/li><li>Diretoria de Or\u00e7amento e Programa\u00e7\u00e3o;<\/li><li>Secretaria, sob a responsabilidade de um secret\u00e1rio designado.<\/li><\/ul>\n\n\n\n<div class=\"wp-block-columns is-layout-flex wp-container-core-columns-is-layout-9d6595d7 wp-block-columns-is-layout-flex\">\n<div class=\"wp-block-column is-layout-flow wp-block-column-is-layout-flow\">\n<figure class=\"wp-block-gallery has-nested-images columns-default is-cropped wp-block-gallery-1 is-layout-flex wp-block-gallery-is-layout-flex\">\n<figure class=\"wp-block-image size-large\"><a href=\"https:\/\/sites.uel.br\/pdi\/proplan-diretoria-de-planejamento-e-integracao-academica\/\"><img loading=\"lazy\" decoding=\"async\" width=\"952\" height=\"532\" data-id=\"1626\" src=\"https:\/\/sites.uel.br\/pdi\/wp-content\/uploads\/2022\/10\/proplan-diretoria-integracao.jpg\" alt=\"\" class=\"wp-image-1626\" srcset=\"https:\/\/sites.uel.br\/pdi\/wp-content\/uploads\/2022\/10\/proplan-diretoria-integracao.jpg 952w, https:\/\/sites.uel.br\/pdi\/wp-content\/uploads\/2022\/10\/proplan-diretoria-integracao-300x168.jpg 300w, https:\/\/sites.uel.br\/pdi\/wp-content\/uploads\/2022\/10\/proplan-diretoria-integracao-768x429.jpg 768w\" sizes=\"auto, (max-width: 952px) 100vw, 952px\" \/><\/a><\/figure>\n<\/figure>\n<\/div>\n\n\n\n<div class=\"wp-block-column is-layout-flow wp-block-column-is-layout-flow\">\n<figure class=\"wp-block-gallery has-nested-images columns-default is-cropped wp-block-gallery-2 is-layout-flex wp-block-gallery-is-layout-flex\">\n<figure class=\"wp-block-image size-large\"><a href=\"https:\/\/sites.uel.br\/pdi\/proplan-diretoria-de-planejamento-e-desenvolvimento-administrativo\/\"><img loading=\"lazy\" decoding=\"async\" width=\"952\" height=\"532\" data-id=\"1625\" src=\"https:\/\/sites.uel.br\/pdi\/wp-content\/uploads\/2022\/10\/proplan-diretoria-desenvolvimento.jpg\" alt=\"\" class=\"wp-image-1625\" srcset=\"https:\/\/sites.uel.br\/pdi\/wp-content\/uploads\/2022\/10\/proplan-diretoria-desenvolvimento.jpg 952w, https:\/\/sites.uel.br\/pdi\/wp-content\/uploads\/2022\/10\/proplan-diretoria-desenvolvimento-300x168.jpg 300w, https:\/\/sites.uel.br\/pdi\/wp-content\/uploads\/2022\/10\/proplan-diretoria-desenvolvimento-768x429.jpg 768w\" sizes=\"auto, (max-width: 952px) 100vw, 952px\" \/><\/a><\/figure>\n<\/figure>\n<\/div>\n\n\n\n<div class=\"wp-block-column is-layout-flow wp-block-column-is-layout-flow\">\n<figure class=\"wp-block-gallery has-nested-images columns-default is-cropped wp-block-gallery-3 is-layout-flex wp-block-gallery-is-layout-flex\">\n<figure class=\"wp-block-image size-large\"><a href=\"https:\/\/sites.uel.br\/pdi\/proplan-diretoria-de-avaliacao-e-informacao-institucional\/\"><img loading=\"lazy\" decoding=\"async\" width=\"952\" height=\"532\" data-id=\"1624\" src=\"https:\/\/sites.uel.br\/pdi\/wp-content\/uploads\/2022\/10\/proplan-diretoria-avaliacao.jpg\" alt=\"\" class=\"wp-image-1624\" srcset=\"https:\/\/sites.uel.br\/pdi\/wp-content\/uploads\/2022\/10\/proplan-diretoria-avaliacao.jpg 952w, https:\/\/sites.uel.br\/pdi\/wp-content\/uploads\/2022\/10\/proplan-diretoria-avaliacao-300x168.jpg 300w, https:\/\/sites.uel.br\/pdi\/wp-content\/uploads\/2022\/10\/proplan-diretoria-avaliacao-768x429.jpg 768w\" sizes=\"auto, (max-width: 952px) 100vw, 952px\" \/><\/a><\/figure>\n<\/figure>\n<\/div>\n<\/div>\n\n\n\n<div class=\"wp-block-columns is-layout-flex wp-container-core-columns-is-layout-9d6595d7 wp-block-columns-is-layout-flex\">\n<div class=\"wp-block-column is-layout-flow wp-block-column-is-layout-flow\">\n<figure class=\"wp-block-gallery has-nested-images columns-default is-cropped wp-block-gallery-4 is-layout-flex wp-block-gallery-is-layout-flex\">\n<figure class=\"wp-block-image size-large\"><a href=\"https:\/\/sites.uel.br\/pdi\/proplan-diretoria-de-planejamento-do-territorio-e-edificacoes\/\"><img loading=\"lazy\" decoding=\"async\" width=\"952\" height=\"532\" data-id=\"1628\" src=\"https:\/\/sites.uel.br\/pdi\/wp-content\/uploads\/2022\/10\/proplan-diretoria-territorio.jpg\" alt=\"\" class=\"wp-image-1628\" srcset=\"https:\/\/sites.uel.br\/pdi\/wp-content\/uploads\/2022\/10\/proplan-diretoria-territorio.jpg 952w, https:\/\/sites.uel.br\/pdi\/wp-content\/uploads\/2022\/10\/proplan-diretoria-territorio-300x168.jpg 300w, https:\/\/sites.uel.br\/pdi\/wp-content\/uploads\/2022\/10\/proplan-diretoria-territorio-768x429.jpg 768w\" sizes=\"auto, (max-width: 952px) 100vw, 952px\" \/><\/a><\/figure>\n<\/figure>\n<\/div>\n\n\n\n<div class=\"wp-block-column is-layout-flow wp-block-column-is-layout-flow\">\n<figure class=\"wp-block-gallery has-nested-images columns-default is-cropped wp-block-gallery-5 is-layout-flex wp-block-gallery-is-layout-flex\">\n<figure class=\"wp-block-image size-large\"><a href=\"https:\/\/sites.uel.br\/pdi\/proplan-diretoria-de-orcamento-e-programacao\/\"><img loading=\"lazy\" decoding=\"async\" width=\"952\" height=\"532\" data-id=\"1627\" src=\"https:\/\/sites.uel.br\/pdi\/wp-content\/uploads\/2022\/10\/proplan-diretoria-orcamento.jpg\" alt=\"\" class=\"wp-image-1627\" srcset=\"https:\/\/sites.uel.br\/pdi\/wp-content\/uploads\/2022\/10\/proplan-diretoria-orcamento.jpg 952w, https:\/\/sites.uel.br\/pdi\/wp-content\/uploads\/2022\/10\/proplan-diretoria-orcamento-300x168.jpg 300w, https:\/\/sites.uel.br\/pdi\/wp-content\/uploads\/2022\/10\/proplan-diretoria-orcamento-768x429.jpg 768w\" sizes=\"auto, (max-width: 952px) 100vw, 952px\" \/><\/a><\/figure>\n<\/figure>\n<\/div>\n\n\n\n<div class=\"wp-block-column is-layout-flow wp-block-column-is-layout-flow\"><\/div>\n<\/div>\n","protected":false},"excerpt":{"rendered":"<p>. A Pr\u00f3-Reitoria de Planejamento (PROPLAN) tem como atribui\u00e7\u00e3o a avalia\u00e7\u00e3o e o planejamento institucional quanto aos aspectos acad\u00eamicos, administrativos, f\u00edsicos e or\u00e7ament\u00e1rios, adequando as atividades desenvolvidas aos objetivos e metas previstas no planejamento institucional. Ao Pr\u00f3-Reitor de Planejamento compete: administrar todas as atividades da Pr\u00f3-Reitoria; assessorar o Reitor nos assuntos de compet\u00eancia da Pr\u00f3-Reitoria. [&hellip;]<\/p>\n","protected":false},"author":8,"featured_media":0,"parent":0,"menu_order":0,"comment_status":"closed","ping_status":"closed","template":"","meta":{"footnotes":""},"class_list":["post-1555","page","type-page","status-publish","hentry"],"acf":[],"_links":{"self":[{"href":"https:\/\/sites.uel.br\/pdi\/wp-json\/wp\/v2\/pages\/1555","targetHints":{"allow":["GET"]}}],"collection":[{"href":"https:\/\/sites.uel.br\/pdi\/wp-json\/wp\/v2\/pages"}],"about":[{"href":"https:\/\/sites.uel.br\/pdi\/wp-json\/wp\/v2\/types\/page"}],"author":[{"embeddable":true,"href":"https:\/\/sites.uel.br\/pdi\/wp-json\/wp\/v2\/users\/8"}],"replies":[{"embeddable":true,"href":"https:\/\/sites.uel.br\/pdi\/wp-json\/wp\/v2\/comments?post=1555"}],"version-history":[{"count":4,"href":"https:\/\/sites.uel.br\/pdi\/wp-json\/wp\/v2\/pages\/1555\/revisions"}],"predecessor-version":[{"id":1641,"href":"https:\/\/sites.uel.br\/pdi\/wp-json\/wp\/v2\/pages\/1555\/revisions\/1641"}],"wp:attachment":[{"href":"https:\/\/sites.uel.br\/pdi\/wp-json\/wp\/v2\/media?parent=1555"}],"curies":[{"name":"wp","href":"https:\/\/api.w.org\/{rel}","templated":true}]}}

Pró-Reitoria de Planejamento (PROPLAN)

<p class="has-white-color has-text-color">.</p>



<p>A Pró-Reitoria de Planejamento (PROPLAN) tem como atribuição a avaliação e o planejamento institucional quanto aos aspectos acadêmicos, administrativos, físicos e orçamentários, adequando as atividades desenvolvidas aos objetivos e metas previstas no planejamento institucional.</p>



<p>Ao Pró-Reitor de Planejamento compete:</p>



<ul class="wp-block-list"><li>administrar todas as atividades da Pró-Reitoria;</li><li>assessorar o Reitor nos assuntos de competência da Pró-Reitoria.</li></ul>



<p>A Pró-Reitoria de Planejamento compreende:</p>



<ul class="wp-block-list"><li>Diretoria de Planejamento e Integração Acadêmica;</li><li>Diretoria de Planejamento e Desenvolvimento Administrativo;</li><li>Diretoria de Avaliação e Informação Institucional;</li><li>Diretoria de Planejamento de Território e Edificações;</li><li>Diretoria de Orçamento e Programação;</li><li>Secretaria, sob a responsabilidade de um secretário designado.</li></ul>



<div class="wp-block-columns is-layout-flex wp-container-core-columns-is-layout-9d6595d7 wp-block-columns-is-layout-flex">
<div class="wp-block-column is-layout-flow wp-block-column-is-layout-flow">
<figure class="wp-block-gallery has-nested-images columns-default is-cropped wp-block-gallery-1 is-layout-flex wp-block-gallery-is-layout-flex">
<figure class="wp-block-image size-large"><a href="https://sites.uel.br/pdi/proplan-diretoria-de-planejamento-e-integracao-academica/"><img loading="lazy" decoding="async" width="952" height="532" data-id="1626" src="https://sites.uel.br/pdi/wp-content/uploads/2022/10/proplan-diretoria-integracao.jpg" alt="" class="wp-image-1626" srcset="https://sites.uel.br/pdi/wp-content/uploads/2022/10/proplan-diretoria-integracao.jpg 952w, https://sites.uel.br/pdi/wp-content/uploads/2022/10/proplan-diretoria-integracao-300x168.jpg 300w, https://sites.uel.br/pdi/wp-content/uploads/2022/10/proplan-diretoria-integracao-768x429.jpg 768w" sizes="auto, (max-width: 952px) 100vw, 952px" /></a></figure>
</figure>
</div>



<div class="wp-block-column is-layout-flow wp-block-column-is-layout-flow">
<figure class="wp-block-gallery has-nested-images columns-default is-cropped wp-block-gallery-2 is-layout-flex wp-block-gallery-is-layout-flex">
<figure class="wp-block-image size-large"><a href="https://sites.uel.br/pdi/proplan-diretoria-de-planejamento-e-desenvolvimento-administrativo/"><img loading="lazy" decoding="async" width="952" height="532" data-id="1625" src="https://sites.uel.br/pdi/wp-content/uploads/2022/10/proplan-diretoria-desenvolvimento.jpg" alt="" class="wp-image-1625" srcset="https://sites.uel.br/pdi/wp-content/uploads/2022/10/proplan-diretoria-desenvolvimento.jpg 952w, https://sites.uel.br/pdi/wp-content/uploads/2022/10/proplan-diretoria-desenvolvimento-300x168.jpg 300w, https://sites.uel.br/pdi/wp-content/uploads/2022/10/proplan-diretoria-desenvolvimento-768x429.jpg 768w" sizes="auto, (max-width: 952px) 100vw, 952px" /></a></figure>
</figure>
</div>



<div class="wp-block-column is-layout-flow wp-block-column-is-layout-flow">
<figure class="wp-block-gallery has-nested-images columns-default is-cropped wp-block-gallery-3 is-layout-flex wp-block-gallery-is-layout-flex">
<figure class="wp-block-image size-large"><a href="https://sites.uel.br/pdi/proplan-diretoria-de-avaliacao-e-informacao-institucional/"><img loading="lazy" decoding="async" width="952" height="532" data-id="1624" src="https://sites.uel.br/pdi/wp-content/uploads/2022/10/proplan-diretoria-avaliacao.jpg" alt="" class="wp-image-1624" srcset="https://sites.uel.br/pdi/wp-content/uploads/2022/10/proplan-diretoria-avaliacao.jpg 952w, https://sites.uel.br/pdi/wp-content/uploads/2022/10/proplan-diretoria-avaliacao-300x168.jpg 300w, https://sites.uel.br/pdi/wp-content/uploads/2022/10/proplan-diretoria-avaliacao-768x429.jpg 768w" sizes="auto, (max-width: 952px) 100vw, 952px" /></a></figure>
</figure>
</div>
</div>



<div class="wp-block-columns is-layout-flex wp-container-core-columns-is-layout-9d6595d7 wp-block-columns-is-layout-flex">
<div class="wp-block-column is-layout-flow wp-block-column-is-layout-flow">
<figure class="wp-block-gallery has-nested-images columns-default is-cropped wp-block-gallery-4 is-layout-flex wp-block-gallery-is-layout-flex">
<figure class="wp-block-image size-large"><a href="https://sites.uel.br/pdi/proplan-diretoria-de-planejamento-do-territorio-e-edificacoes/"><img loading="lazy" decoding="async" width="952" height="532" data-id="1628" src="https://sites.uel.br/pdi/wp-content/uploads/2022/10/proplan-diretoria-territorio.jpg" alt="" class="wp-image-1628" srcset="https://sites.uel.br/pdi/wp-content/uploads/2022/10/proplan-diretoria-territorio.jpg 952w, https://sites.uel.br/pdi/wp-content/uploads/2022/10/proplan-diretoria-territorio-300x168.jpg 300w, https://sites.uel.br/pdi/wp-content/uploads/2022/10/proplan-diretoria-territorio-768x429.jpg 768w" sizes="auto, (max-width: 952px) 100vw, 952px" /></a></figure>
</figure>
</div>



<div class="wp-block-column is-layout-flow wp-block-column-is-layout-flow">
<figure class="wp-block-gallery has-nested-images columns-default is-cropped wp-block-gallery-5 is-layout-flex wp-block-gallery-is-layout-flex">
<figure class="wp-block-image size-large"><a href="https://sites.uel.br/pdi/proplan-diretoria-de-orcamento-e-programacao/"><img loading="lazy" decoding="async" width="952" height="532" data-id="1627" src="https://sites.uel.br/pdi/wp-content/uploads/2022/10/proplan-diretoria-orcamento.jpg" alt="" class="wp-image-1627" srcset="https://sites.uel.br/pdi/wp-content/uploads/2022/10/proplan-diretoria-orcamento.jpg 952w, https://sites.uel.br/pdi/wp-content/uploads/2022/10/proplan-diretoria-orcamento-300x168.jpg 300w, https://sites.uel.br/pdi/wp-content/uploads/2022/10/proplan-diretoria-orcamento-768x429.jpg 768w" sizes="auto, (max-width: 952px) 100vw, 952px" /></a></figure>
</figure>
</div>



<div class="wp-block-column is-layout-flow wp-block-column-is-layout-flow"></div>
</div>

<p>. A Pró-Reitoria de Planejamento (PROPLAN) tem como atribuição a avaliação e o planejamento institucional quanto aos aspectos acadêmicos, administrativos, físicos e orçamentários, adequando as atividades desenvolvidas aos objetivos e metas previstas no planejamento institucional. Ao Pró-Reitor de Planejamento compete: administrar todas as atividades da Pró-Reitoria; assessorar o Reitor nos assuntos de competência da Pró-Reitoria. [&hellip;]</p>
