{"id":1546,"date":"2022-10-18T16:56:41","date_gmt":"2022-10-18T19:56:41","guid":{"rendered":"https:\/\/sites.uel.br\/pdi\/?page_id=1546"},"modified":"2022-10-20T11:21:46","modified_gmt":"2022-10-20T14:21:46","slug":"pro-reitoria-de-extensao-cultura-e-sociedade-proex","status":"publish","type":"page","link":"https:\/\/sites.uel.br\/pdi\/pro-reitoria-de-extensao-cultura-e-sociedade-proex\/","title":{"rendered":"Pr\u00f3-Reitoria de Extens\u00e3o, Cultura e Sociedade (PROEX)"},"content":{"rendered":"\n<p class=\"has-white-color has-text-color\">.<\/p>\n\n\n\n<p>A Pr\u00f3-Reitoria de Extens\u00e3o, Cultura e Sociedade (PROEX) \u00e9 o \u00f3rg\u00e3o que coordena, em n\u00edvel institucional, todas as atividades referentes ao planejamento e \u00e0 execu\u00e7\u00e3o da extens\u00e3o universit\u00e1ria, assuntos culturais e integra\u00e7\u00e3o com a sociedade.<\/p>\n\n\n\n<p>Ao Pr\u00f3-Reitor de Extens\u00e3o, Cultura e Sociedade compete:<\/p>\n\n\n\n<ul class=\"wp-block-list\"><li>presidir a C\u00e2mara de Extens\u00e3o do Conselho de Ensino, Pesquisa e Extens\u00e3o;<\/li><li>administrar todas as atividades da Pr\u00f3-Reitoria;<\/li><li>assessorar o Reitor nos assuntos de compet\u00eancia da Pr\u00f3-Reitoria.<\/li><\/ul>\n\n\n\n<p>A Pr\u00f3-Reitoria de Extens\u00e3o, Cultura e Sociedade compreende:<\/p>\n\n\n\n<ul class=\"wp-block-list\"><li>Diretoria de Programas, Projetos e Inicia\u00e7\u00e3o Extensionista;<\/li><li>Diretoria de Eventos, Cultura e Rela\u00e7\u00f5es com a Sociedade;<\/li><li>Secretaria, sob a responsabilidade de um secret\u00e1rio designado.<\/li><\/ul>\n\n\n\n<div class=\"wp-block-columns is-layout-flex wp-container-core-columns-is-layout-9d6595d7 wp-block-columns-is-layout-flex\">\n<div class=\"wp-block-column is-layout-flow wp-block-column-is-layout-flow\">\n<figure class=\"wp-block-gallery has-nested-images columns-default is-cropped wp-block-gallery-1 is-layout-flex wp-block-gallery-is-layout-flex\">\n<figure class=\"wp-block-image size-large\"><a href=\"https:\/\/sites.uel.br\/pdi\/proex-diretoria-de-programas-projetos-e-iniciacao-extensionista\/\"><img loading=\"lazy\" decoding=\"async\" width=\"952\" height=\"532\" data-id=\"1596\" src=\"https:\/\/sites.uel.br\/pdi\/wp-content\/uploads\/2022\/10\/proex-diretoria-programas.jpg\" alt=\"\" class=\"wp-image-1596\" srcset=\"https:\/\/sites.uel.br\/pdi\/wp-content\/uploads\/2022\/10\/proex-diretoria-programas.jpg 952w, https:\/\/sites.uel.br\/pdi\/wp-content\/uploads\/2022\/10\/proex-diretoria-programas-300x168.jpg 300w, https:\/\/sites.uel.br\/pdi\/wp-content\/uploads\/2022\/10\/proex-diretoria-programas-768x429.jpg 768w\" sizes=\"auto, (max-width: 952px) 100vw, 952px\" \/><\/a><\/figure>\n<\/figure>\n<\/div>\n\n\n\n<div class=\"wp-block-column is-layout-flow wp-block-column-is-layout-flow\">\n<figure class=\"wp-block-gallery has-nested-images columns-default is-cropped wp-block-gallery-2 is-layout-flex wp-block-gallery-is-layout-flex\">\n<figure class=\"wp-block-image size-large\"><a href=\"https:\/\/sites.uel.br\/pdi\/proppg-diretoria-de-eventos-cultura-e-relacoes-com-a-sociedade\/\"><img loading=\"lazy\" decoding=\"async\" width=\"952\" height=\"532\" data-id=\"1595\" src=\"https:\/\/sites.uel.br\/pdi\/wp-content\/uploads\/2022\/10\/proex-diretoria-eventos.jpg\" alt=\"\" class=\"wp-image-1595\" srcset=\"https:\/\/sites.uel.br\/pdi\/wp-content\/uploads\/2022\/10\/proex-diretoria-eventos.jpg 952w, https:\/\/sites.uel.br\/pdi\/wp-content\/uploads\/2022\/10\/proex-diretoria-eventos-300x168.jpg 300w, https:\/\/sites.uel.br\/pdi\/wp-content\/uploads\/2022\/10\/proex-diretoria-eventos-768x429.jpg 768w\" sizes=\"auto, (max-width: 952px) 100vw, 952px\" \/><\/a><\/figure>\n<\/figure>\n<\/div>\n<\/div>\n","protected":false},"excerpt":{"rendered":"<p>. A Pr\u00f3-Reitoria de Extens\u00e3o, Cultura e Sociedade (PROEX) \u00e9 o \u00f3rg\u00e3o que coordena, em n\u00edvel institucional, todas as atividades referentes ao planejamento e \u00e0 execu\u00e7\u00e3o da extens\u00e3o universit\u00e1ria, assuntos culturais e integra\u00e7\u00e3o com a sociedade. Ao Pr\u00f3-Reitor de Extens\u00e3o, Cultura e Sociedade compete: presidir a C\u00e2mara de Extens\u00e3o do Conselho de Ensino, Pesquisa e [&hellip;]<\/p>\n","protected":false},"author":8,"featured_media":0,"parent":0,"menu_order":0,"comment_status":"closed","ping_status":"closed","template":"","meta":{"footnotes":""},"class_list":["post-1546","page","type-page","status-publish","hentry"],"acf":[],"_links":{"self":[{"href":"https:\/\/sites.uel.br\/pdi\/wp-json\/wp\/v2\/pages\/1546","targetHints":{"allow":["GET"]}}],"collection":[{"href":"https:\/\/sites.uel.br\/pdi\/wp-json\/wp\/v2\/pages"}],"about":[{"href":"https:\/\/sites.uel.br\/pdi\/wp-json\/wp\/v2\/types\/page"}],"author":[{"embeddable":true,"href":"https:\/\/sites.uel.br\/pdi\/wp-json\/wp\/v2\/users\/8"}],"replies":[{"embeddable":true,"href":"https:\/\/sites.uel.br\/pdi\/wp-json\/wp\/v2\/comments?post=1546"}],"version-history":[{"count":4,"href":"https:\/\/sites.uel.br\/pdi\/wp-json\/wp\/v2\/pages\/1546\/revisions"}],"predecessor-version":[{"id":1603,"href":"https:\/\/sites.uel.br\/pdi\/wp-json\/wp\/v2\/pages\/1546\/revisions\/1603"}],"wp:attachment":[{"href":"https:\/\/sites.uel.br\/pdi\/wp-json\/wp\/v2\/media?parent=1546"}],"curies":[{"name":"wp","href":"https:\/\/api.w.org\/{rel}","templated":true}]}}

Pró-Reitoria de Extensão, Cultura e Sociedade (PROEX)

<p class="has-white-color has-text-color">.</p>



<p>A Pró-Reitoria de Extensão, Cultura e Sociedade (PROEX) é o órgão que coordena, em nível institucional, todas as atividades referentes ao planejamento e à execução da extensão universitária, assuntos culturais e integração com a sociedade.</p>



<p>Ao Pró-Reitor de Extensão, Cultura e Sociedade compete:</p>



<ul class="wp-block-list"><li>presidir a Câmara de Extensão do Conselho de Ensino, Pesquisa e Extensão;</li><li>administrar todas as atividades da Pró-Reitoria;</li><li>assessorar o Reitor nos assuntos de competência da Pró-Reitoria.</li></ul>



<p>A Pró-Reitoria de Extensão, Cultura e Sociedade compreende:</p>



<ul class="wp-block-list"><li>Diretoria de Programas, Projetos e Iniciação Extensionista;</li><li>Diretoria de Eventos, Cultura e Relações com a Sociedade;</li><li>Secretaria, sob a responsabilidade de um secretário designado.</li></ul>



<div class="wp-block-columns is-layout-flex wp-container-core-columns-is-layout-9d6595d7 wp-block-columns-is-layout-flex">
<div class="wp-block-column is-layout-flow wp-block-column-is-layout-flow">
<figure class="wp-block-gallery has-nested-images columns-default is-cropped wp-block-gallery-1 is-layout-flex wp-block-gallery-is-layout-flex">
<figure class="wp-block-image size-large"><a href="https://sites.uel.br/pdi/proex-diretoria-de-programas-projetos-e-iniciacao-extensionista/"><img loading="lazy" decoding="async" width="952" height="532" data-id="1596" src="https://sites.uel.br/pdi/wp-content/uploads/2022/10/proex-diretoria-programas.jpg" alt="" class="wp-image-1596" srcset="https://sites.uel.br/pdi/wp-content/uploads/2022/10/proex-diretoria-programas.jpg 952w, https://sites.uel.br/pdi/wp-content/uploads/2022/10/proex-diretoria-programas-300x168.jpg 300w, https://sites.uel.br/pdi/wp-content/uploads/2022/10/proex-diretoria-programas-768x429.jpg 768w" sizes="auto, (max-width: 952px) 100vw, 952px" /></a></figure>
</figure>
</div>



<div class="wp-block-column is-layout-flow wp-block-column-is-layout-flow">
<figure class="wp-block-gallery has-nested-images columns-default is-cropped wp-block-gallery-2 is-layout-flex wp-block-gallery-is-layout-flex">
<figure class="wp-block-image size-large"><a href="https://sites.uel.br/pdi/proppg-diretoria-de-eventos-cultura-e-relacoes-com-a-sociedade/"><img loading="lazy" decoding="async" width="952" height="532" data-id="1595" src="https://sites.uel.br/pdi/wp-content/uploads/2022/10/proex-diretoria-eventos.jpg" alt="" class="wp-image-1595" srcset="https://sites.uel.br/pdi/wp-content/uploads/2022/10/proex-diretoria-eventos.jpg 952w, https://sites.uel.br/pdi/wp-content/uploads/2022/10/proex-diretoria-eventos-300x168.jpg 300w, https://sites.uel.br/pdi/wp-content/uploads/2022/10/proex-diretoria-eventos-768x429.jpg 768w" sizes="auto, (max-width: 952px) 100vw, 952px" /></a></figure>
</figure>
</div>
</div>

<p>. A Pró-Reitoria de Extensão, Cultura e Sociedade (PROEX) é o órgão que coordena, em nível institucional, todas as atividades referentes ao planejamento e à execução da extensão universitária, assuntos culturais e integração com a sociedade. Ao Pró-Reitor de Extensão, Cultura e Sociedade compete: presidir a Câmara de Extensão do Conselho de Ensino, Pesquisa e [&hellip;]</p>
