{"id":1542,"date":"2022-10-18T16:50:59","date_gmt":"2022-10-18T19:50:59","guid":{"rendered":"https:\/\/sites.uel.br\/pdi\/?page_id=1542"},"modified":"2022-10-19T17:09:07","modified_gmt":"2022-10-19T20:09:07","slug":"pro-reitoria-de-pesquisa-e-pos-graduacao-proppg","status":"publish","type":"page","link":"https:\/\/sites.uel.br\/pdi\/pro-reitoria-de-pesquisa-e-pos-graduacao-proppg\/","title":{"rendered":"Pr\u00f3-Reitoria de Pesquisa e P\u00f3s-Gradua\u00e7\u00e3o (PROPPG)"},"content":{"rendered":"\n<p class=\"has-white-color has-text-color\">.<\/p>\n\n\n\n<p>A Pr\u00f3-Reitoria de Pesquisa e P\u00f3s-Gradua\u00e7\u00e3o (PROPPG) \u00e9 o \u00f3rg\u00e3o que administra e controla as atividades relativas \u00e0 pesquisa e p\u00f3s-graduacao da Universidade.<\/p>\n\n\n\n<p>Ao Pr\u00f3-Reitor de Pesquisa e P\u00f3s-Gradua\u00e7\u00e3o compete:<\/p>\n\n\n\n<ul class=\"wp-block-list\"><li>presidir a C\u00e2mara de Pesquisa do Conselho de Ensino, Pesquisa e Extens\u00e3o;<\/li><li>presidir a C\u00e2mara de P\u00f3s-Gradua\u00e7\u00e3o do Conselho de Ensino, Pesquisa e Extens\u00e3o;<\/li><li>administrar todas as atividades da Pr\u00f3-Reitoria;<\/li><li>assessorar o Reitor nos assuntos de compet\u00eancia da Pr\u00f3-Reitoria.<\/li><\/ul>\n\n\n\n<p>A Pr\u00f3-Reitoria de Pesquisa e P\u00f3s-Gradua\u00e7\u00e3o compreende:<\/p>\n\n\n\n<ul class=\"wp-block-list\"><li>Diretoria de Pesquisa;<\/li><li>Diretoria de P\u00f3s-Gradua\u00e7\u00e3o;<\/li><li>Escrit\u00f3rio de Apoio ao Pesquisador \u2013 EAPq;<\/li><li>Secretaria, sob a responsabilidade de um secret\u00e1rio designado.<\/li><\/ul>\n\n\n\n<div class=\"wp-block-columns is-layout-flex wp-container-core-columns-is-layout-9d6595d7 wp-block-columns-is-layout-flex\">\n<div class=\"wp-block-column is-layout-flow wp-block-column-is-layout-flow\">\n<figure class=\"wp-block-gallery has-nested-images columns-default is-cropped wp-block-gallery-1 is-layout-flex wp-block-gallery-is-layout-flex\">\n<figure class=\"wp-block-image size-large\"><a href=\"https:\/\/sites.uel.br\/pdi\/proppg-diretoria-de-pesquisa\/\"><img loading=\"lazy\" decoding=\"async\" width=\"952\" height=\"532\" data-id=\"1587\" src=\"https:\/\/sites.uel.br\/pdi\/wp-content\/uploads\/2022\/10\/proppg-diretoria-de-pesquisa.jpg\" alt=\"\" class=\"wp-image-1587\" srcset=\"https:\/\/sites.uel.br\/pdi\/wp-content\/uploads\/2022\/10\/proppg-diretoria-de-pesquisa.jpg 952w, https:\/\/sites.uel.br\/pdi\/wp-content\/uploads\/2022\/10\/proppg-diretoria-de-pesquisa-300x168.jpg 300w, https:\/\/sites.uel.br\/pdi\/wp-content\/uploads\/2022\/10\/proppg-diretoria-de-pesquisa-768x429.jpg 768w\" sizes=\"auto, (max-width: 952px) 100vw, 952px\" \/><\/a><\/figure>\n<\/figure>\n<\/div>\n\n\n\n<div class=\"wp-block-column is-layout-flow wp-block-column-is-layout-flow\">\n<figure class=\"wp-block-gallery has-nested-images columns-default is-cropped wp-block-gallery-2 is-layout-flex wp-block-gallery-is-layout-flex\">\n<figure class=\"wp-block-image size-large\"><a href=\"https:\/\/sites.uel.br\/pdi\/proppg-diretoria-de-pos-graduacao\/\"><img loading=\"lazy\" decoding=\"async\" width=\"952\" height=\"532\" data-id=\"1588\" src=\"https:\/\/sites.uel.br\/pdi\/wp-content\/uploads\/2022\/10\/proppg-diretoria-de-pos.jpg\" alt=\"\" class=\"wp-image-1588\" srcset=\"https:\/\/sites.uel.br\/pdi\/wp-content\/uploads\/2022\/10\/proppg-diretoria-de-pos.jpg 952w, https:\/\/sites.uel.br\/pdi\/wp-content\/uploads\/2022\/10\/proppg-diretoria-de-pos-300x168.jpg 300w, https:\/\/sites.uel.br\/pdi\/wp-content\/uploads\/2022\/10\/proppg-diretoria-de-pos-768x429.jpg 768w\" sizes=\"auto, (max-width: 952px) 100vw, 952px\" \/><\/a><\/figure>\n<\/figure>\n<\/div>\n<\/div>\n","protected":false},"excerpt":{"rendered":"<p>. A Pr\u00f3-Reitoria de Pesquisa e P\u00f3s-Gradua\u00e7\u00e3o (PROPPG) \u00e9 o \u00f3rg\u00e3o que administra e controla as atividades relativas \u00e0 pesquisa e p\u00f3s-graduacao da Universidade. Ao Pr\u00f3-Reitor de Pesquisa e P\u00f3s-Gradua\u00e7\u00e3o compete: presidir a C\u00e2mara de Pesquisa do Conselho de Ensino, Pesquisa e Extens\u00e3o; presidir a C\u00e2mara de P\u00f3s-Gradua\u00e7\u00e3o do Conselho de Ensino, Pesquisa e Extens\u00e3o; [&hellip;]<\/p>\n","protected":false},"author":8,"featured_media":0,"parent":0,"menu_order":0,"comment_status":"closed","ping_status":"closed","template":"","meta":{"footnotes":""},"class_list":["post-1542","page","type-page","status-publish","hentry"],"acf":[],"_links":{"self":[{"href":"https:\/\/sites.uel.br\/pdi\/wp-json\/wp\/v2\/pages\/1542","targetHints":{"allow":["GET"]}}],"collection":[{"href":"https:\/\/sites.uel.br\/pdi\/wp-json\/wp\/v2\/pages"}],"about":[{"href":"https:\/\/sites.uel.br\/pdi\/wp-json\/wp\/v2\/types\/page"}],"author":[{"embeddable":true,"href":"https:\/\/sites.uel.br\/pdi\/wp-json\/wp\/v2\/users\/8"}],"replies":[{"embeddable":true,"href":"https:\/\/sites.uel.br\/pdi\/wp-json\/wp\/v2\/comments?post=1542"}],"version-history":[{"count":3,"href":"https:\/\/sites.uel.br\/pdi\/wp-json\/wp\/v2\/pages\/1542\/revisions"}],"predecessor-version":[{"id":1594,"href":"https:\/\/sites.uel.br\/pdi\/wp-json\/wp\/v2\/pages\/1542\/revisions\/1594"}],"wp:attachment":[{"href":"https:\/\/sites.uel.br\/pdi\/wp-json\/wp\/v2\/media?parent=1542"}],"curies":[{"name":"wp","href":"https:\/\/api.w.org\/{rel}","templated":true}]}}

Pró-Reitoria de Pesquisa e Pós-Graduação (PROPPG)

<p class="has-white-color has-text-color">.</p>



<p>A Pró-Reitoria de Pesquisa e Pós-Graduação (PROPPG) é o órgão que administra e controla as atividades relativas à pesquisa e pós-graduacao da Universidade.</p>



<p>Ao Pró-Reitor de Pesquisa e Pós-Graduação compete:</p>



<ul class="wp-block-list"><li>presidir a Câmara de Pesquisa do Conselho de Ensino, Pesquisa e Extensão;</li><li>presidir a Câmara de Pós-Graduação do Conselho de Ensino, Pesquisa e Extensão;</li><li>administrar todas as atividades da Pró-Reitoria;</li><li>assessorar o Reitor nos assuntos de competência da Pró-Reitoria.</li></ul>



<p>A Pró-Reitoria de Pesquisa e Pós-Graduação compreende:</p>



<ul class="wp-block-list"><li>Diretoria de Pesquisa;</li><li>Diretoria de Pós-Graduação;</li><li>Escritório de Apoio ao Pesquisador – EAPq;</li><li>Secretaria, sob a responsabilidade de um secretário designado.</li></ul>



<div class="wp-block-columns is-layout-flex wp-container-core-columns-is-layout-9d6595d7 wp-block-columns-is-layout-flex">
<div class="wp-block-column is-layout-flow wp-block-column-is-layout-flow">
<figure class="wp-block-gallery has-nested-images columns-default is-cropped wp-block-gallery-1 is-layout-flex wp-block-gallery-is-layout-flex">
<figure class="wp-block-image size-large"><a href="https://sites.uel.br/pdi/proppg-diretoria-de-pesquisa/"><img loading="lazy" decoding="async" width="952" height="532" data-id="1587" src="https://sites.uel.br/pdi/wp-content/uploads/2022/10/proppg-diretoria-de-pesquisa.jpg" alt="" class="wp-image-1587" srcset="https://sites.uel.br/pdi/wp-content/uploads/2022/10/proppg-diretoria-de-pesquisa.jpg 952w, https://sites.uel.br/pdi/wp-content/uploads/2022/10/proppg-diretoria-de-pesquisa-300x168.jpg 300w, https://sites.uel.br/pdi/wp-content/uploads/2022/10/proppg-diretoria-de-pesquisa-768x429.jpg 768w" sizes="auto, (max-width: 952px) 100vw, 952px" /></a></figure>
</figure>
</div>



<div class="wp-block-column is-layout-flow wp-block-column-is-layout-flow">
<figure class="wp-block-gallery has-nested-images columns-default is-cropped wp-block-gallery-2 is-layout-flex wp-block-gallery-is-layout-flex">
<figure class="wp-block-image size-large"><a href="https://sites.uel.br/pdi/proppg-diretoria-de-pos-graduacao/"><img loading="lazy" decoding="async" width="952" height="532" data-id="1588" src="https://sites.uel.br/pdi/wp-content/uploads/2022/10/proppg-diretoria-de-pos.jpg" alt="" class="wp-image-1588" srcset="https://sites.uel.br/pdi/wp-content/uploads/2022/10/proppg-diretoria-de-pos.jpg 952w, https://sites.uel.br/pdi/wp-content/uploads/2022/10/proppg-diretoria-de-pos-300x168.jpg 300w, https://sites.uel.br/pdi/wp-content/uploads/2022/10/proppg-diretoria-de-pos-768x429.jpg 768w" sizes="auto, (max-width: 952px) 100vw, 952px" /></a></figure>
</figure>
</div>
</div>

<p>. A Pró-Reitoria de Pesquisa e Pós-Graduação (PROPPG) é o órgão que administra e controla as atividades relativas à pesquisa e pós-graduacao da Universidade. Ao Pró-Reitor de Pesquisa e Pós-Graduação compete: presidir a Câmara de Pesquisa do Conselho de Ensino, Pesquisa e Extensão; presidir a Câmara de Pós-Graduação do Conselho de Ensino, Pesquisa e Extensão; [&hellip;]</p>
