{"id":1536,"date":"2022-10-18T16:32:33","date_gmt":"2022-10-18T19:32:33","guid":{"rendered":"https:\/\/sites.uel.br\/pdi\/?page_id=1536"},"modified":"2022-10-18T16:32:33","modified_gmt":"2022-10-18T19:32:33","slug":"pro-reitorias","status":"publish","type":"page","link":"https:\/\/sites.uel.br\/pdi\/pro-reitorias\/","title":{"rendered":"Pr\u00f3-Reitorias"},"content":{"rendered":"\n<p class=\"has-white-color has-text-color\">.<\/p>\n\n\n\n<p>As Pr\u00f3-Reitorias, dirigidas por Pr\u00f3-Reitores, s\u00e3o \u00f3rg\u00e3os de planejamento, execu\u00e7\u00e3o e controle de atividades relacionadas com os fins pr\u00f3prios e espec\u00edficos da Reitoria. Na organiza\u00e7\u00e3o e funcionamento das Pr\u00f3-Reitorias devem ser obedecidos os princ\u00edpios da unidade acad\u00eamica, administrativa e econ\u00f4mico-financeira da Universidade, vedada a duplica\u00e7\u00e3o de recursos e meios para fins id\u00eanticos ou equivalentes.<\/p>\n","protected":false},"excerpt":{"rendered":"<p>. As Pr\u00f3-Reitorias, dirigidas por Pr\u00f3-Reitores, s\u00e3o \u00f3rg\u00e3os de planejamento, execu\u00e7\u00e3o e controle de atividades relacionadas com os fins pr\u00f3prios e espec\u00edficos da Reitoria. Na organiza\u00e7\u00e3o e funcionamento das Pr\u00f3-Reitorias devem ser obedecidos os princ\u00edpios da unidade acad\u00eamica, administrativa e econ\u00f4mico-financeira da Universidade, vedada a duplica\u00e7\u00e3o de recursos e meios para fins id\u00eanticos ou equivalentes.<\/p>\n","protected":false},"author":8,"featured_media":0,"parent":0,"menu_order":0,"comment_status":"closed","ping_status":"closed","template":"","meta":{"footnotes":""},"class_list":["post-1536","page","type-page","status-publish","hentry"],"acf":[],"_links":{"self":[{"href":"https:\/\/sites.uel.br\/pdi\/wp-json\/wp\/v2\/pages\/1536","targetHints":{"allow":["GET"]}}],"collection":[{"href":"https:\/\/sites.uel.br\/pdi\/wp-json\/wp\/v2\/pages"}],"about":[{"href":"https:\/\/sites.uel.br\/pdi\/wp-json\/wp\/v2\/types\/page"}],"author":[{"embeddable":true,"href":"https:\/\/sites.uel.br\/pdi\/wp-json\/wp\/v2\/users\/8"}],"replies":[{"embeddable":true,"href":"https:\/\/sites.uel.br\/pdi\/wp-json\/wp\/v2\/comments?post=1536"}],"version-history":[{"count":1,"href":"https:\/\/sites.uel.br\/pdi\/wp-json\/wp\/v2\/pages\/1536\/revisions"}],"predecessor-version":[{"id":1537,"href":"https:\/\/sites.uel.br\/pdi\/wp-json\/wp\/v2\/pages\/1536\/revisions\/1537"}],"wp:attachment":[{"href":"https:\/\/sites.uel.br\/pdi\/wp-json\/wp\/v2\/media?parent=1536"}],"curies":[{"name":"wp","href":"https:\/\/api.w.org\/{rel}","templated":true}]}}

Pró-Reitorias

<p class="has-white-color has-text-color">.</p>



<p>As Pró-Reitorias, dirigidas por Pró-Reitores, são órgãos de planejamento, execução e controle de atividades relacionadas com os fins próprios e específicos da Reitoria. Na organização e funcionamento das Pró-Reitorias devem ser obedecidos os princípios da unidade acadêmica, administrativa e econômico-financeira da Universidade, vedada a duplicação de recursos e meios para fins idênticos ou equivalentes.</p>

<p>. As Pró-Reitorias, dirigidas por Pró-Reitores, são órgãos de planejamento, execução e controle de atividades relacionadas com os fins próprios e específicos da Reitoria. Na organização e funcionamento das Pró-Reitorias devem ser obedecidos os princípios da unidade acadêmica, administrativa e econômico-financeira da Universidade, vedada a duplicação de recursos e meios para fins idênticos ou equivalentes.</p>
