{"id":1527,"date":"2022-10-18T16:26:23","date_gmt":"2022-10-18T19:26:23","guid":{"rendered":"https:\/\/sites.uel.br\/pdi\/?page_id=1527"},"modified":"2022-10-18T16:26:23","modified_gmt":"2022-10-18T19:26:23","slug":"gabinetes","status":"publish","type":"page","link":"https:\/\/sites.uel.br\/pdi\/gabinetes\/","title":{"rendered":"Gabinetes"},"content":{"rendered":"\n<p class=\"has-white-color has-text-color\">.<\/p>\n\n\n\n<p>O Gabinete da Reitoria tem por finalidade propiciar ao Reitor elementos necess\u00e1rios ao exerc\u00edcio de suas fun\u00e7\u00f5es. O Gabinete da Reitoria \u00e9 coordenado pela Chefia do Gabinete.<\/p>\n","protected":false},"excerpt":{"rendered":"<p>. O Gabinete da Reitoria tem por finalidade propiciar ao Reitor elementos necess\u00e1rios ao exerc\u00edcio de suas fun\u00e7\u00f5es. O Gabinete da Reitoria \u00e9 coordenado pela Chefia do Gabinete.<\/p>\n","protected":false},"author":8,"featured_media":0,"parent":0,"menu_order":0,"comment_status":"closed","ping_status":"closed","template":"","meta":{"footnotes":""},"class_list":["post-1527","page","type-page","status-publish","hentry"],"acf":[],"_links":{"self":[{"href":"https:\/\/sites.uel.br\/pdi\/wp-json\/wp\/v2\/pages\/1527","targetHints":{"allow":["GET"]}}],"collection":[{"href":"https:\/\/sites.uel.br\/pdi\/wp-json\/wp\/v2\/pages"}],"about":[{"href":"https:\/\/sites.uel.br\/pdi\/wp-json\/wp\/v2\/types\/page"}],"author":[{"embeddable":true,"href":"https:\/\/sites.uel.br\/pdi\/wp-json\/wp\/v2\/users\/8"}],"replies":[{"embeddable":true,"href":"https:\/\/sites.uel.br\/pdi\/wp-json\/wp\/v2\/comments?post=1527"}],"version-history":[{"count":1,"href":"https:\/\/sites.uel.br\/pdi\/wp-json\/wp\/v2\/pages\/1527\/revisions"}],"predecessor-version":[{"id":1528,"href":"https:\/\/sites.uel.br\/pdi\/wp-json\/wp\/v2\/pages\/1527\/revisions\/1528"}],"wp:attachment":[{"href":"https:\/\/sites.uel.br\/pdi\/wp-json\/wp\/v2\/media?parent=1527"}],"curies":[{"name":"wp","href":"https:\/\/api.w.org\/{rel}","templated":true}]}}

<p class="has-white-color has-text-color">.</p>



<p>O Gabinete da Reitoria tem por finalidade propiciar ao Reitor elementos necessários ao exercício de suas funções. O Gabinete da Reitoria é coordenado pela Chefia do Gabinete.</p>

<p>. O Gabinete da Reitoria tem por finalidade propiciar ao Reitor elementos necessários ao exercício de suas funções. O Gabinete da Reitoria é coordenado pela Chefia do Gabinete.</p>
