{"id":1522,"date":"2022-10-18T15:58:48","date_gmt":"2022-10-18T18:58:48","guid":{"rendered":"https:\/\/sites.uel.br\/pdi\/?page_id=1522"},"modified":"2022-10-18T15:58:48","modified_gmt":"2022-10-18T18:58:48","slug":"orgaos-da-reitoria-executivos","status":"publish","type":"page","link":"https:\/\/sites.uel.br\/pdi\/orgaos-da-reitoria-executivos\/","title":{"rendered":"\u00d3rg\u00e3os da Reitoria (Executivos)"},"content":{"rendered":"\n<p class=\"has-text-color\" style=\"color:#fefefe\">.<\/p>\n\n\n\n<p>S\u00e3o \u00d3rg\u00e3os da Reitoria:<\/p>\n\n\n\n<ul class=\"wp-block-list\"><li>Gabinete da Reitoria<\/li><li>Gabinete da Vice-Reitoria<\/li><li>Pr\u00f3-Reitoria de Gradua\u00e7\u00e3o<\/li><li>Pr\u00f3-Reitoria de Pesquisa e P\u00f3s-Gradua\u00e7\u00e3o<\/li><li>Pr\u00f3-Reitoria de Extens\u00e3o, Cultura e Sociedade<\/li><li>Pr\u00f3-Reitoria de Administra\u00e7\u00e3o e Finan\u00e7as<\/li><li>Pr\u00f3-Reitoria de Recursos Humanos<\/li><li>Pr\u00f3-Reitoria de Planejamento<\/li><li>Prefeitura do Campus Universit\u00e1rio<\/li><li>Coordenadorias<\/li><li>Assessorias<\/li><li>Procuradoria Jur\u00eddica<\/li><li>Auditoria Interna<\/li><li>\u00d3rg\u00e3os de Apoio<\/li><li>\u00d3rg\u00e3os Suplementares<\/li><li>Secretaria Geral dos \u00d3rg\u00e3os Colegiados Superiores<\/li><\/ul>\n\n\n\n<p>Aos dirigentes dos \u00d3rg\u00e3os da Reitoria, entre outras fun\u00e7\u00f5es decorrentes de sua condi\u00e7\u00e3o, compete:<\/p>\n\n\n\n<ul class=\"wp-block-list\"><li>Superintender, coordenar e fiscalizar as atividades universit\u00e1rias, nas \u00e1reas respectivas, dentro das atribui\u00e7\u00f5es que lhes sejam delegadas.<\/li><li>Cumprir e fazer cumprir as disposi\u00e7\u00f5es do Estatuto, do Regimento Geral e dos respectivos regimentos.<\/li><li>Cumprir e fazer cumprir as delibera\u00e7\u00f5es dos Colegiados Superiores e as instru\u00e7\u00f5es ou determina\u00e7\u00f5es do Reitor relacionadas com sua \u00e1rea de atua\u00e7\u00e3o.<\/li><li>Adotar, em casos de urg\u00eancia, medidas de compet\u00eancia do Reitor, submetendo seu ato \u00e0 ratifica\u00e7\u00e3o deste no prazo de quarenta e oito (48) horas.<\/li><li>Apresentar ao Reitor e aos \u00f3rg\u00e3os colegiados superiores, dentro do primeiro trimestre, relat\u00f3rio circunstanciado das atividades do ano anterior, relacionadas com sua \u00e1rea espec\u00edfica.<\/li><li>Integrar os Conselhos Superiores da Universidade, na forma disposta no Estatuto.<\/li><\/ul>\n","protected":false},"excerpt":{"rendered":"<p>. S\u00e3o \u00d3rg\u00e3os da Reitoria: Gabinete da Reitoria Gabinete da Vice-Reitoria Pr\u00f3-Reitoria de Gradua\u00e7\u00e3o Pr\u00f3-Reitoria de Pesquisa e P\u00f3s-Gradua\u00e7\u00e3o Pr\u00f3-Reitoria de Extens\u00e3o, Cultura e Sociedade Pr\u00f3-Reitoria de Administra\u00e7\u00e3o e Finan\u00e7as Pr\u00f3-Reitoria de Recursos Humanos Pr\u00f3-Reitoria de Planejamento Prefeitura do Campus Universit\u00e1rio Coordenadorias Assessorias Procuradoria Jur\u00eddica Auditoria Interna \u00d3rg\u00e3os de Apoio \u00d3rg\u00e3os Suplementares Secretaria Geral dos [&hellip;]<\/p>\n","protected":false},"author":8,"featured_media":0,"parent":0,"menu_order":0,"comment_status":"closed","ping_status":"closed","template":"","meta":{"footnotes":""},"class_list":["post-1522","page","type-page","status-publish","hentry"],"acf":[],"_links":{"self":[{"href":"https:\/\/sites.uel.br\/pdi\/wp-json\/wp\/v2\/pages\/1522","targetHints":{"allow":["GET"]}}],"collection":[{"href":"https:\/\/sites.uel.br\/pdi\/wp-json\/wp\/v2\/pages"}],"about":[{"href":"https:\/\/sites.uel.br\/pdi\/wp-json\/wp\/v2\/types\/page"}],"author":[{"embeddable":true,"href":"https:\/\/sites.uel.br\/pdi\/wp-json\/wp\/v2\/users\/8"}],"replies":[{"embeddable":true,"href":"https:\/\/sites.uel.br\/pdi\/wp-json\/wp\/v2\/comments?post=1522"}],"version-history":[{"count":1,"href":"https:\/\/sites.uel.br\/pdi\/wp-json\/wp\/v2\/pages\/1522\/revisions"}],"predecessor-version":[{"id":1523,"href":"https:\/\/sites.uel.br\/pdi\/wp-json\/wp\/v2\/pages\/1522\/revisions\/1523"}],"wp:attachment":[{"href":"https:\/\/sites.uel.br\/pdi\/wp-json\/wp\/v2\/media?parent=1522"}],"curies":[{"name":"wp","href":"https:\/\/api.w.org\/{rel}","templated":true}]}}

Órgãos da Reitoria (Executivos)

<p class="has-text-color" style="color:#fefefe">.</p>



<p>São Órgãos da Reitoria:</p>



<ul class="wp-block-list"><li>Gabinete da Reitoria</li><li>Gabinete da Vice-Reitoria</li><li>Pró-Reitoria de Graduação</li><li>Pró-Reitoria de Pesquisa e Pós-Graduação</li><li>Pró-Reitoria de Extensão, Cultura e Sociedade</li><li>Pró-Reitoria de Administração e Finanças</li><li>Pró-Reitoria de Recursos Humanos</li><li>Pró-Reitoria de Planejamento</li><li>Prefeitura do Campus Universitário</li><li>Coordenadorias</li><li>Assessorias</li><li>Procuradoria Jurídica</li><li>Auditoria Interna</li><li>Órgãos de Apoio</li><li>Órgãos Suplementares</li><li>Secretaria Geral dos Órgãos Colegiados Superiores</li></ul>



<p>Aos dirigentes dos Órgãos da Reitoria, entre outras funções decorrentes de sua condição, compete:</p>



<ul class="wp-block-list"><li>Superintender, coordenar e fiscalizar as atividades universitárias, nas áreas respectivas, dentro das atribuições que lhes sejam delegadas.</li><li>Cumprir e fazer cumprir as disposições do Estatuto, do Regimento Geral e dos respectivos regimentos.</li><li>Cumprir e fazer cumprir as deliberações dos Colegiados Superiores e as instruções ou determinações do Reitor relacionadas com sua área de atuação.</li><li>Adotar, em casos de urgência, medidas de competência do Reitor, submetendo seu ato à ratificação deste no prazo de quarenta e oito (48) horas.</li><li>Apresentar ao Reitor e aos órgãos colegiados superiores, dentro do primeiro trimestre, relatório circunstanciado das atividades do ano anterior, relacionadas com sua área específica.</li><li>Integrar os Conselhos Superiores da Universidade, na forma disposta no Estatuto.</li></ul>

<p>. São Órgãos da Reitoria: Gabinete da Reitoria Gabinete da Vice-Reitoria Pró-Reitoria de Graduação Pró-Reitoria de Pesquisa e Pós-Graduação Pró-Reitoria de Extensão, Cultura e Sociedade Pró-Reitoria de Administração e Finanças Pró-Reitoria de Recursos Humanos Pró-Reitoria de Planejamento Prefeitura do Campus Universitário Coordenadorias Assessorias Procuradoria Jurídica Auditoria Interna Órgãos de Apoio Órgãos Suplementares Secretaria Geral dos [&hellip;]</p>
