{"id":1519,"date":"2022-10-18T15:56:58","date_gmt":"2022-10-18T18:56:58","guid":{"rendered":"https:\/\/sites.uel.br\/pdi\/?page_id=1519"},"modified":"2022-10-18T15:56:58","modified_gmt":"2022-10-18T18:56:58","slug":"vice-reitora","status":"publish","type":"page","link":"https:\/\/sites.uel.br\/pdi\/vice-reitora\/","title":{"rendered":"Vice-Reitor(a)"},"content":{"rendered":"\n<p class=\"has-white-color has-text-color\">.<\/p>\n\n\n\n<p>Ao(\u00c0) Vice-Reitor(a) compete exercer as atribui\u00e7\u00f5es delegadas pelo(a) Reitor(a) e substitu\u00ed-lo(a) nos termos do Estatuto da Universidade Estadual de Londrina.<\/p>\n","protected":false},"excerpt":{"rendered":"<p>. Ao(\u00c0) Vice-Reitor(a) compete exercer as atribui\u00e7\u00f5es delegadas pelo(a) Reitor(a) e substitu\u00ed-lo(a) nos termos do Estatuto da Universidade Estadual de Londrina.<\/p>\n","protected":false},"author":8,"featured_media":0,"parent":0,"menu_order":0,"comment_status":"closed","ping_status":"closed","template":"","meta":{"footnotes":""},"class_list":["post-1519","page","type-page","status-publish","hentry"],"acf":[],"_links":{"self":[{"href":"https:\/\/sites.uel.br\/pdi\/wp-json\/wp\/v2\/pages\/1519","targetHints":{"allow":["GET"]}}],"collection":[{"href":"https:\/\/sites.uel.br\/pdi\/wp-json\/wp\/v2\/pages"}],"about":[{"href":"https:\/\/sites.uel.br\/pdi\/wp-json\/wp\/v2\/types\/page"}],"author":[{"embeddable":true,"href":"https:\/\/sites.uel.br\/pdi\/wp-json\/wp\/v2\/users\/8"}],"replies":[{"embeddable":true,"href":"https:\/\/sites.uel.br\/pdi\/wp-json\/wp\/v2\/comments?post=1519"}],"version-history":[{"count":1,"href":"https:\/\/sites.uel.br\/pdi\/wp-json\/wp\/v2\/pages\/1519\/revisions"}],"predecessor-version":[{"id":1520,"href":"https:\/\/sites.uel.br\/pdi\/wp-json\/wp\/v2\/pages\/1519\/revisions\/1520"}],"wp:attachment":[{"href":"https:\/\/sites.uel.br\/pdi\/wp-json\/wp\/v2\/media?parent=1519"}],"curies":[{"name":"wp","href":"https:\/\/api.w.org\/{rel}","templated":true}]}}

<p class="has-white-color has-text-color">.</p>



<p>Ao(À) Vice-Reitor(a) compete exercer as atribuições delegadas pelo(a) Reitor(a) e substituí-lo(a) nos termos do Estatuto da Universidade Estadual de Londrina.</p>

<p>. Ao(À) Vice-Reitor(a) compete exercer as atribuições delegadas pelo(a) Reitor(a) e substituí-lo(a) nos termos do Estatuto da Universidade Estadual de Londrina.</p>
