{"id":1516,"date":"2022-10-18T15:55:36","date_gmt":"2022-10-18T18:55:36","guid":{"rendered":"https:\/\/sites.uel.br\/pdi\/?page_id=1516"},"modified":"2022-10-18T15:55:36","modified_gmt":"2022-10-18T18:55:36","slug":"reitora","status":"publish","type":"page","link":"https:\/\/sites.uel.br\/pdi\/reitora\/","title":{"rendered":"Reitor(a)"},"content":{"rendered":"\n<p class=\"has-white-color has-text-color\">.<\/p>\n\n\n\n<p>O(A) Reitor(a) \u00e9 o(a) agente executivo(a) da Universidade, ao(\u00e0) qual compete:<\/p>\n\n\n\n<ul class=\"wp-block-list\"><li>Administrar a Universidade e representa-la em ju\u00edzo ou fora dele.<\/li><li>Zelar pela fiel execu\u00e7\u00e3o da legisla\u00e7\u00e3o da Universidade.<\/li><li>Convocar e presidir os \u00d3rg\u00e3os Superiores Deliberativos da Universidade, fixando a pauta das sess\u00f5es destes \u00f3rg\u00e3os, propondo ou encaminhando assuntos que devam por eles ser apreciados.<\/li><li>Superintender todos os servi\u00e7os da Reitoria.<\/li><li>Nomear os titulares dos \u00d3rg\u00e3os da Reitoria.<\/li><li>Nomear e empossar os Diretores e Vice-Diretores das Unidades, os Chefes e Vices dos Departamentos e os Coordenadores e Vice-Coordenadores de Colegiados de Curso, escolhidos de conformidade com as disposi\u00e7\u00f5es do Estatuto da Universidade Estadual de Londrina.<\/li><li>Nomear os Diretores de \u00d3rg\u00e3os Suplementares e de Apoio.<\/li><li>Estabelecer e fazer cessar as rela\u00e7\u00f5es jur\u00eddicas e de emprego do pessoal docente e t\u00e9cnico-administrativo da Universidade, conforme as normas estabelecidas pelo Estatuto da Universidade Estadual de Londrina.<\/li><li>Exercer o poder disciplinar.<\/li><li>Cumprir e fazer cumprir as decis\u00f5es dos \u00d3rg\u00e3os Superiores Deliberativos da Universidade.<\/li><li>Submeter ao Conselho de Administra\u00e7\u00e3o e ao Conselho Universit\u00e1rio a proposta or\u00e7ament\u00e1ria.<\/li><li>Conferir graus universit\u00e1rios.<\/li><li>Proceder em sess\u00e3o p\u00fablica e solene do Conselho Universit\u00e1rio \u00e0 entrega de t\u00edtulos e de pr\u00eamios conferidos pelo mesmo.<\/li><li>Formular, em tempo h\u00e1bil, convite \u00e0s entidades qualificadas, para que designem os respectivos representantes nos Conselhos.<\/li><li>Firmar conv\u00eanios, ouvidos os Conselhos competentes.<\/li><li>Instituir comiss\u00f5es, permanentes ou tempor\u00e1rias, para estudar problemas espec\u00edficos e designar servidores para o desempenho de tarefas especiais.<\/li><li>Reformar, de of\u00edcio ou mediante recurso, atos administrativos.<\/li><li>Apresentar relat\u00f3rio e prestar contas ao Tribunal de Contas do Estado, no primeiro trimestre de cada ano.<\/li><li>Praticar atos\u00a0<em>ad referendum<\/em>\u00a0dos \u00f3rg\u00e3os competentes.<\/li><li>Enviar \u00e0s autoridades competentes, para os devidos fins, anualmente, o relat\u00f3rio das atividades da Universidade.<\/li><li>Exercer quaisquer outras atribui\u00e7\u00f5es conferidas por lei, pelo Estatuto, bem como pelo Regimento Geral, ou por delega\u00e7\u00e3o superior.<\/li><li>Tornar p\u00fablicos todos os seus atos.<\/li><li>No caso da aus\u00eancia tempor\u00e1ria do Reitor e do Vice-Reitor, o Reitor indicar\u00e1, dentre os Diretores dos Centros de Estudos, seu substituto.<\/li><\/ul>\n","protected":false},"excerpt":{"rendered":"<p>. O(A) Reitor(a) \u00e9 o(a) agente executivo(a) da Universidade, ao(\u00e0) qual compete: Administrar a Universidade e representa-la em ju\u00edzo ou fora dele. Zelar pela fiel execu\u00e7\u00e3o da legisla\u00e7\u00e3o da Universidade. Convocar e presidir os \u00d3rg\u00e3os Superiores Deliberativos da Universidade, fixando a pauta das sess\u00f5es destes \u00f3rg\u00e3os, propondo ou encaminhando assuntos que devam por eles ser [&hellip;]<\/p>\n","protected":false},"author":8,"featured_media":0,"parent":0,"menu_order":0,"comment_status":"closed","ping_status":"closed","template":"","meta":{"footnotes":""},"class_list":["post-1516","page","type-page","status-publish","hentry"],"acf":[],"_links":{"self":[{"href":"https:\/\/sites.uel.br\/pdi\/wp-json\/wp\/v2\/pages\/1516","targetHints":{"allow":["GET"]}}],"collection":[{"href":"https:\/\/sites.uel.br\/pdi\/wp-json\/wp\/v2\/pages"}],"about":[{"href":"https:\/\/sites.uel.br\/pdi\/wp-json\/wp\/v2\/types\/page"}],"author":[{"embeddable":true,"href":"https:\/\/sites.uel.br\/pdi\/wp-json\/wp\/v2\/users\/8"}],"replies":[{"embeddable":true,"href":"https:\/\/sites.uel.br\/pdi\/wp-json\/wp\/v2\/comments?post=1516"}],"version-history":[{"count":1,"href":"https:\/\/sites.uel.br\/pdi\/wp-json\/wp\/v2\/pages\/1516\/revisions"}],"predecessor-version":[{"id":1517,"href":"https:\/\/sites.uel.br\/pdi\/wp-json\/wp\/v2\/pages\/1516\/revisions\/1517"}],"wp:attachment":[{"href":"https:\/\/sites.uel.br\/pdi\/wp-json\/wp\/v2\/media?parent=1516"}],"curies":[{"name":"wp","href":"https:\/\/api.w.org\/{rel}","templated":true}]}}

<p class="has-white-color has-text-color">.</p>



<p>O(A) Reitor(a) é o(a) agente executivo(a) da Universidade, ao(à) qual compete:</p>



<ul class="wp-block-list"><li>Administrar a Universidade e representa-la em juízo ou fora dele.</li><li>Zelar pela fiel execução da legislação da Universidade.</li><li>Convocar e presidir os Órgãos Superiores Deliberativos da Universidade, fixando a pauta das sessões destes órgãos, propondo ou encaminhando assuntos que devam por eles ser apreciados.</li><li>Superintender todos os serviços da Reitoria.</li><li>Nomear os titulares dos Órgãos da Reitoria.</li><li>Nomear e empossar os Diretores e Vice-Diretores das Unidades, os Chefes e Vices dos Departamentos e os Coordenadores e Vice-Coordenadores de Colegiados de Curso, escolhidos de conformidade com as disposições do Estatuto da Universidade Estadual de Londrina.</li><li>Nomear os Diretores de Órgãos Suplementares e de Apoio.</li><li>Estabelecer e fazer cessar as relações jurídicas e de emprego do pessoal docente e técnico-administrativo da Universidade, conforme as normas estabelecidas pelo Estatuto da Universidade Estadual de Londrina.</li><li>Exercer o poder disciplinar.</li><li>Cumprir e fazer cumprir as decisões dos Órgãos Superiores Deliberativos da Universidade.</li><li>Submeter ao Conselho de Administração e ao Conselho Universitário a proposta orçamentária.</li><li>Conferir graus universitários.</li><li>Proceder em sessão pública e solene do Conselho Universitário à entrega de títulos e de prêmios conferidos pelo mesmo.</li><li>Formular, em tempo hábil, convite às entidades qualificadas, para que designem os respectivos representantes nos Conselhos.</li><li>Firmar convênios, ouvidos os Conselhos competentes.</li><li>Instituir comissões, permanentes ou temporárias, para estudar problemas específicos e designar servidores para o desempenho de tarefas especiais.</li><li>Reformar, de ofício ou mediante recurso, atos administrativos.</li><li>Apresentar relatório e prestar contas ao Tribunal de Contas do Estado, no primeiro trimestre de cada ano.</li><li>Praticar atos <em>ad referendum</em> dos órgãos competentes.</li><li>Enviar às autoridades competentes, para os devidos fins, anualmente, o relatório das atividades da Universidade.</li><li>Exercer quaisquer outras atribuições conferidas por lei, pelo Estatuto, bem como pelo Regimento Geral, ou por delegação superior.</li><li>Tornar públicos todos os seus atos.</li><li>No caso da ausência temporária do Reitor e do Vice-Reitor, o Reitor indicará, dentre os Diretores dos Centros de Estudos, seu substituto.</li></ul>

<p>. O(A) Reitor(a) é o(a) agente executivo(a) da Universidade, ao(à) qual compete: Administrar a Universidade e representa-la em juízo ou fora dele. Zelar pela fiel execução da legislação da Universidade. Convocar e presidir os Órgãos Superiores Deliberativos da Universidade, fixando a pauta das sessões destes órgãos, propondo ou encaminhando assuntos que devam por eles ser [&hellip;]</p>
