{"id":1513,"date":"2022-10-18T15:51:49","date_gmt":"2022-10-18T18:51:49","guid":{"rendered":"https:\/\/sites.uel.br\/pdi\/?page_id=1513"},"modified":"2022-10-18T15:51:49","modified_gmt":"2022-10-18T18:51:49","slug":"reitora-vice-reitora","status":"publish","type":"page","link":"https:\/\/sites.uel.br\/pdi\/reitora-vice-reitora\/","title":{"rendered":"Reitor(a) \/ Vice-Reitor(a)"},"content":{"rendered":"\n<p class=\"has-text-color\" style=\"color:#fefefe\">.<\/p>\n\n\n\n<p>A Reitoria \u00e9 o \u00f3rg\u00e3o executivo da administra\u00e7\u00e3o da Universidade, cabendo-lhe superintender todas as atividades universit\u00e1rias. A constitui\u00e7\u00e3o, organiza\u00e7\u00e3o e funcionamento da Reitoria s\u00e3o regulados por Regimento pr\u00f3prio e na forma do que disp\u00f5em o Estatuto e o Regimento Geral da Universidade. As atividades de execu\u00e7\u00e3o da Reitoria s\u00e3o alicer\u00e7adas nos seguintes princ\u00edpios b\u00e1sicos: Planejamento, Descentraliza\u00e7\u00e3o, Delega\u00e7\u00e3o de Compet\u00eancia, Coordena\u00e7\u00e3o e Controle. Para a consecu\u00e7\u00e3o dos fins da Universidade \u2013 ensino, pesquisa e extens\u00e3o \u2013 a organiza\u00e7\u00e3o da Reitoria compreende as seguintes \u00e1reas: estruturais \u2013 \u00f3rg\u00e3os da Reitoria, como diretoria, divis\u00f5es, se\u00e7\u00f5es, setores e servi\u00e7os; e, funcionais \u2013 programas e projetos. A Reitoria \u00e9 exercida pelo Reitor e, em suas faltas ou impedimentos, pelo Vice-Reitor e, na falta deste, conforme o disposto no Estatuto.<\/p>\n","protected":false},"excerpt":{"rendered":"<p>. A Reitoria \u00e9 o \u00f3rg\u00e3o executivo da administra\u00e7\u00e3o da Universidade, cabendo-lhe superintender todas as atividades universit\u00e1rias. A constitui\u00e7\u00e3o, organiza\u00e7\u00e3o e funcionamento da Reitoria s\u00e3o regulados por Regimento pr\u00f3prio e na forma do que disp\u00f5em o Estatuto e o Regimento Geral da Universidade. As atividades de execu\u00e7\u00e3o da Reitoria s\u00e3o alicer\u00e7adas nos seguintes princ\u00edpios b\u00e1sicos: [&hellip;]<\/p>\n","protected":false},"author":8,"featured_media":0,"parent":0,"menu_order":0,"comment_status":"closed","ping_status":"closed","template":"","meta":{"footnotes":""},"class_list":["post-1513","page","type-page","status-publish","hentry"],"acf":[],"_links":{"self":[{"href":"https:\/\/sites.uel.br\/pdi\/wp-json\/wp\/v2\/pages\/1513","targetHints":{"allow":["GET"]}}],"collection":[{"href":"https:\/\/sites.uel.br\/pdi\/wp-json\/wp\/v2\/pages"}],"about":[{"href":"https:\/\/sites.uel.br\/pdi\/wp-json\/wp\/v2\/types\/page"}],"author":[{"embeddable":true,"href":"https:\/\/sites.uel.br\/pdi\/wp-json\/wp\/v2\/users\/8"}],"replies":[{"embeddable":true,"href":"https:\/\/sites.uel.br\/pdi\/wp-json\/wp\/v2\/comments?post=1513"}],"version-history":[{"count":1,"href":"https:\/\/sites.uel.br\/pdi\/wp-json\/wp\/v2\/pages\/1513\/revisions"}],"predecessor-version":[{"id":1514,"href":"https:\/\/sites.uel.br\/pdi\/wp-json\/wp\/v2\/pages\/1513\/revisions\/1514"}],"wp:attachment":[{"href":"https:\/\/sites.uel.br\/pdi\/wp-json\/wp\/v2\/media?parent=1513"}],"curies":[{"name":"wp","href":"https:\/\/api.w.org\/{rel}","templated":true}]}}

<p class="has-text-color" style="color:#fefefe">.</p>



<p>A Reitoria é o órgão executivo da administração da Universidade, cabendo-lhe superintender todas as atividades universitárias. A constituição, organização e funcionamento da Reitoria são regulados por Regimento próprio e na forma do que dispõem o Estatuto e o Regimento Geral da Universidade. As atividades de execução da Reitoria são alicerçadas nos seguintes princípios básicos: Planejamento, Descentralização, Delegação de Competência, Coordenação e Controle. Para a consecução dos fins da Universidade – ensino, pesquisa e extensão – a organização da Reitoria compreende as seguintes áreas: estruturais – órgãos da Reitoria, como diretoria, divisões, seções, setores e serviços; e, funcionais – programas e projetos. A Reitoria é exercida pelo Reitor e, em suas faltas ou impedimentos, pelo Vice-Reitor e, na falta deste, conforme o disposto no Estatuto.</p>

<p>. A Reitoria é o órgão executivo da administração da Universidade, cabendo-lhe superintender todas as atividades universitárias. A constituição, organização e funcionamento da Reitoria são regulados por Regimento próprio e na forma do que dispõem o Estatuto e o Regimento Geral da Universidade. As atividades de execução da Reitoria são alicerçadas nos seguintes princípios básicos: [&hellip;]</p>
