{"id":136,"date":"2022-09-07T14:09:05","date_gmt":"2022-09-07T17:09:05","guid":{"rendered":"https:\/\/sites.uel.br\/pdi\/?page_id=136"},"modified":"2022-09-07T14:09:05","modified_gmt":"2022-09-07T17:09:05","slug":"eixo-tematico-ii-projeto-pedagogico-institucional","status":"publish","type":"page","link":"https:\/\/sites.uel.br\/pdi\/eixo-tematico-ii-projeto-pedagogico-institucional\/","title":{"rendered":"Eixo Tem\u00e1tico II &#8211; PROJETO PEDAG\u00d3GICO INSTITUCIONAL"},"content":{"rendered":"\n<p class=\"has-text-color\" style=\"color:#fefefe\">&#8211;<\/p>\n\n\n\n<p>De acordo com os marcos legais e os documentos de refer\u00eancia citados, a descri\u00e7\u00e3o do Eixo Tem\u00e1tico II &#8211; Projeto Pedag\u00f3gico Institucional considerou os seguintes t\u00f3picos:&nbsp;<\/p>\n\n\n\n<ul class=\"wp-block-list\"><li>inser\u00e7\u00e3o regional da institui\u00e7\u00e3o (cultura, ci\u00eancia, economia, educa\u00e7\u00e3o, comunidade e redes);&nbsp;<\/li><li>princ\u00edpios filos\u00f3ficos e t\u00e9cnico-metodol\u00f3gicos da institui\u00e7\u00e3o (atividades acad\u00eamicas e n\u00edveis de forma\u00e7\u00e3o);&nbsp;<\/li><li>organiza\u00e7\u00e3o did\u00e1tico-pedag\u00f3gica da institui\u00e7\u00e3o (plano para atendimento \u00e0s diretrizes pedag\u00f3gicas);<\/li><li>pol\u00edticas de ensino (descri\u00e7\u00e3o, forma\u00e7\u00e3o e ensino e aprendizagem);&nbsp;<\/li><li>pol\u00edticas de extens\u00e3o (descri\u00e7\u00e3o, incentivo e conhecimento);&nbsp;<\/li><li>pol\u00edticas de pesquisa (descri\u00e7\u00e3o, fomento, ci\u00eancia, tecnologia e inova\u00e7\u00e3o);&nbsp;<\/li><li>pol\u00edticas de gest\u00e3o (descri\u00e7\u00e3o, organiza\u00e7\u00e3o institucional e administrativa); e,&nbsp;<\/li><li>responsabilidade social da institui\u00e7\u00e3o (inclus\u00e3o social, desenvolvimento econ\u00f4mico regional e bem estar da coletividade).<\/li><\/ul>\n","protected":false},"excerpt":{"rendered":"<p>&#8211; De acordo com os marcos legais e os documentos de refer\u00eancia citados, a descri\u00e7\u00e3o do Eixo Tem\u00e1tico II &#8211; Projeto Pedag\u00f3gico Institucional considerou os seguintes t\u00f3picos:&nbsp; inser\u00e7\u00e3o regional da institui\u00e7\u00e3o (cultura, ci\u00eancia, economia, educa\u00e7\u00e3o, comunidade e redes);&nbsp; princ\u00edpios filos\u00f3ficos e t\u00e9cnico-metodol\u00f3gicos da institui\u00e7\u00e3o (atividades acad\u00eamicas e n\u00edveis de forma\u00e7\u00e3o);&nbsp; organiza\u00e7\u00e3o did\u00e1tico-pedag\u00f3gica da institui\u00e7\u00e3o (plano [&hellip;]<\/p>\n","protected":false},"author":8,"featured_media":0,"parent":0,"menu_order":0,"comment_status":"closed","ping_status":"closed","template":"","meta":{"footnotes":""},"class_list":["post-136","page","type-page","status-publish","hentry"],"acf":[],"_links":{"self":[{"href":"https:\/\/sites.uel.br\/pdi\/wp-json\/wp\/v2\/pages\/136","targetHints":{"allow":["GET"]}}],"collection":[{"href":"https:\/\/sites.uel.br\/pdi\/wp-json\/wp\/v2\/pages"}],"about":[{"href":"https:\/\/sites.uel.br\/pdi\/wp-json\/wp\/v2\/types\/page"}],"author":[{"embeddable":true,"href":"https:\/\/sites.uel.br\/pdi\/wp-json\/wp\/v2\/users\/8"}],"replies":[{"embeddable":true,"href":"https:\/\/sites.uel.br\/pdi\/wp-json\/wp\/v2\/comments?post=136"}],"version-history":[{"count":1,"href":"https:\/\/sites.uel.br\/pdi\/wp-json\/wp\/v2\/pages\/136\/revisions"}],"predecessor-version":[{"id":139,"href":"https:\/\/sites.uel.br\/pdi\/wp-json\/wp\/v2\/pages\/136\/revisions\/139"}],"wp:attachment":[{"href":"https:\/\/sites.uel.br\/pdi\/wp-json\/wp\/v2\/media?parent=136"}],"curies":[{"name":"wp","href":"https:\/\/api.w.org\/{rel}","templated":true}]}}