{"id":1162,"date":"2022-10-04T09:46:08","date_gmt":"2022-10-04T12:46:08","guid":{"rendered":"https:\/\/sites.uel.br\/pdi\/?page_id=1162"},"modified":"2022-10-17T12:58:54","modified_gmt":"2022-10-17T15:58:54","slug":"filo-o-festival-de-todas-as-artes","status":"publish","type":"page","link":"https:\/\/sites.uel.br\/pdi\/filo-o-festival-de-todas-as-artes\/","title":{"rendered":"FILO: O Festival de Todas as Artes"},"content":{"rendered":"\n<p class=\"has-text-color\" style=\"color:#fffefe\">.<\/p>\n\n\n\n<p>No ano de 1968, o Brasil vivia sua repress\u00e3o mais profunda provocada pelo regime militar, quando um grupo de estudantes universit\u00e1rios e intelectuais londrinenses se lan\u00e7ou em um desafio \u201csubversivo\u201d: criar um festival de artes. Em meio a eles, estava&nbsp;Nitis&nbsp;Jacon, uma jovem estudante de medicina e apaixonada pelo teatro que a princ\u00edpio foi convidada e, com o passar dos anos, se transformou no principal nome do hoje ent\u00e3o Festival Internacional de Londrina (FILO). Come\u00e7ando como um despretensioso festival universit\u00e1rio, o evento conquistou p\u00fablico e periodicidade na agenda da cidade. Com o tempo, passou a chamar aten\u00e7\u00e3o de produtores culturais do pa\u00eds, at\u00e9 conseguir promover a primeira Mostra Latino-Americana de Teatro no Brasil.<\/p>\n\n\n\n<p>O futuro car\u00e1ter internacional j\u00e1 come\u00e7ava aparecer. E assim, o Festival Internacional de Londrina (FILO) foi se configurando no que \u00e9 hoje: o festival mais antigo do continente e importante patrim\u00f4nio da hist\u00f3ria cultural do pa\u00eds. Atualmente sob a dire\u00e7\u00e3o de\u00a0Luis\u00a0Bertipaglia, o FILO agrega v\u00e1rias atividades art\u00edsticas como teatro, dan\u00e7a, m\u00fasica, literatura, cinema, oficinas, workshops, al\u00e9m dos projetos de inclus\u00e3o social. Em 2000, o FILO passou a ser conhecido como \u201cFestival de Todas as Artes\u201d. Em cada edi\u00e7\u00e3o, o evento recebe um p\u00fablico de, aproximadamente, 90 mil espectadores. De acordo com a criadora do Festival,\u00a0Nitis\u00a0Jacon, o FILO criou uma rede de comunica\u00e7\u00e3o com os bairros, os munic\u00edpios, depois com os estados, com a Am\u00e9rica Latina e, hoje, com o mundo todo. O Festival desenvolveu, tamb\u00e9m de acordo com\u00a0Nitis\u00a0Jacon, uma proposta de inclus\u00e3o cultural com os \u201cProjetos de Maio\u201d que possibilitou um trabalho de car\u00e1ter formativo e educacional, desenvolvido em comunidades locais por meio da linguagem art\u00edstica.<\/p>\n\n\n\n<p class=\"has-text-align-center\">O texto est\u00e1 citado na lista de refer\u00eancias como REVISTA UEL (2011).<\/p>\n","protected":false},"excerpt":{"rendered":"<p>. No ano de 1968, o Brasil vivia sua repress\u00e3o mais profunda provocada pelo regime militar, quando um grupo de estudantes universit\u00e1rios e intelectuais londrinenses se lan\u00e7ou em um desafio \u201csubversivo\u201d: criar um festival de artes. Em meio a eles, estava&nbsp;Nitis&nbsp;Jacon, uma jovem estudante de medicina e apaixonada pelo teatro que a princ\u00edpio foi convidada [&hellip;]<\/p>\n","protected":false},"author":8,"featured_media":0,"parent":0,"menu_order":0,"comment_status":"closed","ping_status":"closed","template":"","meta":{"footnotes":""},"class_list":["post-1162","page","type-page","status-publish","hentry"],"acf":[],"_links":{"self":[{"href":"https:\/\/sites.uel.br\/pdi\/wp-json\/wp\/v2\/pages\/1162","targetHints":{"allow":["GET"]}}],"collection":[{"href":"https:\/\/sites.uel.br\/pdi\/wp-json\/wp\/v2\/pages"}],"about":[{"href":"https:\/\/sites.uel.br\/pdi\/wp-json\/wp\/v2\/types\/page"}],"author":[{"embeddable":true,"href":"https:\/\/sites.uel.br\/pdi\/wp-json\/wp\/v2\/users\/8"}],"replies":[{"embeddable":true,"href":"https:\/\/sites.uel.br\/pdi\/wp-json\/wp\/v2\/comments?post=1162"}],"version-history":[{"count":2,"href":"https:\/\/sites.uel.br\/pdi\/wp-json\/wp\/v2\/pages\/1162\/revisions"}],"predecessor-version":[{"id":1274,"href":"https:\/\/sites.uel.br\/pdi\/wp-json\/wp\/v2\/pages\/1162\/revisions\/1274"}],"wp:attachment":[{"href":"https:\/\/sites.uel.br\/pdi\/wp-json\/wp\/v2\/media?parent=1162"}],"curies":[{"name":"wp","href":"https:\/\/api.w.org\/{rel}","templated":true}]}}

<p class="has-text-color" style="color:#fffefe">.</p>



<p>No ano de 1968, o Brasil vivia sua repressão mais profunda provocada pelo regime militar, quando um grupo de estudantes universitários e intelectuais londrinenses se lançou em um desafio “subversivo”: criar um festival de artes. Em meio a eles, estava&nbsp;Nitis&nbsp;Jacon, uma jovem estudante de medicina e apaixonada pelo teatro que a princípio foi convidada e, com o passar dos anos, se transformou no principal nome do hoje então Festival Internacional de Londrina (FILO). Começando como um despretensioso festival universitário, o evento conquistou público e periodicidade na agenda da cidade. Com o tempo, passou a chamar atenção de produtores culturais do país, até conseguir promover a primeira Mostra Latino-Americana de Teatro no Brasil.</p>



<p>O futuro caráter internacional já começava aparecer. E assim, o Festival Internacional de Londrina (FILO) foi se configurando no que é hoje: o festival mais antigo do continente e importante patrimônio da história cultural do país. Atualmente sob a direção de Luis Bertipaglia, o FILO agrega várias atividades artísticas como teatro, dança, música, literatura, cinema, oficinas, workshops, além dos projetos de inclusão social. Em 2000, o FILO passou a ser conhecido como “Festival de Todas as Artes”. Em cada edição, o evento recebe um público de, aproximadamente, 90 mil espectadores. De acordo com a criadora do Festival, Nitis Jacon, o FILO criou uma rede de comunicação com os bairros, os municípios, depois com os estados, com a América Latina e, hoje, com o mundo todo. O Festival desenvolveu, também de acordo com Nitis Jacon, uma proposta de inclusão cultural com os “Projetos de Maio” que possibilitou um trabalho de caráter formativo e educacional, desenvolvido em comunidades locais por meio da linguagem artística.</p>



<p class="has-text-align-center">O texto está citado na lista de referências como REVISTA UEL (2011).</p>

<p>. No ano de 1968, o Brasil vivia sua repressão mais profunda provocada pelo regime militar, quando um grupo de estudantes universitários e intelectuais londrinenses se lançou em um desafio “subversivo”: criar um festival de artes. Em meio a eles, estava&nbsp;Nitis&nbsp;Jacon, uma jovem estudante de medicina e apaixonada pelo teatro que a princípio foi convidada [&hellip;]</p>
