{"id":1156,"date":"2022-10-04T09:43:15","date_gmt":"2022-10-04T12:43:15","guid":{"rendered":"https:\/\/sites.uel.br\/pdi\/?page_id=1156"},"modified":"2022-10-17T13:00:50","modified_gmt":"2022-10-17T16:00:50","slug":"divisao-de-cinema-e-video-da-casa-de-cultura-da-uel","status":"publish","type":"page","link":"https:\/\/sites.uel.br\/pdi\/divisao-de-cinema-e-video-da-casa-de-cultura-da-uel\/","title":{"rendered":"Divis\u00e3o de Cinema e V\u00eddeo da Casa de Cultura da UEL"},"content":{"rendered":"\n<p class=\"has-white-color has-text-color\">.<\/p>\n\n\n\n<p>Criada em 1976, inicialmente como Setor de Cinema da Coordenadoria de A\u00e7\u00e3o Cultural da Universidade Estadual de Londrina, a atual Divis\u00e3o de Cinema e V\u00eddeo da Casa de Cultura da UEL (DCV) desenvolve junto \u00e0s comunidades universit\u00e1ria e externa um trabalho de difus\u00e3o da arte cinematogr\u00e1fica. Disponibiliza filmes alternativos, em geral desprezados pelo grande circuito comercial. Sem fins lucrativos e iniciado em julho de 1978, por ocasi\u00e3o do Cine Teatro Ouro Verde ao patrim\u00f4nio da UEL, este trabalho de informa\u00e7\u00e3o e forma\u00e7\u00e3o de plateias vinha se descaracterizando por conta da descontinuidade da exibi\u00e7\u00e3o cinematogr\u00e1fica, espremida por uma agenda com as mais diversas manifesta\u00e7\u00f5es art\u00edsticas. Entre 2002 e 2005 as atividades de cinema ficaram suspensas em fun\u00e7\u00e3o da reforma do Cine Teatro Ouro Verde, que inviabilizou a exibi\u00e7\u00e3o de filmes. A partir de 3 de novembro de 2005, a Universidade Estadual de Londrina e o&nbsp;Com-Tour&nbsp;Shopping Center realizaram um conv\u00eanio que viabilizou, n\u00e3o s\u00f3 para a cidade, mas tamb\u00e9m para a regi\u00e3o, a exibi\u00e7\u00e3o de filmes com elevada e comprovada qualidade art\u00edstica e cultural. O local escolhido foi a antiga sala Studio&nbsp;Com-Tour, rebatizada como Cine&nbsp;Com-Tour\/UEL.<\/p>\n\n\n\n<p class=\"has-text-align-center\">O texto est\u00e1 citado na lista de refer\u00eancias como CASA DE CULTURA (2022).<\/p>\n","protected":false},"excerpt":{"rendered":"<p>. Criada em 1976, inicialmente como Setor de Cinema da Coordenadoria de A\u00e7\u00e3o Cultural da Universidade Estadual de Londrina, a atual Divis\u00e3o de Cinema e V\u00eddeo da Casa de Cultura da UEL (DCV) desenvolve junto \u00e0s comunidades universit\u00e1ria e externa um trabalho de difus\u00e3o da arte cinematogr\u00e1fica. Disponibiliza filmes alternativos, em geral desprezados pelo grande [&hellip;]<\/p>\n","protected":false},"author":8,"featured_media":0,"parent":0,"menu_order":0,"comment_status":"closed","ping_status":"closed","template":"","meta":{"footnotes":""},"class_list":["post-1156","page","type-page","status-publish","hentry"],"acf":[],"_links":{"self":[{"href":"https:\/\/sites.uel.br\/pdi\/wp-json\/wp\/v2\/pages\/1156","targetHints":{"allow":["GET"]}}],"collection":[{"href":"https:\/\/sites.uel.br\/pdi\/wp-json\/wp\/v2\/pages"}],"about":[{"href":"https:\/\/sites.uel.br\/pdi\/wp-json\/wp\/v2\/types\/page"}],"author":[{"embeddable":true,"href":"https:\/\/sites.uel.br\/pdi\/wp-json\/wp\/v2\/users\/8"}],"replies":[{"embeddable":true,"href":"https:\/\/sites.uel.br\/pdi\/wp-json\/wp\/v2\/comments?post=1156"}],"version-history":[{"count":2,"href":"https:\/\/sites.uel.br\/pdi\/wp-json\/wp\/v2\/pages\/1156\/revisions"}],"predecessor-version":[{"id":1278,"href":"https:\/\/sites.uel.br\/pdi\/wp-json\/wp\/v2\/pages\/1156\/revisions\/1278"}],"wp:attachment":[{"href":"https:\/\/sites.uel.br\/pdi\/wp-json\/wp\/v2\/media?parent=1156"}],"curies":[{"name":"wp","href":"https:\/\/api.w.org\/{rel}","templated":true}]}}