{"id":1152,"date":"2022-10-04T09:41:16","date_gmt":"2022-10-04T12:41:16","guid":{"rendered":"https:\/\/sites.uel.br\/pdi\/?page_id=1152"},"modified":"2022-10-17T13:00:17","modified_gmt":"2022-10-17T16:00:17","slug":"divisao-de-artes-plasticas-da-casa-de-cultura-da-uel","status":"publish","type":"page","link":"https:\/\/sites.uel.br\/pdi\/divisao-de-artes-plasticas-da-casa-de-cultura-da-uel\/","title":{"rendered":"Divis\u00e3o de Artes Pl\u00e1sticas da Casa de Cultura da UEL"},"content":{"rendered":"\n<p class=\"has-text-color\" style=\"color:#fefefe\">.<\/p>\n\n\n\n<p>A Divis\u00e3o de Artes Pl\u00e1sticas foi fundada em 1971, por\u00e9m foi em 1992, ap\u00f3s o per\u00edodo de desativa\u00e7\u00e3o que efetivamente iniciou suas atividades sob a coordena\u00e7\u00e3o da professora Helena Maria Di Cavalcanti Mello, sendo sucedida logo depois (ainda em 1992) pela professora Maria Carla&nbsp;Guarinello&nbsp;de Ara\u00fajo Moreira, que foi quem tra\u00e7ou o perfil da Divis\u00e3o, estabelecendo metas e eixos norteadores das a\u00e7\u00f5es de acordo com propostas de arte contempor\u00e2nea. Segundo Maria Carla, desde o in\u00edcio houve a preocupa\u00e7\u00e3o de n\u00e3o transformar as a\u00e7\u00f5es em eventos pontuais e&nbsp;espetacularizados. Prevaleceu a escolha de investir em projetos que possibilitassem a compreens\u00e3o das artes visuais enquanto processo leg\u00edtimo e poss\u00edvel de conhecimento. Compreendeu-se que esse conhecimento se constru\u00eda dinamicamente a partir de visualidades, sentido e experimenta\u00e7\u00e3o. Neste sentido, a Divis\u00e3o foi pensada como um espa\u00e7o onde as proje\u00e7\u00f5es identit\u00e1rias pudessem ser constantemente redinamizadas. As exposi\u00e7\u00f5es, por conseguinte, eram admitidas como possibilidade de multiplica\u00e7\u00e3o de experi\u00eancias est\u00e9ticas, tanto para os artistas quanto para o p\u00fablico que as visitava.<\/p>\n\n\n\n<p>Fundamentando essas propostas, o trabalho da Divis\u00e3o de Artes Pl\u00e1sticas da Casa de Cultura da UEL fez de Londrina um polo de discuss\u00e3o e produ\u00e7\u00e3o&nbsp;de Arte Contempor\u00e2nea, trazendo importantes artistas e cr\u00edticos, cumprindo assim o papel de ponte entre o conhecimento produzido aqui e em diferentes pontos do pa\u00eds. Foram realizados projetos (exposi\u00e7\u00f5es, confer\u00eancias, workshops, mesas redondas, encontros com artistas, oficinas, media\u00e7\u00f5es, cursos, est\u00e1gios, grupos de estudo, interven\u00e7\u00f5es, lan\u00e7amentos de livros, entre outros), que estrategicamente aproximaram o p\u00fablico \u00e0 produ\u00e7\u00e3o art\u00edstica, envolvendo os profissionais da \u00e1rea (artistas, estudantes e professores de arte), oferecendo um espa\u00e7o para trocas de experi\u00eancias e viv\u00eancia. Distintas abordagens, tais como desenho, pintura, instala\u00e7\u00e3o, fotografia, v\u00eddeo, objeto, performance e suas deriva\u00e7\u00f5es interdisciplinares tiveram o espa\u00e7o e efetiva presen\u00e7a nos espa\u00e7os ocupados pela Divis\u00e3o de Artes Pl\u00e1sticas.<\/p>\n\n\n\n<p>Esse trabalho se intensificou ao longo dos anos, tendo sempre como base a seriedade e o comprometimento com os preceitos da Divis\u00e3o, estabelecendo conex\u00f5es com outras \u00e1reas de conhecimento e oferecendo um espa\u00e7o para discuss\u00f5es e novas propostas. Continua sendo compromisso da Divis\u00e3o de Artes Pl\u00e1sticas a permanente atualiza\u00e7\u00e3o em conson\u00e2ncia com a produ\u00e7\u00e3o contempor\u00e2nea de arte, que implica numa permanente aten\u00e7\u00e3o aos riscos implicados em se considerar o instante como o momento onde efetivamente acontecem os fen\u00f4menos que devem ser considerados pertinentes. Nesse sentido de urg\u00eancia, s\u00e3o desenvolvidos projetos, curadorias e media\u00e7\u00f5es que criem territ\u00f3rios de contamina\u00e7\u00e3o entre as linguagens, que permitam que o repertorio e o vocabul\u00e1rio sejam tamb\u00e9m atualizados e assim se estabele\u00e7a o perfil da Divis\u00e3o de Artes Pl\u00e1sticas, que entre museu e galeria de arte, se estabelece como centro de discuss\u00e3o e produ\u00e7\u00e3o de arte contempor\u00e2nea.<\/p>\n\n\n\n<p class=\"has-text-align-center\">O texto est\u00e1 citado na lista de refer\u00eancias como CASA DE CULTURA (2022).<\/p>\n","protected":false},"excerpt":{"rendered":"<p>. A Divis\u00e3o de Artes Pl\u00e1sticas foi fundada em 1971, por\u00e9m foi em 1992, ap\u00f3s o per\u00edodo de desativa\u00e7\u00e3o que efetivamente iniciou suas atividades sob a coordena\u00e7\u00e3o da professora Helena Maria Di Cavalcanti Mello, sendo sucedida logo depois (ainda em 1992) pela professora Maria Carla&nbsp;Guarinello&nbsp;de Ara\u00fajo Moreira, que foi quem tra\u00e7ou o perfil da Divis\u00e3o, [&hellip;]<\/p>\n","protected":false},"author":8,"featured_media":0,"parent":0,"menu_order":0,"comment_status":"closed","ping_status":"closed","template":"","meta":{"footnotes":""},"class_list":["post-1152","page","type-page","status-publish","hentry"],"acf":[],"_links":{"self":[{"href":"https:\/\/sites.uel.br\/pdi\/wp-json\/wp\/v2\/pages\/1152","targetHints":{"allow":["GET"]}}],"collection":[{"href":"https:\/\/sites.uel.br\/pdi\/wp-json\/wp\/v2\/pages"}],"about":[{"href":"https:\/\/sites.uel.br\/pdi\/wp-json\/wp\/v2\/types\/page"}],"author":[{"embeddable":true,"href":"https:\/\/sites.uel.br\/pdi\/wp-json\/wp\/v2\/users\/8"}],"replies":[{"embeddable":true,"href":"https:\/\/sites.uel.br\/pdi\/wp-json\/wp\/v2\/comments?post=1152"}],"version-history":[{"count":2,"href":"https:\/\/sites.uel.br\/pdi\/wp-json\/wp\/v2\/pages\/1152\/revisions"}],"predecessor-version":[{"id":1276,"href":"https:\/\/sites.uel.br\/pdi\/wp-json\/wp\/v2\/pages\/1152\/revisions\/1276"}],"wp:attachment":[{"href":"https:\/\/sites.uel.br\/pdi\/wp-json\/wp\/v2\/media?parent=1152"}],"curies":[{"name":"wp","href":"https:\/\/api.w.org\/{rel}","templated":true}]}}

Divisão de Artes Plásticas da Casa de Cultura da UEL

<p class="has-text-color" style="color:#fefefe">.</p>



<p>A Divisão de Artes Plásticas foi fundada em 1971, porém foi em 1992, após o período de desativação que efetivamente iniciou suas atividades sob a coordenação da professora Helena Maria Di Cavalcanti Mello, sendo sucedida logo depois (ainda em 1992) pela professora Maria Carla&nbsp;Guarinello&nbsp;de Araújo Moreira, que foi quem traçou o perfil da Divisão, estabelecendo metas e eixos norteadores das ações de acordo com propostas de arte contemporânea. Segundo Maria Carla, desde o início houve a preocupação de não transformar as ações em eventos pontuais e&nbsp;espetacularizados. Prevaleceu a escolha de investir em projetos que possibilitassem a compreensão das artes visuais enquanto processo legítimo e possível de conhecimento. Compreendeu-se que esse conhecimento se construía dinamicamente a partir de visualidades, sentido e experimentação. Neste sentido, a Divisão foi pensada como um espaço onde as projeções identitárias pudessem ser constantemente redinamizadas. As exposições, por conseguinte, eram admitidas como possibilidade de multiplicação de experiências estéticas, tanto para os artistas quanto para o público que as visitava.</p>



<p>Fundamentando essas propostas, o trabalho da Divisão de Artes Plásticas da Casa de Cultura da UEL fez de Londrina um polo de discussão e produção&nbsp;de Arte Contemporânea, trazendo importantes artistas e críticos, cumprindo assim o papel de ponte entre o conhecimento produzido aqui e em diferentes pontos do país. Foram realizados projetos (exposições, conferências, workshops, mesas redondas, encontros com artistas, oficinas, mediações, cursos, estágios, grupos de estudo, intervenções, lançamentos de livros, entre outros), que estrategicamente aproximaram o público à produção artística, envolvendo os profissionais da área (artistas, estudantes e professores de arte), oferecendo um espaço para trocas de experiências e vivência. Distintas abordagens, tais como desenho, pintura, instalação, fotografia, vídeo, objeto, performance e suas derivações interdisciplinares tiveram o espaço e efetiva presença nos espaços ocupados pela Divisão de Artes Plásticas.</p>



<p>Esse trabalho se intensificou ao longo dos anos, tendo sempre como base a seriedade e o comprometimento com os preceitos da Divisão, estabelecendo conexões com outras áreas de conhecimento e oferecendo um espaço para discussões e novas propostas. Continua sendo compromisso da Divisão de Artes Plásticas a permanente atualização em consonância com a produção contemporânea de arte, que implica numa permanente atenção aos riscos implicados em se considerar o instante como o momento onde efetivamente acontecem os fenômenos que devem ser considerados pertinentes. Nesse sentido de urgência, são desenvolvidos projetos, curadorias e mediações que criem territórios de contaminação entre as linguagens, que permitam que o repertorio e o vocabulário sejam também atualizados e assim se estabeleça o perfil da Divisão de Artes Plásticas, que entre museu e galeria de arte, se estabelece como centro de discussão e produção de arte contemporânea.</p>



<p class="has-text-align-center">O texto está citado na lista de referências como CASA DE CULTURA (2022).</p>

<p>. A Divisão de Artes Plásticas foi fundada em 1971, porém foi em 1992, após o período de desativação que efetivamente iniciou suas atividades sob a coordenação da professora Helena Maria Di Cavalcanti Mello, sendo sucedida logo depois (ainda em 1992) pela professora Maria Carla&nbsp;Guarinello&nbsp;de Araújo Moreira, que foi quem traçou o perfil da Divisão, [&hellip;]</p>
