{"id":1146,"date":"2022-10-04T09:35:42","date_gmt":"2022-10-04T12:35:42","guid":{"rendered":"https:\/\/sites.uel.br\/pdi\/?page_id=1146"},"modified":"2022-10-04T09:35:42","modified_gmt":"2022-10-04T12:35:42","slug":"nucleo-de-documentacao-e-pesquisa-historica","status":"publish","type":"page","link":"https:\/\/sites.uel.br\/pdi\/nucleo-de-documentacao-e-pesquisa-historica\/","title":{"rendered":"N\u00facleo de Documenta\u00e7\u00e3o e Pesquisa Hist\u00f3rica"},"content":{"rendered":"\n<p class=\"has-white-color has-text-color\">.<\/p>\n\n\n\n<p>Nos anos sessenta do s\u00e9culo XX, a partir da iniciativa de um grupo de professores da antiga Faculdade de Filosofia, Ci\u00eancias e Letras de Londrina, foi promovida uma campanha de coleta de material \u2013 documentos e pe\u00e7as \u2013, visando a funda\u00e7\u00e3o do futuro Museu e Arquivo Hist\u00f3rico. Em 1973, o ent\u00e3o chamado Arquivo Hist\u00f3rico foi transferido para uma das salas do Campus Universit\u00e1rio. Continuou recebendo doa\u00e7\u00f5es, especialmente para suas cole\u00e7\u00f5es de peri\u00f3dicos.<\/p>\n\n\n\n<p>Por volta de meados dos anos oitenta, a \u00e1rea de Hist\u00f3ria, do Departamento de Hist\u00f3ria e Filosofia, decidiu reativar e reestruturar o Arquivo, com a ajuda dos professores e estagi\u00e1rios do curso, transformando-o n\u00e3o s\u00f3 em laborat\u00f3rio dos alunos do curso de Hist\u00f3ria, mas tamb\u00e9m, em Centro de Documenta\u00e7\u00e3o e Pesquisa Hist\u00f3rica (CDPH). O CDPH, desde ent\u00e3o, expandiu sua estrutura f\u00edsica e administrativa. Novos equipamentos, doa\u00e7\u00f5es de cole\u00e7\u00f5es privadas, dentre outras, tornaram-se um dos mais importantes centros de documenta\u00e7\u00e3o e de pesquisa referente ao Norte do Paran\u00e1.<\/p>\n\n\n\n<p>Em 2005 foram inauguradas as novas instala\u00e7\u00f5es do CDPH, no t\u00e9rreo do Instituto de Refer\u00eancia em Ci\u00eancias Humanas (IRCH), do Centro de Letras e Ci\u00eancias Humanas da Universidade Estadual de Londrina. A partir do ano de 2005 deliberou-se pela reformula\u00e7\u00e3o e o recorte tem\u00e1tico em Hist\u00f3ria das Am\u00e9ricas ao mesmo tempo em que atende \u00e0s demandas das linhas de pesquisa do Departamento de Hist\u00f3ria, cujo programa de\u00a0pr\u00f3s-gradua\u00e7\u00e3o\u00a0stricto sensu est\u00e1 voltado \u00e0 Hist\u00f3ria Social.Em 2016 o \u00f3rg\u00e3o passou por uma transforma\u00e7\u00e3o administrativa ao se constituir um N\u00facleo de Estudos, por meio da Resolu\u00e7\u00e3o CEPE\/CA 072\/2016 de 31 de agosto. Seu nome foi alterado para N\u00facleo de\u00a0Documenta\u00e7\u00e3o e Pesquisa Hist\u00f3rica (NDPH). Sua gest\u00e3o passou a ser feita por um diretor e um vice, assessorados por um Conselho de N\u00facleo com fun\u00e7\u00f5es deliberativas.<\/p>\n\n\n\n<p>Os profissionais do NDPH possuem conhecimento para a presta\u00e7\u00e3o de servi\u00e7os nos segmentos de organiza\u00e7\u00e3o de documenta\u00e7\u00e3o, arquivos e acervos. Os servi\u00e7os desenvolvidos na \u00e1rea s\u00e3o: gest\u00e3o de documentos (arquivos, cole\u00e7\u00f5es e acervos) em idade permanente (hist\u00f3ricos); implanta\u00e7\u00e3o e estrutura\u00e7\u00e3o de Centros de Documenta\u00e7\u00e3o ou Centros de Mem\u00f3ria; e, realiza\u00e7\u00e3o de oficinas e workshops relacionados ao trabalho desenvolvido em nossa institui\u00e7\u00e3o.<\/p>\n\n\n\n<p>O NDPH orienta-se em torno do tema Hist\u00f3ria Regional possuindo cole\u00e7\u00f5es sobre Londrina e o Norte do Paran\u00e1, sobretudo em virtude de sua localiza\u00e7\u00e3o e da sua import\u00e2ncia para a forma\u00e7\u00e3o da comunidade a qual est\u00e1 vinculada. O acervo est\u00e1 a disposi\u00e7\u00e3o dos pesquisadores e da comunidade em geral, com as disponibiliza\u00e7\u00e3o das seguintes fontes:<\/p>\n\n\n\n<p>Fontes Orais: o acervo \u00e9 composto de um total aproximado de 450 m\u00eddias contendo entrevistas, depoimentos, confer\u00eancias, filmes e eventos.<\/p>\n\n\n\n<p>Fototeca: o acervo comp\u00f5e-se de aproximadamente cinco mil fotos, resultado de in\u00fameras doa\u00e7\u00f5es realizadas pela comunidade.<\/p>\n\n\n\n<p>Hemeroteca: o acervo \u00e9 composto pelas cole\u00e7\u00f5es dos jornais O Estado de S\u00e3o Paulo (microfilme), Folha de Londrina, Jornal de Londrina e o Jornal do Com\u00e9rcio (Londrina), bem como das revistas O Cruzeiro, Isto \u00c9, Manchete, Veja e Vis\u00e3o.<\/p>\n\n\n\n<p>Arquivos Institucionais: Associa\u00e7\u00e3o Brasileira de Reforma Agr\u00e1ria, Associa\u00e7\u00e3o Projeto de Educa\u00e7\u00e3o do Assalariado Rural Tempor\u00e1rio, Col\u00e9gio M\u00e3e de Deus, Comiss\u00e3o Pastoral da Terra\/Paran\u00e1, P\u00e1ginas Censuradas d\u2019O S\u00e3o Paulo, Servi\u00e7o Nacional de Informa\u00e7\u00f5es\/Paran\u00e1, entre outros.<\/p>\n\n\n\n<p>Arquivos Pessoais: Fundo Oswald\u00a0Nixdorf, Fundo Michael\u00a0Traumann, Fundo Paulo\u00a0K. Baba, Cole\u00e7\u00e3o Joana D\u2019Arc\u00a0Bizzotto\u00a0Lopes, Cole\u00e7\u00e3o Am\u00e9lia Foggia, Cole\u00e7\u00e3o Jos\u00e9\u00a0Joffily, Cole\u00e7\u00e3o Jos\u00e9 Richa e Cole\u00e7\u00e3o Oswaldo Coimbra.<\/p>\n\n\n\n<p>Dentre as in\u00fameras atividades que desenvolve, o NDPH oferece oportunidades com as seguintes a\u00e7\u00f5es educativas:<\/p>\n\n\n\n<p>Est\u00e1gios. O NDPH \u00e9 campo de est\u00e1gio curricular n\u00e3o obrigat\u00f3rio para os alunos de gradua\u00e7\u00e3o e p\u00f3s-gradua\u00e7\u00e3o da Universidade Estadual de Londrina nas \u00e1reas de Hist\u00f3ria, Ci\u00eancias Sociais, Arquivologia, Biblioteconomia, Geografia, dentre outras.<\/p>\n\n\n\n<p>Visitas Monitoradas (Modalidade: Hist\u00f3rico-Did\u00e1tica). O objetivo \u00e9 apresentar a institui\u00e7\u00e3o ao visitante, com especial aten\u00e7\u00e3o \u00e0 sua hist\u00f3ria, sua relev\u00e2ncia social e o processo de forma\u00e7\u00e3o do seu acervo. A visita\u00e7\u00e3o \u00e9 aberta a todos os interessados em conhecer o cotidiano de um centro de documenta\u00e7\u00e3o hist\u00f3rica.<\/p>\n\n\n\n<p>Visitas Monitoradas (Modalidade: T\u00e9cnico-Cient\u00edfica). O NDPH recebe profissionais (individualmente ou em grupos) interessados em conhecer a sua estrutura f\u00edsica, sua organiza\u00e7\u00e3o administrativa e pr\u00e1ticas de gest\u00e3o arquiv\u00edstica de seu acervo documental. A finalidade desta modalidade \u00e9 estritamente profissional. O perfil do p\u00fablico interessado neste tipo de visita\u00e7\u00e3o \u00e9 composto por profissionais (equipes t\u00e9cnicas e administrativas) de arquivos, bibliotecas, museus, memoriais, centros de mem\u00f3ria e centros de documenta\u00e7\u00e3o, al\u00e9m de estudantes de p\u00f3s-gradua\u00e7\u00e3o de Hist\u00f3ria, Ci\u00eancias Sociais, Arquivologia, Ci\u00eancias da Informa\u00e7\u00e3o e \u00e1reas\u00a0afins.<\/p>\n\n\n\n<p>Cursos de Extens\u00e3o.<\/p>\n\n\n\n<p>Eventos Acad\u00eamicos.<\/p>\n\n\n\n<p>Exposi\u00e7\u00f5es Culturais.<\/p>\n\n\n\n<p class=\"has-text-align-center\">O texto est\u00e1 citado na lista de refer\u00eancias como NDPH (2022).<\/p>\n","protected":false},"excerpt":{"rendered":"<p>. Nos anos sessenta do s\u00e9culo XX, a partir da iniciativa de um grupo de professores da antiga Faculdade de Filosofia, Ci\u00eancias e Letras de Londrina, foi promovida uma campanha de coleta de material \u2013 documentos e pe\u00e7as \u2013, visando a funda\u00e7\u00e3o do futuro Museu e Arquivo Hist\u00f3rico. Em 1973, o ent\u00e3o chamado Arquivo Hist\u00f3rico [&hellip;]<\/p>\n","protected":false},"author":8,"featured_media":0,"parent":0,"menu_order":0,"comment_status":"closed","ping_status":"closed","template":"","meta":{"footnotes":""},"class_list":["post-1146","page","type-page","status-publish","hentry"],"acf":[],"_links":{"self":[{"href":"https:\/\/sites.uel.br\/pdi\/wp-json\/wp\/v2\/pages\/1146","targetHints":{"allow":["GET"]}}],"collection":[{"href":"https:\/\/sites.uel.br\/pdi\/wp-json\/wp\/v2\/pages"}],"about":[{"href":"https:\/\/sites.uel.br\/pdi\/wp-json\/wp\/v2\/types\/page"}],"author":[{"embeddable":true,"href":"https:\/\/sites.uel.br\/pdi\/wp-json\/wp\/v2\/users\/8"}],"replies":[{"embeddable":true,"href":"https:\/\/sites.uel.br\/pdi\/wp-json\/wp\/v2\/comments?post=1146"}],"version-history":[{"count":1,"href":"https:\/\/sites.uel.br\/pdi\/wp-json\/wp\/v2\/pages\/1146\/revisions"}],"predecessor-version":[{"id":1147,"href":"https:\/\/sites.uel.br\/pdi\/wp-json\/wp\/v2\/pages\/1146\/revisions\/1147"}],"wp:attachment":[{"href":"https:\/\/sites.uel.br\/pdi\/wp-json\/wp\/v2\/media?parent=1146"}],"curies":[{"name":"wp","href":"https:\/\/api.w.org\/{rel}","templated":true}]}}

Núcleo de Documentação e Pesquisa Histórica

<p class="has-white-color has-text-color">.</p>



<p>Nos anos sessenta do século XX, a partir da iniciativa de um grupo de professores da antiga Faculdade de Filosofia, Ciências e Letras de Londrina, foi promovida uma campanha de coleta de material – documentos e peças –, visando a fundação do futuro Museu e Arquivo Histórico. Em 1973, o então chamado Arquivo Histórico foi transferido para uma das salas do Campus Universitário. Continuou recebendo doações, especialmente para suas coleções de periódicos.</p>



<p>Por volta de meados dos anos oitenta, a área de História, do Departamento de História e Filosofia, decidiu reativar e reestruturar o Arquivo, com a ajuda dos professores e estagiários do curso, transformando-o não só em laboratório dos alunos do curso de História, mas também, em Centro de Documentação e Pesquisa Histórica (CDPH). O CDPH, desde então, expandiu sua estrutura física e administrativa. Novos equipamentos, doações de coleções privadas, dentre outras, tornaram-se um dos mais importantes centros de documentação e de pesquisa referente ao Norte do Paraná.</p>



<p>Em 2005 foram inauguradas as novas instalações do CDPH, no térreo do Instituto de Referência em Ciências Humanas (IRCH), do Centro de Letras e Ciências Humanas da Universidade Estadual de Londrina. A partir do ano de 2005 deliberou-se pela reformulação e o recorte temático em História das Américas ao mesmo tempo em que atende às demandas das linhas de pesquisa do Departamento de História, cujo programa de prós-graduação stricto sensu está voltado à História Social.Em 2016 o órgão passou por uma transformação administrativa ao se constituir um Núcleo de Estudos, por meio da Resolução CEPE/CA 072/2016 de 31 de agosto. Seu nome foi alterado para Núcleo de Documentação e Pesquisa Histórica (NDPH). Sua gestão passou a ser feita por um diretor e um vice, assessorados por um Conselho de Núcleo com funções deliberativas.</p>



<p>Os profissionais do NDPH possuem conhecimento para a prestação de serviços nos segmentos de organização de documentação, arquivos e acervos. Os serviços desenvolvidos na área são: gestão de documentos (arquivos, coleções e acervos) em idade permanente (históricos); implantação e estruturação de Centros de Documentação ou Centros de Memória; e, realização de oficinas e workshops relacionados ao trabalho desenvolvido em nossa instituição.</p>



<p>O NDPH orienta-se em torno do tema História Regional possuindo coleções sobre Londrina e o Norte do Paraná, sobretudo em virtude de sua localização e da sua importância para a formação da comunidade a qual está vinculada. O acervo está a disposição dos pesquisadores e da comunidade em geral, com as disponibilização das seguintes fontes:</p>



<p>Fontes Orais: o acervo é composto de um total aproximado de 450 mídias contendo entrevistas, depoimentos, conferências, filmes e eventos.</p>



<p>Fototeca: o acervo compõe-se de aproximadamente cinco mil fotos, resultado de inúmeras doações realizadas pela comunidade.</p>



<p>Hemeroteca: o acervo é composto pelas coleções dos jornais O Estado de São Paulo (microfilme), Folha de Londrina, Jornal de Londrina e o Jornal do Comércio (Londrina), bem como das revistas O Cruzeiro, Isto É, Manchete, Veja e Visão.</p>



<p>Arquivos Institucionais: Associação Brasileira de Reforma Agrária, Associação Projeto de Educação do Assalariado Rural Temporário, Colégio Mãe de Deus, Comissão Pastoral da Terra/Paraná, Páginas Censuradas d’O São Paulo, Serviço Nacional de Informações/Paraná, entre outros.</p>



<p>Arquivos Pessoais: Fundo Oswald Nixdorf, Fundo Michael Traumann, Fundo Paulo K. Baba, Coleção Joana D’Arc Bizzotto Lopes, Coleção Amélia Foggia, Coleção José Joffily, Coleção José Richa e Coleção Oswaldo Coimbra.</p>



<p>Dentre as inúmeras atividades que desenvolve, o NDPH oferece oportunidades com as seguintes ações educativas:</p>



<p>Estágios. O NDPH é campo de estágio curricular não obrigatório para os alunos de graduação e pós-graduação da Universidade Estadual de Londrina nas áreas de História, Ciências Sociais, Arquivologia, Biblioteconomia, Geografia, dentre outras.</p>



<p>Visitas Monitoradas (Modalidade: Histórico-Didática). O objetivo é apresentar a instituição ao visitante, com especial atenção à sua história, sua relevância social e o processo de formação do seu acervo. A visitação é aberta a todos os interessados em conhecer o cotidiano de um centro de documentação histórica.</p>



<p>Visitas Monitoradas (Modalidade: Técnico-Científica). O NDPH recebe profissionais (individualmente ou em grupos) interessados em conhecer a sua estrutura física, sua organização administrativa e práticas de gestão arquivística de seu acervo documental. A finalidade desta modalidade é estritamente profissional. O perfil do público interessado neste tipo de visitação é composto por profissionais (equipes técnicas e administrativas) de arquivos, bibliotecas, museus, memoriais, centros de memória e centros de documentação, além de estudantes de pós-graduação de História, Ciências Sociais, Arquivologia, Ciências da Informação e áreas afins.</p>



<p>Cursos de Extensão.</p>



<p>Eventos Acadêmicos.</p>



<p>Exposições Culturais.</p>



<p class="has-text-align-center">O texto está citado na lista de referências como NDPH (2022).</p>

<p>. Nos anos sessenta do século XX, a partir da iniciativa de um grupo de professores da antiga Faculdade de Filosofia, Ciências e Letras de Londrina, foi promovida uma campanha de coleta de material – documentos e peças –, visando a fundação do futuro Museu e Arquivo Histórico. Em 1973, o então chamado Arquivo Histórico [&hellip;]</p>
