{"id":1142,"date":"2022-10-04T09:32:32","date_gmt":"2022-10-04T12:32:32","guid":{"rendered":"https:\/\/sites.uel.br\/pdi\/?page_id=1142"},"modified":"2022-10-04T09:32:32","modified_gmt":"2022-10-04T12:32:32","slug":"radio-uel-fm","status":"publish","type":"page","link":"https:\/\/sites.uel.br\/pdi\/radio-uel-fm\/","title":{"rendered":"R\u00e1dio UEL FM"},"content":{"rendered":"\n<p class=\"has-text-color\" style=\"color:#fefefe\">.<\/p>\n\n\n\n<p>Foi no dia 6 de junho de 1990 que a R\u00e1dio UEL FM, emissora de car\u00e1ter educativo, entrou no ar. Desde ent\u00e3o, apresenta uma programa\u00e7\u00e3o voltada basicamente para a m\u00fasica e para a informa\u00e7\u00e3o. Os fatos e as not\u00edcias do dia a dia da UEL, not\u00edcias e eventos culturais locais, nacionais e internacionais est\u00e3o presentes em seus programas jornal\u00edsticos.<\/p>\n\n\n\n<p>Com uma programa\u00e7\u00e3o que privilegia o melhor da MPB e abre espa\u00e7o para os novos valores da m\u00fasica brasileira que se destacam pela qualidade, mas que n\u00e3o t\u00eam acesso \u00e0s emissoras comerciais. O trabalho desenvolvido por diversos colaboradores possibilita uma diversidade que vai da \u00f3pera ao hip-hop, passando pelo jazz, samba, m\u00fasica caipira, choro, rock, m\u00fasica contempor\u00e2nea, m\u00fasica cl\u00e1ssica e bossa nova.<\/p>\n\n\n\n<p>O jornalismo da R\u00e1dio \u00e9 veiculado no programa UEL FM Not\u00edcia, \u00e0s 10 horas. A produ\u00e7\u00e3o di\u00e1ria leva 30 minutos de informa\u00e7\u00e3o ao ouvinte. O n\u00facleo de jornalismo ainda produz reportagens especiais sobre diversos temas do cotidiano, como pol\u00edtica, sa\u00fade, entre outros. As not\u00edcias internacionais s\u00e3o de responsabilidade da R\u00e1dio Fran\u00e7a Internacional, e os assuntos ligados ao comportamento humano est\u00e3o no programa Modos de Vida \u2013 Comportamento e Cultura, \u00e0s 15 horas. O lado cultural fica para o programa Trem das Onze.<\/p>\n\n\n\n<p>Tanto na \u00e1rea jornal\u00edstica, quanto na \u00e1rea de produ\u00e7\u00e3o de programas musicais, a R\u00e1dio UEL FM abre espa\u00e7o para estudantes do Curso de Comunica\u00e7\u00e3o Social, supervisionados pelos docentes e jornalistas da R\u00e1dio. Os estudantes participam dos Projetos de Ensino em R\u00e1dio, do Programa de Forma\u00e7\u00e3o Complementar em Jornalismo ou do Est\u00e1gio, para adquirir experi\u00eancias.<\/p>\n\n\n\n<p class=\"has-text-align-center\">O texto est\u00e1 citado na lista de refer\u00eancias como R\u00c1DIO UEL (2022).<\/p>\n","protected":false},"excerpt":{"rendered":"<p>. Foi no dia 6 de junho de 1990 que a R\u00e1dio UEL FM, emissora de car\u00e1ter educativo, entrou no ar. Desde ent\u00e3o, apresenta uma programa\u00e7\u00e3o voltada basicamente para a m\u00fasica e para a informa\u00e7\u00e3o. Os fatos e as not\u00edcias do dia a dia da UEL, not\u00edcias e eventos culturais locais, nacionais e internacionais est\u00e3o [&hellip;]<\/p>\n","protected":false},"author":8,"featured_media":0,"parent":0,"menu_order":0,"comment_status":"closed","ping_status":"closed","template":"","meta":{"footnotes":""},"class_list":["post-1142","page","type-page","status-publish","hentry"],"acf":[],"_links":{"self":[{"href":"https:\/\/sites.uel.br\/pdi\/wp-json\/wp\/v2\/pages\/1142","targetHints":{"allow":["GET"]}}],"collection":[{"href":"https:\/\/sites.uel.br\/pdi\/wp-json\/wp\/v2\/pages"}],"about":[{"href":"https:\/\/sites.uel.br\/pdi\/wp-json\/wp\/v2\/types\/page"}],"author":[{"embeddable":true,"href":"https:\/\/sites.uel.br\/pdi\/wp-json\/wp\/v2\/users\/8"}],"replies":[{"embeddable":true,"href":"https:\/\/sites.uel.br\/pdi\/wp-json\/wp\/v2\/comments?post=1142"}],"version-history":[{"count":1,"href":"https:\/\/sites.uel.br\/pdi\/wp-json\/wp\/v2\/pages\/1142\/revisions"}],"predecessor-version":[{"id":1143,"href":"https:\/\/sites.uel.br\/pdi\/wp-json\/wp\/v2\/pages\/1142\/revisions\/1143"}],"wp:attachment":[{"href":"https:\/\/sites.uel.br\/pdi\/wp-json\/wp\/v2\/media?parent=1142"}],"curies":[{"name":"wp","href":"https:\/\/api.w.org\/{rel}","templated":true}]}}

Rádio UEL FM

<p class="has-text-color" style="color:#fefefe">.</p>



<p>Foi no dia 6 de junho de 1990 que a Rádio UEL FM, emissora de caráter educativo, entrou no ar. Desde então, apresenta uma programação voltada basicamente para a música e para a informação. Os fatos e as notícias do dia a dia da UEL, notícias e eventos culturais locais, nacionais e internacionais estão presentes em seus programas jornalísticos.</p>



<p>Com uma programação que privilegia o melhor da MPB e abre espaço para os novos valores da música brasileira que se destacam pela qualidade, mas que não têm acesso às emissoras comerciais. O trabalho desenvolvido por diversos colaboradores possibilita uma diversidade que vai da ópera ao hip-hop, passando pelo jazz, samba, música caipira, choro, rock, música contemporânea, música clássica e bossa nova.</p>



<p>O jornalismo da Rádio é veiculado no programa UEL FM Notícia, às 10 horas. A produção diária leva 30 minutos de informação ao ouvinte. O núcleo de jornalismo ainda produz reportagens especiais sobre diversos temas do cotidiano, como política, saúde, entre outros. As notícias internacionais são de responsabilidade da Rádio França Internacional, e os assuntos ligados ao comportamento humano estão no programa Modos de Vida – Comportamento e Cultura, às 15 horas. O lado cultural fica para o programa Trem das Onze.</p>



<p>Tanto na área jornalística, quanto na área de produção de programas musicais, a Rádio UEL FM abre espaço para estudantes do Curso de Comunicação Social, supervisionados pelos docentes e jornalistas da Rádio. Os estudantes participam dos Projetos de Ensino em Rádio, do Programa de Formação Complementar em Jornalismo ou do Estágio, para adquirir experiências.</p>



<p class="has-text-align-center">O texto está citado na lista de referências como RÁDIO UEL (2022).</p>

<p>. Foi no dia 6 de junho de 1990 que a Rádio UEL FM, emissora de caráter educativo, entrou no ar. Desde então, apresenta uma programação voltada basicamente para a música e para a informação. Os fatos e as notícias do dia a dia da UEL, notícias e eventos culturais locais, nacionais e internacionais estão [&hellip;]</p>
