{"id":1127,"date":"2022-10-03T17:47:47","date_gmt":"2022-10-03T20:47:47","guid":{"rendered":"https:\/\/sites.uel.br\/pdi\/?page_id=1127"},"modified":"2022-10-03T17:47:47","modified_gmt":"2022-10-03T20:47:47","slug":"sistema-de-bibliotecas-da-uel","status":"publish","type":"page","link":"https:\/\/sites.uel.br\/pdi\/sistema-de-bibliotecas-da-uel\/","title":{"rendered":"Sistema de Bibliotecas da UEL"},"content":{"rendered":"\n<p class=\"has-white-color has-text-color\">.<\/p>\n\n\n\n<p>Em 1972, a Resolu\u00e7\u00e3o 123\/72 determinou a cria\u00e7\u00e3o da Biblioteca Central. Em 1981, por decorr\u00eancia de uma nova estrutura organizacional, foram unificadas as bibliotecas setoriais localizadas no campus universit\u00e1rio.<\/p>\n\n\n\n<p>O Sistema de Bibliotecas da UEL (SB\/UEL) \u00e9 coordenado pela Biblioteca Central (BC), que \u00e9 \u00d3rg\u00e3o de Apoio da UEL, vinculado administrativamente \u00e0 Reitoria, por delega\u00e7\u00e3o ao Vice-Reitor. \u00c9 composto por quatro unidades: Biblioteca Central (BC), Biblioteca Setorial do Centro de Ci\u00eancias da Sa\u00fade (BS\/CCS), Biblioteca Setorial do Escrit\u00f3rio de Aplica\u00e7\u00e3o de Assuntos Jur\u00eddicos (BS\/EAAJ) e Biblioteca Setorial de Ci\u00eancias Humanas (BS\/CH).<\/p>\n\n\n\n<p>A miss\u00e3o do Sistema de Bibliotecas \u00e9: \u201cPromover o acesso, a recupera\u00e7\u00e3o e a transfer\u00eancia da informa\u00e7\u00e3o para toda a comunidade universit\u00e1ria, de forma atualizada, \u00e1gil e qualificada, visando contribuir para a forma\u00e7\u00e3o profissional do cidad\u00e3o, colaborando, dessa forma, no desenvolvimento cient\u00edfico, tecnol\u00f3gico e cultural da sociedade como um todo\u201d.<\/p>\n\n\n\n<p>A Biblioteca Setorial Cl\u00ednica Odontol\u00f3gica surgiu a partir da cria\u00e7\u00e3o do curso de Odontologia junto aos por\u00f5es da Catedral Metropolitana de Londrina, onde permaneceu at\u00e9 1971. O acervo foi constru\u00eddo com doa\u00e7\u00f5es dos docentes oriundos, principalmente, do estado de S\u00e3o Paulo e outros para dar suporte ao curso. A primeira funcion\u00e1ria, Luzia\u00a0Harueko\u00a0Ueda, foi quem iniciou os trabalhos de organiza\u00e7\u00e3o do acervo de Odontologia e posteriormente o de Medicina, em 1967, motivo pelo qual foi nominada a primeira bibliotec\u00e1ria sem forma\u00e7\u00e3o, uma vez que ainda n\u00e3o havia o curso de Biblioteconomia. Em meados de 1972, o curso de Odontologia mudou-se para a Faculdade de Filosofia, Ci\u00eancias e Letras. Em sequ\u00eancia, mudou-se\u00a0para a Funda\u00e7\u00e3o Universidade Estadual de Londrina e para o pr\u00e9dio da Biblioteca, no qual passou por, pelo menos, quatro locais diferentes. Tamb\u00e9m em 1972, houve a cria\u00e7\u00e3o da Biblioteca Central e em 1981, por consequ\u00eancia da unifica\u00e7\u00e3o das Bibliotecas Setoriais no Campus, a Biblioteca de Odontologia permaneceu no centro de Londrina. A Biblioteca Setorial da Cl\u00ednica Odontol\u00f3gica permaneceu no pr\u00e9dio at\u00e9 18 de janeiro de 2019, sendo que seu acervo de livros e peri\u00f3dicos e servi\u00e7os passaram a ser desenvolvidos pela Biblioteca Central.<\/p>\n\n\n\n<p>A Biblioteca Setorial do CCS foi organizada para atender alunos e docentes dos cursos que compunham o Centro de Ci\u00eancias da Sa\u00fade (CCS), na antiga Faculdade de Medicina do Norte do Paran\u00e1 (Centro de Ci\u00eancias Biol\u00f3gicas \u2013 CCB), no Campus Universit\u00e1rio. Com a centraliza\u00e7\u00e3o das atividades dos cursos em 1975 no Hospital Universit\u00e1rio, sentiu-se a necessidade de um acervo direcionado \u00e0s necessidades acad\u00eamicas dos alunos de Medicina, Farm\u00e1cia, Enfermagem e Fisioterapia, culminando na mudan\u00e7a da Biblioteca Setorial de Ci\u00eancias da Sa\u00fade, em 1978, para o Hospital Universit\u00e1rio. Em 1980, a BS\/CCS passou a compor o Sistema de Bibliotecas e em 1989 o processamento t\u00e9cnico de seu acervo ficou sob responsabilidade da Biblioteca Central. Devido \u00e0 precariedade do im\u00f3vel em que a BS\/CCS estava alocada, muitos materiais se perdiam ou danificavam. Deste modo, a BS\/CCS mudou-se em 1991 para outro pr\u00e9dio tamb\u00e9m nos limites do Hospital Universit\u00e1rio. Em 2001, a BS\/CCS ganhou novas instala\u00e7\u00f5es com ambientes mais amplos e modernos.<\/p>\n\n\n\n<p>A Biblioteca Setorial do Escrit\u00f3rio de Aplica\u00e7\u00e3o de Assuntos Jur\u00eddicos foi a terceira setorial a integrar o Sistema de Bibliotecas. Sua oficializa\u00e7\u00e3o como Biblioteca Setorial ocorreu atrav\u00e9s do processo 219.723 de 19 de outubro de 1989, ficando respons\u00e1vel pelo acervo e atendimento espec\u00edfico da \u00e1rea do Direito. Fora do Campus Universit\u00e1rio, a BS\/EAAJ come\u00e7ou a atuar na Rua Pernambuco. Em 1997 mudou-se para a Rua Brasil, onde desenvolve suas atividades at\u00e9 o momento.<\/p>\n\n\n\n<p>A Biblioteca Setorial teve seu in\u00edcio a partir de um acervo especial no Centro de Letras e Ci\u00eancias Humanas. Em 2 de abril de 2003, iniciaram-se os trabalhos em salas adaptadas no Centro de Letras e Ci\u00eancias Humanas. O servi\u00e7o totalizava 1.939 livros e 5.975 fasc\u00edculos de peri\u00f3dicos. Os materiais eram provenientes de v\u00e1rias institui\u00e7\u00f5es, como Universidade Estadual de Campinas (Unicamp), Universidade do Vale do Rio dos Sinos (UNISINOS), Universidade de Mar\u00edlia (UNIMAR), Centro de Estudos de Cultura Contempor\u00e2nea (CEDEC), Academia Brasileira de Arte (ABRA) entre outros. Al\u00e9m desses materiais, foram processados cerca de outros 4000 itens. J\u00e1 em 2003, havia a possibilidade de constru\u00e7\u00e3o da Biblioteca Setorial de Ci\u00eancias Humanas. Em 22 de mar\u00e7o de 2004, iniciou-se o atendimento aos usu\u00e1rios no Acervo Especial. Em 25 de julho de 2004, foi assinado o conv\u00eanio MEC\/UEL para a constru\u00e7\u00e3o da Biblioteca Setorial de Ci\u00eancias Humanas. Em 7 de dezembro de 2004, o pr\u00e9dio foi entregue. Em 15 de julho de 2005, a Biblioteca Setorial de Ci\u00eancias Humanas iniciou suas atividades de atendimento e consequentemente o Acervo Especial foi desativado para o atendimento e parte do material passou a compor a BS\/CH.<\/p>\n\n\n\n<p class=\"has-text-align-center\">O texto est\u00e1 citado na lista de refer\u00eancias como BIBLIOTECA (2022).<\/p>\n","protected":false},"excerpt":{"rendered":"<p>. Em 1972, a Resolu\u00e7\u00e3o 123\/72 determinou a cria\u00e7\u00e3o da Biblioteca Central. Em 1981, por decorr\u00eancia de uma nova estrutura organizacional, foram unificadas as bibliotecas setoriais localizadas no campus universit\u00e1rio. O Sistema de Bibliotecas da UEL (SB\/UEL) \u00e9 coordenado pela Biblioteca Central (BC), que \u00e9 \u00d3rg\u00e3o de Apoio da UEL, vinculado administrativamente \u00e0 Reitoria, por [&hellip;]<\/p>\n","protected":false},"author":8,"featured_media":0,"parent":0,"menu_order":0,"comment_status":"closed","ping_status":"closed","template":"","meta":{"footnotes":""},"class_list":["post-1127","page","type-page","status-publish","hentry"],"acf":[],"_links":{"self":[{"href":"https:\/\/sites.uel.br\/pdi\/wp-json\/wp\/v2\/pages\/1127","targetHints":{"allow":["GET"]}}],"collection":[{"href":"https:\/\/sites.uel.br\/pdi\/wp-json\/wp\/v2\/pages"}],"about":[{"href":"https:\/\/sites.uel.br\/pdi\/wp-json\/wp\/v2\/types\/page"}],"author":[{"embeddable":true,"href":"https:\/\/sites.uel.br\/pdi\/wp-json\/wp\/v2\/users\/8"}],"replies":[{"embeddable":true,"href":"https:\/\/sites.uel.br\/pdi\/wp-json\/wp\/v2\/comments?post=1127"}],"version-history":[{"count":1,"href":"https:\/\/sites.uel.br\/pdi\/wp-json\/wp\/v2\/pages\/1127\/revisions"}],"predecessor-version":[{"id":1128,"href":"https:\/\/sites.uel.br\/pdi\/wp-json\/wp\/v2\/pages\/1127\/revisions\/1128"}],"wp:attachment":[{"href":"https:\/\/sites.uel.br\/pdi\/wp-json\/wp\/v2\/media?parent=1127"}],"curies":[{"name":"wp","href":"https:\/\/api.w.org\/{rel}","templated":true}]}}