{"id":1125,"date":"2022-10-03T17:45:30","date_gmt":"2022-10-03T20:45:30","guid":{"rendered":"https:\/\/sites.uel.br\/pdi\/?page_id=1125"},"modified":"2022-10-03T17:45:30","modified_gmt":"2022-10-03T20:45:30","slug":"nucleo-de-estudos-afro-brasileiros","status":"publish","type":"page","link":"https:\/\/sites.uel.br\/pdi\/nucleo-de-estudos-afro-brasileiros\/","title":{"rendered":"N\u00facleo de Estudos Afro-Brasileiros"},"content":{"rendered":"\n<p class=\"has-white-color has-text-color\">.<\/p>\n\n\n\n<p>Institu\u00eddo em 13 de junho de 1985, pelo Ato Executivo 764\/85, com nome de NEAA \u2013 N\u00facleo de Estudos Afro-Asi\u00e1ticos, com o objetivo de desenvolver estudos afro-brasileiros e africanos e da di\u00e1spora em geral, especialmente atrav\u00e9s do interc\u00e2mbio entre a Universidade Estadual de Londrina e outras institui\u00e7\u00f5es cong\u00eaneres. O Ato Executivo 043\/14 alterou o nome para NEAB \u2013 N\u00facleo de Estudos Afro-Brasileiros, manteve os objetivos e suprimiu a palavra \u201cAsi\u00e1ticos\u201d. Considerando o Ato Executivo e suas finalidades, o NEAB tem desenvolvido pesquisas, cursos, confer\u00eancias, encontros, publica\u00e7\u00f5es, priorizando quest\u00f5es s\u00f3cio-hist\u00f3ricas e pedag\u00f3gicas sobre estudos afro-brasileiros, africanos em diferentes sociedades. De forma interdisciplinar, busca tamb\u00e9m subsidiar a produ\u00e7\u00e3o de conhecimento para formula\u00e7\u00e3o das bases de combate ao preconceito, ao racismo e \u00e0 discrimina\u00e7\u00e3o racional. O NEAB tem ainda, difundido a realidade afro-brasileira atrav\u00e9s do ensino, pesquisa e extens\u00e3o, promovendo e incentivando o estudo e a pesquisa das popula\u00e7\u00f5es de origem africana no mundo. Para tanto, busca manter as rela\u00e7\u00f5es cient\u00edficas, cong\u00eaneres, culturais e art\u00edsticas que incentivam os mesmos objetivos. A sede de NEAB \u00e9 localizada na Biblioteca L\u00e9lia Gonzalez, onde s\u00e3o mantidos documentos e dados especializados sobre os temas de interesse do n\u00facleo.<\/p>\n\n\n\n<p class=\"has-text-align-center\">O texto est\u00e1 citado na lista de refer\u00eancias como&nbsp;NEAB (2022).<\/p>\n","protected":false},"excerpt":{"rendered":"<p>. Institu\u00eddo em 13 de junho de 1985, pelo Ato Executivo 764\/85, com nome de NEAA \u2013 N\u00facleo de Estudos Afro-Asi\u00e1ticos, com o objetivo de desenvolver estudos afro-brasileiros e africanos e da di\u00e1spora em geral, especialmente atrav\u00e9s do interc\u00e2mbio entre a Universidade Estadual de Londrina e outras institui\u00e7\u00f5es cong\u00eaneres. O Ato Executivo 043\/14 alterou o [&hellip;]<\/p>\n","protected":false},"author":8,"featured_media":0,"parent":0,"menu_order":0,"comment_status":"closed","ping_status":"closed","template":"","meta":{"footnotes":""},"class_list":["post-1125","page","type-page","status-publish","hentry"],"acf":[],"_links":{"self":[{"href":"https:\/\/sites.uel.br\/pdi\/wp-json\/wp\/v2\/pages\/1125","targetHints":{"allow":["GET"]}}],"collection":[{"href":"https:\/\/sites.uel.br\/pdi\/wp-json\/wp\/v2\/pages"}],"about":[{"href":"https:\/\/sites.uel.br\/pdi\/wp-json\/wp\/v2\/types\/page"}],"author":[{"embeddable":true,"href":"https:\/\/sites.uel.br\/pdi\/wp-json\/wp\/v2\/users\/8"}],"replies":[{"embeddable":true,"href":"https:\/\/sites.uel.br\/pdi\/wp-json\/wp\/v2\/comments?post=1125"}],"version-history":[{"count":1,"href":"https:\/\/sites.uel.br\/pdi\/wp-json\/wp\/v2\/pages\/1125\/revisions"}],"predecessor-version":[{"id":1126,"href":"https:\/\/sites.uel.br\/pdi\/wp-json\/wp\/v2\/pages\/1125\/revisions\/1126"}],"wp:attachment":[{"href":"https:\/\/sites.uel.br\/pdi\/wp-json\/wp\/v2\/media?parent=1125"}],"curies":[{"name":"wp","href":"https:\/\/api.w.org\/{rel}","templated":true}]}}

Núcleo de Estudos Afro-Brasileiros

<p class="has-white-color has-text-color">.</p>



<p>Instituído em 13 de junho de 1985, pelo Ato Executivo 764/85, com nome de NEAA – Núcleo de Estudos Afro-Asiáticos, com o objetivo de desenvolver estudos afro-brasileiros e africanos e da diáspora em geral, especialmente através do intercâmbio entre a Universidade Estadual de Londrina e outras instituições congêneres. O Ato Executivo 043/14 alterou o nome para NEAB – Núcleo de Estudos Afro-Brasileiros, manteve os objetivos e suprimiu a palavra “Asiáticos”. Considerando o Ato Executivo e suas finalidades, o NEAB tem desenvolvido pesquisas, cursos, conferências, encontros, publicações, priorizando questões sócio-históricas e pedagógicas sobre estudos afro-brasileiros, africanos em diferentes sociedades. De forma interdisciplinar, busca também subsidiar a produção de conhecimento para formulação das bases de combate ao preconceito, ao racismo e à discriminação racional. O NEAB tem ainda, difundido a realidade afro-brasileira através do ensino, pesquisa e extensão, promovendo e incentivando o estudo e a pesquisa das populações de origem africana no mundo. Para tanto, busca manter as relações científicas, congêneres, culturais e artísticas que incentivam os mesmos objetivos. A sede de NEAB é localizada na Biblioteca Lélia Gonzalez, onde são mantidos documentos e dados especializados sobre os temas de interesse do núcleo.</p>



<p class="has-text-align-center">O texto está citado na lista de referências como&nbsp;NEAB (2022).</p>

<p>. Instituído em 13 de junho de 1985, pelo Ato Executivo 764/85, com nome de NEAA – Núcleo de Estudos Afro-Asiáticos, com o objetivo de desenvolver estudos afro-brasileiros e africanos e da diáspora em geral, especialmente através do intercâmbio entre a Universidade Estadual de Londrina e outras instituições congêneres. O Ato Executivo 043/14 alterou o [&hellip;]</p>
