{"id":1112,"date":"2022-10-03T17:41:12","date_gmt":"2022-10-03T20:41:12","guid":{"rendered":"https:\/\/sites.uel.br\/pdi\/?page_id=1112"},"modified":"2022-11-12T18:51:44","modified_gmt":"2022-11-12T21:51:44","slug":"casa-de-cultura","status":"publish","type":"page","link":"https:\/\/sites.uel.br\/pdi\/casa-de-cultura\/","title":{"rendered":"Casa de Cultura"},"content":{"rendered":"\n<p class=\"has-white-color has-text-color\">.<\/p>\n\n\n\n<p>Criada como Coordenadoria de Assuntos Culturais em 1971, transformada em Diretoria de A\u00e7\u00e3o Cultural vinculada \u00e0 Coordenadoria de Extens\u00e3o \u00e0 Comunidade, tornou-se \u00d3rg\u00e3o Suplementar da UEL em 1978, denominado Casa de Cultura. Est\u00e1 vinculada academicamente ao Centro de Educa\u00e7\u00e3o, Comunica\u00e7\u00e3o e Artes (CECA) e subordinada administrativamente \u00e0 Reitoria.<\/p>\n\n\n\n<p>Por sua condi\u00e7\u00e3o de \u00d3rg\u00e3o Suplementar, a Casa de Cultura articula-se com a sociedade, de forma que fa\u00e7a valer o compromisso com o ensino, a pesquisa e a extens\u00e3o, desenvolvendo programas, projetos e atividades sob diversos aspectos que implicam a produ\u00e7\u00e3o do conhecimento, da cultura e da arte. Refer\u00eancia central no incentivo, produ\u00e7\u00e3o e fomento de atividades culturais e art\u00edsticas, as a\u00e7\u00f5es da Casa de Cultura s\u00e3o desenvolvidas por meio de suas Divis\u00f5es: Divis\u00e3o de Artes C\u00eanicas, Divis\u00e3o de Artes Pl\u00e1sticas, Divis\u00e3o de M\u00fasica e Divis\u00e3o de Cinema e V\u00eddeo. Como promotora, apoiadora ou parceira, est\u00e1 presente nos mais importantes acontecimentos culturais da cidade e regi\u00e3o.<\/p>\n\n\n\n<p>A Casa de Cultura abriga, ainda, o Cine Teatro Universit\u00e1rio Ouro Verde e o Centro de Documenta\u00e7\u00e3o que possui um significativo acervo sonoro, impresso e audiovisual. Entre as a\u00e7\u00f5es das Divis\u00f5es, s\u00e3o destacadas as seguintes: Londrina Mostra de Teatro e Circo; Arte Londrina; concertos da Orquestra Sinf\u00f4nica da UEL; apresenta\u00e7\u00f5es dos Coros da UEL (Coro UEL,&nbsp;Juvenil, Infantil, Tempos Dourados, \u00c9pocas e HU); apresenta\u00e7\u00f5es do NEUMA \u2013&nbsp;Esemble&nbsp;Universit\u00e1rio de M\u00fasica Antiga; concertos da Orquestra Barroca&nbsp;Capriccio&nbsp;Stravagante&nbsp;(OBCS); parceria com o Festival Internacional de Londrina (FILO); e, parceria com o Festival Internacional de M\u00fasica de Londrina (FML).<\/p>\n\n\n\n<div class=\"wp-block-columns is-not-stacked-on-mobile is-layout-flex wp-container-core-columns-is-layout-9d6595d7 wp-block-columns-is-layout-flex\">\n<div class=\"wp-block-column is-layout-flow wp-block-column-is-layout-flow\">\n<figure class=\"wp-block-gallery has-nested-images columns-default is-cropped wp-block-gallery-1 is-layout-flex wp-block-gallery-is-layout-flex\">\n<figure class=\"wp-block-image size-large\"><a href=\"https:\/\/sites.uel.br\/pdi\/divisao-de-musica-da-casa-de-cultura-da-uel\/\"><img loading=\"lazy\" decoding=\"async\" width=\"1024\" height=\"572\" data-id=\"2552\" src=\"https:\/\/sites.uel.br\/pdi\/wp-content\/uploads\/2022\/11\/cascul01-1024x572.png\" alt=\"\" class=\"wp-image-2552\" srcset=\"https:\/\/sites.uel.br\/pdi\/wp-content\/uploads\/2022\/11\/cascul01-1024x572.png 1024w, https:\/\/sites.uel.br\/pdi\/wp-content\/uploads\/2022\/11\/cascul01-300x168.png 300w, https:\/\/sites.uel.br\/pdi\/wp-content\/uploads\/2022\/11\/cascul01-768x429.png 768w, https:\/\/sites.uel.br\/pdi\/wp-content\/uploads\/2022\/11\/cascul01-1536x858.png 1536w, https:\/\/sites.uel.br\/pdi\/wp-content\/uploads\/2022\/11\/cascul01.png 1987w\" sizes=\"auto, (max-width: 1024px) 100vw, 1024px\" \/><\/a><\/figure>\n<\/figure>\n<\/div>\n\n\n\n<div class=\"wp-block-column is-layout-flow wp-block-column-is-layout-flow\">\n<figure class=\"wp-block-gallery has-nested-images columns-default is-cropped wp-block-gallery-2 is-layout-flex wp-block-gallery-is-layout-flex\">\n<figure class=\"wp-block-image size-large\"><a href=\"https:\/\/sites.uel.br\/pdi\/divisao-de-artes-plasticas-da-casa-de-cultura-da-uel\/\"><img loading=\"lazy\" decoding=\"async\" width=\"1024\" height=\"572\" data-id=\"2553\" src=\"https:\/\/sites.uel.br\/pdi\/wp-content\/uploads\/2022\/11\/cascul02-1024x572.png\" alt=\"\" class=\"wp-image-2553\" srcset=\"https:\/\/sites.uel.br\/pdi\/wp-content\/uploads\/2022\/11\/cascul02-1024x572.png 1024w, https:\/\/sites.uel.br\/pdi\/wp-content\/uploads\/2022\/11\/cascul02-300x168.png 300w, https:\/\/sites.uel.br\/pdi\/wp-content\/uploads\/2022\/11\/cascul02-768x429.png 768w, https:\/\/sites.uel.br\/pdi\/wp-content\/uploads\/2022\/11\/cascul02-1536x858.png 1536w, https:\/\/sites.uel.br\/pdi\/wp-content\/uploads\/2022\/11\/cascul02.png 1987w\" sizes=\"auto, (max-width: 1024px) 100vw, 1024px\" \/><\/a><\/figure>\n<\/figure>\n<\/div>\n\n\n\n<div class=\"wp-block-column is-layout-flow wp-block-column-is-layout-flow\">\n<figure class=\"wp-block-gallery has-nested-images columns-default is-cropped wp-block-gallery-3 is-layout-flex wp-block-gallery-is-layout-flex\">\n<figure class=\"wp-block-image size-large\"><a href=\"https:\/\/sites.uel.br\/pdi\/divisao-de-artes-cenicas-da-casa-de-cultura-da-uel\/\"><img loading=\"lazy\" decoding=\"async\" width=\"1024\" height=\"572\" data-id=\"2554\" src=\"https:\/\/sites.uel.br\/pdi\/wp-content\/uploads\/2022\/11\/cascul03-1024x572.png\" alt=\"\" class=\"wp-image-2554\" srcset=\"https:\/\/sites.uel.br\/pdi\/wp-content\/uploads\/2022\/11\/cascul03-1024x572.png 1024w, https:\/\/sites.uel.br\/pdi\/wp-content\/uploads\/2022\/11\/cascul03-300x168.png 300w, https:\/\/sites.uel.br\/pdi\/wp-content\/uploads\/2022\/11\/cascul03-768x429.png 768w, https:\/\/sites.uel.br\/pdi\/wp-content\/uploads\/2022\/11\/cascul03-1536x858.png 1536w, https:\/\/sites.uel.br\/pdi\/wp-content\/uploads\/2022\/11\/cascul03.png 1987w\" sizes=\"auto, (max-width: 1024px) 100vw, 1024px\" \/><\/a><\/figure>\n<\/figure>\n<\/div>\n<\/div>\n\n\n\n<div class=\"wp-block-columns is-not-stacked-on-mobile is-layout-flex wp-container-core-columns-is-layout-9d6595d7 wp-block-columns-is-layout-flex\">\n<div class=\"wp-block-column is-layout-flow wp-block-column-is-layout-flow\">\n<figure class=\"wp-block-gallery has-nested-images columns-default is-cropped wp-block-gallery-4 is-layout-flex wp-block-gallery-is-layout-flex\">\n<figure class=\"wp-block-image size-large\"><a href=\"https:\/\/sites.uel.br\/pdi\/divisao-de-cinema-e-video-da-casa-de-cultura-da-uel\/\"><img loading=\"lazy\" decoding=\"async\" width=\"1024\" height=\"572\" data-id=\"2555\" src=\"https:\/\/sites.uel.br\/pdi\/wp-content\/uploads\/2022\/11\/cascul04-1024x572.png\" alt=\"\" class=\"wp-image-2555\" srcset=\"https:\/\/sites.uel.br\/pdi\/wp-content\/uploads\/2022\/11\/cascul04-1024x572.png 1024w, https:\/\/sites.uel.br\/pdi\/wp-content\/uploads\/2022\/11\/cascul04-300x168.png 300w, https:\/\/sites.uel.br\/pdi\/wp-content\/uploads\/2022\/11\/cascul04-768x429.png 768w, https:\/\/sites.uel.br\/pdi\/wp-content\/uploads\/2022\/11\/cascul04-1536x858.png 1536w, https:\/\/sites.uel.br\/pdi\/wp-content\/uploads\/2022\/11\/cascul04.png 1987w\" sizes=\"auto, (max-width: 1024px) 100vw, 1024px\" \/><\/a><\/figure>\n<\/figure>\n<\/div>\n\n\n\n<div class=\"wp-block-column is-layout-flow wp-block-column-is-layout-flow\">\n<figure class=\"wp-block-gallery has-nested-images columns-default is-cropped wp-block-gallery-5 is-layout-flex wp-block-gallery-is-layout-flex\">\n<figure class=\"wp-block-image size-large\"><a href=\"https:\/\/sites.uel.br\/pdi\/centro-de-documentacao-da-casa-de-cultura-da-uel\/\"><img loading=\"lazy\" decoding=\"async\" width=\"1024\" height=\"572\" data-id=\"2556\" src=\"https:\/\/sites.uel.br\/pdi\/wp-content\/uploads\/2022\/11\/cascul05-1024x572.png\" alt=\"\" class=\"wp-image-2556\" srcset=\"https:\/\/sites.uel.br\/pdi\/wp-content\/uploads\/2022\/11\/cascul05-1024x572.png 1024w, https:\/\/sites.uel.br\/pdi\/wp-content\/uploads\/2022\/11\/cascul05-300x168.png 300w, https:\/\/sites.uel.br\/pdi\/wp-content\/uploads\/2022\/11\/cascul05-768x429.png 768w, https:\/\/sites.uel.br\/pdi\/wp-content\/uploads\/2022\/11\/cascul05-1536x858.png 1536w, https:\/\/sites.uel.br\/pdi\/wp-content\/uploads\/2022\/11\/cascul05.png 1987w\" sizes=\"auto, (max-width: 1024px) 100vw, 1024px\" \/><\/a><\/figure>\n<\/figure>\n<\/div>\n\n\n\n<div class=\"wp-block-column is-layout-flow wp-block-column-is-layout-flow\">\n<figure class=\"wp-block-gallery has-nested-images columns-default is-cropped wp-block-gallery-6 is-layout-flex wp-block-gallery-is-layout-flex\">\n<figure class=\"wp-block-image size-large\"><a href=\"https:\/\/sites.uel.br\/pdi\/cine-teatro-universitario-ouro-verde\/\"><img loading=\"lazy\" decoding=\"async\" width=\"1024\" height=\"572\" data-id=\"2557\" src=\"https:\/\/sites.uel.br\/pdi\/wp-content\/uploads\/2022\/11\/cascul06-1024x572.png\" alt=\"\" class=\"wp-image-2557\" srcset=\"https:\/\/sites.uel.br\/pdi\/wp-content\/uploads\/2022\/11\/cascul06-1024x572.png 1024w, https:\/\/sites.uel.br\/pdi\/wp-content\/uploads\/2022\/11\/cascul06-300x168.png 300w, https:\/\/sites.uel.br\/pdi\/wp-content\/uploads\/2022\/11\/cascul06-768x429.png 768w, https:\/\/sites.uel.br\/pdi\/wp-content\/uploads\/2022\/11\/cascul06-1536x858.png 1536w, https:\/\/sites.uel.br\/pdi\/wp-content\/uploads\/2022\/11\/cascul06.png 1987w\" sizes=\"auto, (max-width: 1024px) 100vw, 1024px\" \/><\/a><\/figure>\n<\/figure>\n<\/div>\n<\/div>\n\n\n\n<div class=\"wp-block-columns is-not-stacked-on-mobile is-layout-flex wp-container-core-columns-is-layout-9d6595d7 wp-block-columns-is-layout-flex\">\n<div class=\"wp-block-column is-layout-flow wp-block-column-is-layout-flow\">\n<figure class=\"wp-block-gallery has-nested-images columns-default is-cropped wp-block-gallery-7 is-layout-flex wp-block-gallery-is-layout-flex\">\n<figure class=\"wp-block-image size-large\"><a href=\"https:\/\/sites.uel.br\/pdi\/filo-o-festival-de-todas-as-artes\/\"><img loading=\"lazy\" decoding=\"async\" width=\"1024\" height=\"572\" data-id=\"2558\" src=\"https:\/\/sites.uel.br\/pdi\/wp-content\/uploads\/2022\/11\/cascul07-1024x572.png\" alt=\"\" class=\"wp-image-2558\" srcset=\"https:\/\/sites.uel.br\/pdi\/wp-content\/uploads\/2022\/11\/cascul07-1024x572.png 1024w, https:\/\/sites.uel.br\/pdi\/wp-content\/uploads\/2022\/11\/cascul07-300x168.png 300w, https:\/\/sites.uel.br\/pdi\/wp-content\/uploads\/2022\/11\/cascul07-768x429.png 768w, https:\/\/sites.uel.br\/pdi\/wp-content\/uploads\/2022\/11\/cascul07-1536x858.png 1536w, https:\/\/sites.uel.br\/pdi\/wp-content\/uploads\/2022\/11\/cascul07.png 1987w\" sizes=\"auto, (max-width: 1024px) 100vw, 1024px\" \/><\/a><\/figure>\n<\/figure>\n<\/div>\n\n\n\n<div class=\"wp-block-column is-layout-flow wp-block-column-is-layout-flow\">\n<figure class=\"wp-block-gallery has-nested-images columns-default is-cropped wp-block-gallery-8 is-layout-flex wp-block-gallery-is-layout-flex\">\n<figure class=\"wp-block-image size-large\"><a href=\"https:\/\/sites.uel.br\/pdi\/fml-acordes-de-inverno\/\"><img loading=\"lazy\" decoding=\"async\" width=\"1024\" height=\"572\" data-id=\"2559\" src=\"https:\/\/sites.uel.br\/pdi\/wp-content\/uploads\/2022\/11\/cascul08-1024x572.png\" alt=\"\" class=\"wp-image-2559\" srcset=\"https:\/\/sites.uel.br\/pdi\/wp-content\/uploads\/2022\/11\/cascul08-1024x572.png 1024w, https:\/\/sites.uel.br\/pdi\/wp-content\/uploads\/2022\/11\/cascul08-300x168.png 300w, https:\/\/sites.uel.br\/pdi\/wp-content\/uploads\/2022\/11\/cascul08-768x429.png 768w, https:\/\/sites.uel.br\/pdi\/wp-content\/uploads\/2022\/11\/cascul08-1536x858.png 1536w, https:\/\/sites.uel.br\/pdi\/wp-content\/uploads\/2022\/11\/cascul08.png 1987w\" sizes=\"auto, (max-width: 1024px) 100vw, 1024px\" \/><\/a><\/figure>\n<\/figure>\n<\/div>\n\n\n\n<div class=\"wp-block-column is-layout-flow wp-block-column-is-layout-flow\"><\/div>\n<\/div>\n","protected":false},"excerpt":{"rendered":"<p>. Criada como Coordenadoria de Assuntos Culturais em 1971, transformada em Diretoria de A\u00e7\u00e3o Cultural vinculada \u00e0 Coordenadoria de Extens\u00e3o \u00e0 Comunidade, tornou-se \u00d3rg\u00e3o Suplementar da UEL em 1978, denominado Casa de Cultura. Est\u00e1 vinculada academicamente ao Centro de Educa\u00e7\u00e3o, Comunica\u00e7\u00e3o e Artes (CECA) e subordinada administrativamente \u00e0 Reitoria. Por sua condi\u00e7\u00e3o de \u00d3rg\u00e3o Suplementar, [&hellip;]<\/p>\n","protected":false},"author":8,"featured_media":0,"parent":0,"menu_order":0,"comment_status":"closed","ping_status":"closed","template":"","meta":{"footnotes":""},"class_list":["post-1112","page","type-page","status-publish","hentry"],"acf":[],"_links":{"self":[{"href":"https:\/\/sites.uel.br\/pdi\/wp-json\/wp\/v2\/pages\/1112","targetHints":{"allow":["GET"]}}],"collection":[{"href":"https:\/\/sites.uel.br\/pdi\/wp-json\/wp\/v2\/pages"}],"about":[{"href":"https:\/\/sites.uel.br\/pdi\/wp-json\/wp\/v2\/types\/page"}],"author":[{"embeddable":true,"href":"https:\/\/sites.uel.br\/pdi\/wp-json\/wp\/v2\/users\/8"}],"replies":[{"embeddable":true,"href":"https:\/\/sites.uel.br\/pdi\/wp-json\/wp\/v2\/comments?post=1112"}],"version-history":[{"count":8,"href":"https:\/\/sites.uel.br\/pdi\/wp-json\/wp\/v2\/pages\/1112\/revisions"}],"predecessor-version":[{"id":2561,"href":"https:\/\/sites.uel.br\/pdi\/wp-json\/wp\/v2\/pages\/1112\/revisions\/2561"}],"wp:attachment":[{"href":"https:\/\/sites.uel.br\/pdi\/wp-json\/wp\/v2\/media?parent=1112"}],"curies":[{"name":"wp","href":"https:\/\/api.w.org\/{rel}","templated":true}]}}

<p class="has-white-color has-text-color">.</p>



<p>Criada como Coordenadoria de Assuntos Culturais em 1971, transformada em Diretoria de Ação Cultural vinculada à Coordenadoria de Extensão à Comunidade, tornou-se Órgão Suplementar da UEL em 1978, denominado Casa de Cultura. Está vinculada academicamente ao Centro de Educação, Comunicação e Artes (CECA) e subordinada administrativamente à Reitoria.</p>



<p>Por sua condição de Órgão Suplementar, a Casa de Cultura articula-se com a sociedade, de forma que faça valer o compromisso com o ensino, a pesquisa e a extensão, desenvolvendo programas, projetos e atividades sob diversos aspectos que implicam a produção do conhecimento, da cultura e da arte. Referência central no incentivo, produção e fomento de atividades culturais e artísticas, as ações da Casa de Cultura são desenvolvidas por meio de suas Divisões: Divisão de Artes Cênicas, Divisão de Artes Plásticas, Divisão de Música e Divisão de Cinema e Vídeo. Como promotora, apoiadora ou parceira, está presente nos mais importantes acontecimentos culturais da cidade e região.</p>



<p>A Casa de Cultura abriga, ainda, o Cine Teatro Universitário Ouro Verde e o Centro de Documentação que possui um significativo acervo sonoro, impresso e audiovisual. Entre as ações das Divisões, são destacadas as seguintes: Londrina Mostra de Teatro e Circo; Arte Londrina; concertos da Orquestra Sinfônica da UEL; apresentações dos Coros da UEL (Coro UEL,&nbsp;Juvenil, Infantil, Tempos Dourados, Épocas e HU); apresentações do NEUMA –&nbsp;Esemble&nbsp;Universitário de Música Antiga; concertos da Orquestra Barroca&nbsp;Capriccio&nbsp;Stravagante&nbsp;(OBCS); parceria com o Festival Internacional de Londrina (FILO); e, parceria com o Festival Internacional de Música de Londrina (FML).</p>



<div class="wp-block-columns is-not-stacked-on-mobile is-layout-flex wp-container-core-columns-is-layout-9d6595d7 wp-block-columns-is-layout-flex">
<div class="wp-block-column is-layout-flow wp-block-column-is-layout-flow">
<figure class="wp-block-gallery has-nested-images columns-default is-cropped wp-block-gallery-1 is-layout-flex wp-block-gallery-is-layout-flex">
<figure class="wp-block-image size-large"><a href="https://sites.uel.br/pdi/divisao-de-musica-da-casa-de-cultura-da-uel/"><img loading="lazy" decoding="async" width="1024" height="572" data-id="2552" src="https://sites.uel.br/pdi/wp-content/uploads/2022/11/cascul01-1024x572.png" alt="" class="wp-image-2552" srcset="https://sites.uel.br/pdi/wp-content/uploads/2022/11/cascul01-1024x572.png 1024w, https://sites.uel.br/pdi/wp-content/uploads/2022/11/cascul01-300x168.png 300w, https://sites.uel.br/pdi/wp-content/uploads/2022/11/cascul01-768x429.png 768w, https://sites.uel.br/pdi/wp-content/uploads/2022/11/cascul01-1536x858.png 1536w, https://sites.uel.br/pdi/wp-content/uploads/2022/11/cascul01.png 1987w" sizes="auto, (max-width: 1024px) 100vw, 1024px" /></a></figure>
</figure>
</div>



<div class="wp-block-column is-layout-flow wp-block-column-is-layout-flow">
<figure class="wp-block-gallery has-nested-images columns-default is-cropped wp-block-gallery-2 is-layout-flex wp-block-gallery-is-layout-flex">
<figure class="wp-block-image size-large"><a href="https://sites.uel.br/pdi/divisao-de-artes-plasticas-da-casa-de-cultura-da-uel/"><img loading="lazy" decoding="async" width="1024" height="572" data-id="2553" src="https://sites.uel.br/pdi/wp-content/uploads/2022/11/cascul02-1024x572.png" alt="" class="wp-image-2553" srcset="https://sites.uel.br/pdi/wp-content/uploads/2022/11/cascul02-1024x572.png 1024w, https://sites.uel.br/pdi/wp-content/uploads/2022/11/cascul02-300x168.png 300w, https://sites.uel.br/pdi/wp-content/uploads/2022/11/cascul02-768x429.png 768w, https://sites.uel.br/pdi/wp-content/uploads/2022/11/cascul02-1536x858.png 1536w, https://sites.uel.br/pdi/wp-content/uploads/2022/11/cascul02.png 1987w" sizes="auto, (max-width: 1024px) 100vw, 1024px" /></a></figure>
</figure>
</div>



<div class="wp-block-column is-layout-flow wp-block-column-is-layout-flow">
<figure class="wp-block-gallery has-nested-images columns-default is-cropped wp-block-gallery-3 is-layout-flex wp-block-gallery-is-layout-flex">
<figure class="wp-block-image size-large"><a href="https://sites.uel.br/pdi/divisao-de-artes-cenicas-da-casa-de-cultura-da-uel/"><img loading="lazy" decoding="async" width="1024" height="572" data-id="2554" src="https://sites.uel.br/pdi/wp-content/uploads/2022/11/cascul03-1024x572.png" alt="" class="wp-image-2554" srcset="https://sites.uel.br/pdi/wp-content/uploads/2022/11/cascul03-1024x572.png 1024w, https://sites.uel.br/pdi/wp-content/uploads/2022/11/cascul03-300x168.png 300w, https://sites.uel.br/pdi/wp-content/uploads/2022/11/cascul03-768x429.png 768w, https://sites.uel.br/pdi/wp-content/uploads/2022/11/cascul03-1536x858.png 1536w, https://sites.uel.br/pdi/wp-content/uploads/2022/11/cascul03.png 1987w" sizes="auto, (max-width: 1024px) 100vw, 1024px" /></a></figure>
</figure>
</div>
</div>



<div class="wp-block-columns is-not-stacked-on-mobile is-layout-flex wp-container-core-columns-is-layout-9d6595d7 wp-block-columns-is-layout-flex">
<div class="wp-block-column is-layout-flow wp-block-column-is-layout-flow">
<figure class="wp-block-gallery has-nested-images columns-default is-cropped wp-block-gallery-4 is-layout-flex wp-block-gallery-is-layout-flex">
<figure class="wp-block-image size-large"><a href="https://sites.uel.br/pdi/divisao-de-cinema-e-video-da-casa-de-cultura-da-uel/"><img loading="lazy" decoding="async" width="1024" height="572" data-id="2555" src="https://sites.uel.br/pdi/wp-content/uploads/2022/11/cascul04-1024x572.png" alt="" class="wp-image-2555" srcset="https://sites.uel.br/pdi/wp-content/uploads/2022/11/cascul04-1024x572.png 1024w, https://sites.uel.br/pdi/wp-content/uploads/2022/11/cascul04-300x168.png 300w, https://sites.uel.br/pdi/wp-content/uploads/2022/11/cascul04-768x429.png 768w, https://sites.uel.br/pdi/wp-content/uploads/2022/11/cascul04-1536x858.png 1536w, https://sites.uel.br/pdi/wp-content/uploads/2022/11/cascul04.png 1987w" sizes="auto, (max-width: 1024px) 100vw, 1024px" /></a></figure>
</figure>
</div>



<div class="wp-block-column is-layout-flow wp-block-column-is-layout-flow">
<figure class="wp-block-gallery has-nested-images columns-default is-cropped wp-block-gallery-5 is-layout-flex wp-block-gallery-is-layout-flex">
<figure class="wp-block-image size-large"><a href="https://sites.uel.br/pdi/centro-de-documentacao-da-casa-de-cultura-da-uel/"><img loading="lazy" decoding="async" width="1024" height="572" data-id="2556" src="https://sites.uel.br/pdi/wp-content/uploads/2022/11/cascul05-1024x572.png" alt="" class="wp-image-2556" srcset="https://sites.uel.br/pdi/wp-content/uploads/2022/11/cascul05-1024x572.png 1024w, https://sites.uel.br/pdi/wp-content/uploads/2022/11/cascul05-300x168.png 300w, https://sites.uel.br/pdi/wp-content/uploads/2022/11/cascul05-768x429.png 768w, https://sites.uel.br/pdi/wp-content/uploads/2022/11/cascul05-1536x858.png 1536w, https://sites.uel.br/pdi/wp-content/uploads/2022/11/cascul05.png 1987w" sizes="auto, (max-width: 1024px) 100vw, 1024px" /></a></figure>
</figure>
</div>



<div class="wp-block-column is-layout-flow wp-block-column-is-layout-flow">
<figure class="wp-block-gallery has-nested-images columns-default is-cropped wp-block-gallery-6 is-layout-flex wp-block-gallery-is-layout-flex">
<figure class="wp-block-image size-large"><a href="https://sites.uel.br/pdi/cine-teatro-universitario-ouro-verde/"><img loading="lazy" decoding="async" width="1024" height="572" data-id="2557" src="https://sites.uel.br/pdi/wp-content/uploads/2022/11/cascul06-1024x572.png" alt="" class="wp-image-2557" srcset="https://sites.uel.br/pdi/wp-content/uploads/2022/11/cascul06-1024x572.png 1024w, https://sites.uel.br/pdi/wp-content/uploads/2022/11/cascul06-300x168.png 300w, https://sites.uel.br/pdi/wp-content/uploads/2022/11/cascul06-768x429.png 768w, https://sites.uel.br/pdi/wp-content/uploads/2022/11/cascul06-1536x858.png 1536w, https://sites.uel.br/pdi/wp-content/uploads/2022/11/cascul06.png 1987w" sizes="auto, (max-width: 1024px) 100vw, 1024px" /></a></figure>
</figure>
</div>
</div>



<div class="wp-block-columns is-not-stacked-on-mobile is-layout-flex wp-container-core-columns-is-layout-9d6595d7 wp-block-columns-is-layout-flex">
<div class="wp-block-column is-layout-flow wp-block-column-is-layout-flow">
<figure class="wp-block-gallery has-nested-images columns-default is-cropped wp-block-gallery-7 is-layout-flex wp-block-gallery-is-layout-flex">
<figure class="wp-block-image size-large"><a href="https://sites.uel.br/pdi/filo-o-festival-de-todas-as-artes/"><img loading="lazy" decoding="async" width="1024" height="572" data-id="2558" src="https://sites.uel.br/pdi/wp-content/uploads/2022/11/cascul07-1024x572.png" alt="" class="wp-image-2558" srcset="https://sites.uel.br/pdi/wp-content/uploads/2022/11/cascul07-1024x572.png 1024w, https://sites.uel.br/pdi/wp-content/uploads/2022/11/cascul07-300x168.png 300w, https://sites.uel.br/pdi/wp-content/uploads/2022/11/cascul07-768x429.png 768w, https://sites.uel.br/pdi/wp-content/uploads/2022/11/cascul07-1536x858.png 1536w, https://sites.uel.br/pdi/wp-content/uploads/2022/11/cascul07.png 1987w" sizes="auto, (max-width: 1024px) 100vw, 1024px" /></a></figure>
</figure>
</div>



<div class="wp-block-column is-layout-flow wp-block-column-is-layout-flow">
<figure class="wp-block-gallery has-nested-images columns-default is-cropped wp-block-gallery-8 is-layout-flex wp-block-gallery-is-layout-flex">
<figure class="wp-block-image size-large"><a href="https://sites.uel.br/pdi/fml-acordes-de-inverno/"><img loading="lazy" decoding="async" width="1024" height="572" data-id="2559" src="https://sites.uel.br/pdi/wp-content/uploads/2022/11/cascul08-1024x572.png" alt="" class="wp-image-2559" srcset="https://sites.uel.br/pdi/wp-content/uploads/2022/11/cascul08-1024x572.png 1024w, https://sites.uel.br/pdi/wp-content/uploads/2022/11/cascul08-300x168.png 300w, https://sites.uel.br/pdi/wp-content/uploads/2022/11/cascul08-768x429.png 768w, https://sites.uel.br/pdi/wp-content/uploads/2022/11/cascul08-1536x858.png 1536w, https://sites.uel.br/pdi/wp-content/uploads/2022/11/cascul08.png 1987w" sizes="auto, (max-width: 1024px) 100vw, 1024px" /></a></figure>
</figure>
</div>



<div class="wp-block-column is-layout-flow wp-block-column-is-layout-flow"></div>
</div>

<p>. Criada como Coordenadoria de Assuntos Culturais em 1971, transformada em Diretoria de Ação Cultural vinculada à Coordenadoria de Extensão à Comunidade, tornou-se Órgão Suplementar da UEL em 1978, denominado Casa de Cultura. Está vinculada academicamente ao Centro de Educação, Comunicação e Artes (CECA) e subordinada administrativamente à Reitoria. Por sua condição de Órgão Suplementar, [&hellip;]</p>
