{"id":1084,"date":"2022-10-03T16:44:27","date_gmt":"2022-10-03T19:44:27","guid":{"rendered":"https:\/\/sites.uel.br\/pdi\/?page_id=1084"},"modified":"2022-10-17T12:54:34","modified_gmt":"2022-10-17T15:54:34","slug":"bebe-clinica-pioneirismo-e-inovacao","status":"publish","type":"page","link":"https:\/\/sites.uel.br\/pdi\/bebe-clinica-pioneirismo-e-inovacao\/","title":{"rendered":"Beb\u00ea Cl\u00ednica: pioneirismo e inova\u00e7\u00e3o"},"content":{"rendered":"\n<p class=\"has-white-color has-text-color\">.<\/p>\n\n\n\n<p>Pioneirismo e inova\u00e7\u00e3o. Tais conceitos resumem os 36 anos de hist\u00f3ria da Beb\u00ea Cl\u00ednica da UEL, que introduziu o atendimento odontol\u00f3gico para beb\u00eas e crian\u00e7as com at\u00e9 cinco anos de idade em Londrina e regi\u00e3o. Devido ao trabalho de preven\u00e7\u00e3o, o setor \u00e9 refer\u00eancia inclusive no exterior, onde \u00e9 reconhecido como sin\u00f4nimo de inova\u00e7\u00e3o tecnol\u00f3gica. O projeto surgiu em 1984, mas a Beb\u00ea Cl\u00ednica foi inaugurada em 12 de mar\u00e7o de 1986, na Cl\u00ednica Odontol\u00f3gica Universit\u00e1ria (COU).<\/p>\n\n\n\n<p>O ineditismo da Cl\u00ednica de Especialidades Infantis (Beb\u00ea Cl\u00ednica), \u00f3rg\u00e3o suplementar da UEL, reside no tratamento odontol\u00f3gico, com t\u00e9cnicas espec\u00edficas de preven\u00e7\u00e3o, ou seja, limpeza bucal e aplica\u00e7\u00e3o di\u00e1ria de fluoreto de s\u00f3dio \u00e0 002% em beb\u00eas. \u201cDeste conceito nasceu a Beb\u00ea Cl\u00ednica, primeiro servi\u00e7o no mundo organizado, sistematizado e orientado para a aten\u00e7\u00e3o aos beb\u00eas\u201d, explica o professor do Departamento de Medicina Oral e Odontologia Infantil da UEL, Luiz Reynaldo de Figueiredo Walter, um dos&nbsp;pioneiros na implanta\u00e7\u00e3o do projeto.<\/p>\n\n\n\n<p>Com a ideia de que o atendimento odontol\u00f3gico come\u00e7a nos primeiros 12 meses de vida do beb\u00ea, a trajet\u00f3ria da Beb\u00ea Cl\u00ednica mostra que a preven\u00e7\u00e3o \u00e9 o caminho. Uma sa\u00edda simples e eficaz que garante a sa\u00fade bucal na inf\u00e2ncia. \u201cCrian\u00e7a sem c\u00e1rie tem sa\u00fade melhor\u201d, salienta o professor. Outra contribui\u00e7\u00e3o da Beb\u00ea Cl\u00ednica para o servi\u00e7o odontol\u00f3gico \u00e9 a inven\u00e7\u00e3o da Macri \u2013 uma maca para crian\u00e7as \u2013 recurso que acomoda o pequeno paciente no sentido de facilitar o atendimento. Na avalia\u00e7\u00e3o de Luiz Walter, o servi\u00e7o inclusive melhorou o acesso da popula\u00e7\u00e3o carente ao tratamento odontol\u00f3gico. Segundo ele, apesar do descr\u00e9dito que o projeto enfrentou no in\u00edcio, a proposta do tratamento odontol\u00f3gico preventivo para beb\u00eas conquistou reconhecimento da comunidade ao longo dos anos.<\/p>\n\n\n\n<p>Com tratamento odontol\u00f3gico de qualidade e baixo custo, o modelo de atendimento da Beb\u00ea Cl\u00ednica passou a ser adotado nos Estados Unidos e em pa\u00edses da Am\u00e9rica do Sul. Al\u00e9m de ser detentora da Comenda Ouro Verde, t\u00edtulo concedido pela C\u00e2mara Municipal de Londrina para institui\u00e7\u00f5es de destaque, a cl\u00ednica tamb\u00e9m acumula pr\u00eamios nacionais e internacionais. \u201cA Beb\u00ea Cl\u00ednica \u00e9 um campo de estudo que s\u00f3 a UEL oferece e traz um benef\u00edcio de aprendizado que nenhum outro lugar possui\u201d, destaca Luiz Walter. A equipe \u00e0 frente da Beb\u00ea Cl\u00ednica conta com 13 pessoas, entre professores e funcion\u00e1rios. Al\u00e9m de receber estagi\u00e1rios de outras institui\u00e7\u00f5es de ensino, tr\u00eas campos s\u00e3o beneficiados com as atividades e servi\u00e7os do setor: a gradua\u00e7\u00e3o em Odontologia, a especializa\u00e7\u00e3o e resid\u00eancia em Odontopediatria.<\/p>\n\n\n\n<p class=\"has-text-align-center\">O texto est\u00e1 citado na lista de refer\u00eancias como REVISTA UEL (2011).<\/p>\n","protected":false},"excerpt":{"rendered":"<p>. Pioneirismo e inova\u00e7\u00e3o. Tais conceitos resumem os 36 anos de hist\u00f3ria da Beb\u00ea Cl\u00ednica da UEL, que introduziu o atendimento odontol\u00f3gico para beb\u00eas e crian\u00e7as com at\u00e9 cinco anos de idade em Londrina e regi\u00e3o. Devido ao trabalho de preven\u00e7\u00e3o, o setor \u00e9 refer\u00eancia inclusive no exterior, onde \u00e9 reconhecido como sin\u00f4nimo de inova\u00e7\u00e3o [&hellip;]<\/p>\n","protected":false},"author":8,"featured_media":0,"parent":0,"menu_order":0,"comment_status":"closed","ping_status":"closed","template":"","meta":{"footnotes":""},"class_list":["post-1084","page","type-page","status-publish","hentry"],"acf":[],"_links":{"self":[{"href":"https:\/\/sites.uel.br\/pdi\/wp-json\/wp\/v2\/pages\/1084","targetHints":{"allow":["GET"]}}],"collection":[{"href":"https:\/\/sites.uel.br\/pdi\/wp-json\/wp\/v2\/pages"}],"about":[{"href":"https:\/\/sites.uel.br\/pdi\/wp-json\/wp\/v2\/types\/page"}],"author":[{"embeddable":true,"href":"https:\/\/sites.uel.br\/pdi\/wp-json\/wp\/v2\/users\/8"}],"replies":[{"embeddable":true,"href":"https:\/\/sites.uel.br\/pdi\/wp-json\/wp\/v2\/comments?post=1084"}],"version-history":[{"count":2,"href":"https:\/\/sites.uel.br\/pdi\/wp-json\/wp\/v2\/pages\/1084\/revisions"}],"predecessor-version":[{"id":1268,"href":"https:\/\/sites.uel.br\/pdi\/wp-json\/wp\/v2\/pages\/1084\/revisions\/1268"}],"wp:attachment":[{"href":"https:\/\/sites.uel.br\/pdi\/wp-json\/wp\/v2\/media?parent=1084"}],"curies":[{"name":"wp","href":"https:\/\/api.w.org\/{rel}","templated":true}]}}

Bebê Clínica: pioneirismo e inovação

<p class="has-white-color has-text-color">.</p>



<p>Pioneirismo e inovação. Tais conceitos resumem os 36 anos de história da Bebê Clínica da UEL, que introduziu o atendimento odontológico para bebês e crianças com até cinco anos de idade em Londrina e região. Devido ao trabalho de prevenção, o setor é referência inclusive no exterior, onde é reconhecido como sinônimo de inovação tecnológica. O projeto surgiu em 1984, mas a Bebê Clínica foi inaugurada em 12 de março de 1986, na Clínica Odontológica Universitária (COU).</p>



<p>O ineditismo da Clínica de Especialidades Infantis (Bebê Clínica), órgão suplementar da UEL, reside no tratamento odontológico, com técnicas específicas de prevenção, ou seja, limpeza bucal e aplicação diária de fluoreto de sódio à 002% em bebês. “Deste conceito nasceu a Bebê Clínica, primeiro serviço no mundo organizado, sistematizado e orientado para a atenção aos bebês”, explica o professor do Departamento de Medicina Oral e Odontologia Infantil da UEL, Luiz Reynaldo de Figueiredo Walter, um dos&nbsp;pioneiros na implantação do projeto.</p>



<p>Com a ideia de que o atendimento odontológico começa nos primeiros 12 meses de vida do bebê, a trajetória da Bebê Clínica mostra que a prevenção é o caminho. Uma saída simples e eficaz que garante a saúde bucal na infância. “Criança sem cárie tem saúde melhor”, salienta o professor. Outra contribuição da Bebê Clínica para o serviço odontológico é a invenção da Macri – uma maca para crianças – recurso que acomoda o pequeno paciente no sentido de facilitar o atendimento. Na avaliação de Luiz Walter, o serviço inclusive melhorou o acesso da população carente ao tratamento odontológico. Segundo ele, apesar do descrédito que o projeto enfrentou no início, a proposta do tratamento odontológico preventivo para bebês conquistou reconhecimento da comunidade ao longo dos anos.</p>



<p>Com tratamento odontológico de qualidade e baixo custo, o modelo de atendimento da Bebê Clínica passou a ser adotado nos Estados Unidos e em países da América do Sul. Além de ser detentora da Comenda Ouro Verde, título concedido pela Câmara Municipal de Londrina para instituições de destaque, a clínica também acumula prêmios nacionais e internacionais. “A Bebê Clínica é um campo de estudo que só a UEL oferece e traz um benefício de aprendizado que nenhum outro lugar possui”, destaca Luiz Walter. A equipe à frente da Bebê Clínica conta com 13 pessoas, entre professores e funcionários. Além de receber estagiários de outras instituições de ensino, três campos são beneficiados com as atividades e serviços do setor: a graduação em Odontologia, a especialização e residência em Odontopediatria.</p>



<p class="has-text-align-center">O texto está citado na lista de referências como REVISTA UEL (2011).</p>

<p>. Pioneirismo e inovação. Tais conceitos resumem os 36 anos de história da Bebê Clínica da UEL, que introduziu o atendimento odontológico para bebês e crianças com até cinco anos de idade em Londrina e região. Devido ao trabalho de prevenção, o setor é referência inclusive no exterior, onde é reconhecido como sinônimo de inovação [&hellip;]</p>
