{"id":1075,"date":"2022-10-03T16:36:45","date_gmt":"2022-10-03T19:36:45","guid":{"rendered":"https:\/\/sites.uel.br\/pdi\/?page_id=1075"},"modified":"2022-10-17T12:53:09","modified_gmt":"2022-10-17T15:53:09","slug":"ambulatorio-de-especialidades-do-hu-foco-na-especializacao","status":"publish","type":"page","link":"https:\/\/sites.uel.br\/pdi\/ambulatorio-de-especialidades-do-hu-foco-na-especializacao\/","title":{"rendered":"Ambulat\u00f3rio de Especialidades do HU: foco na especializa\u00e7\u00e3o"},"content":{"rendered":"\n<p class=\"has-white-color has-text-color\">.<\/p>\n\n\n\n<p>O Ambulat\u00f3rio de Especialidades do HU (AEHU), que at\u00e9 2013 foi denominado de Ambulat\u00f3rio do Hospital de Cl\u00ednicas (AHC), oferece \u00e0 popula\u00e7\u00e3o de Londrina e regi\u00e3o 27 especialidades m\u00e9dicas. Entre elas, cardiologia, oftalmologia, endocrinologia, ortopedia, dermatologia, endocrinologia e geriatria. Al\u00e9m disso, o AEHU disp\u00f5e de servi\u00e7os nas \u00e1reas de imuniza\u00e7\u00e3o, aleitamento materno e pr\u00e9-natal de alto risco. Inaugurado em 1994, no Campus Universit\u00e1rio, o Ambulat\u00f3rio \u00e9 refer\u00eancia na \u00e1rea da sa\u00fade para Londrina e regi\u00e3o.&nbsp;<\/p>\n\n\n\n<p>Com coordena\u00e7\u00e3o das ger\u00eancias de Enfermagem, Administrativa e Cl\u00ednica ligadas \u00e0s respectivas diretorias dos Hospital Universit\u00e1rio (HU), hoje a finalidade do AEHU \u00e9 a presta\u00e7\u00e3o de servi\u00e7os com foco na descentraliza\u00e7\u00e3o dos atendimentos. Campo de est\u00e1gio e aperfei\u00e7oamento profissional para estudantes da gradua\u00e7\u00e3o e p\u00f3s-gradua\u00e7\u00e3o na \u00e1rea de sa\u00fade, no setor foram realizadas aproximadamente 58 mil consultas m\u00e9dicas e aproximadamente 10 mil consultas n\u00e3o m\u00e9dicas em 2021. Para manter um atendimento integrado, o setor conta com profissionais das \u00e1reas de Medicina, Enfermagem, Nutri\u00e7\u00e3o, Servi\u00e7o Social, Psicologia, Farm\u00e1cia e Bioqu\u00edmica e Fisioterapia. Atualmente, o AEHU conta com 159 servidores em uma \u00e1rea constru\u00edda de 10.500 m2. Desde 2006, o Ambulat\u00f3rio abriga tamb\u00e9m a Divis\u00e3o de Assist\u00eancia \u00e0 Sa\u00fade da Comunidade (DASC), que disp\u00f5e de atendimentos m\u00e9dico e odontol\u00f3gico aos servidores e estudantes da UEL.<\/p>\n\n\n\n<p class=\"has-text-align-center\">O texto est\u00e1 citado na lista de refer\u00eancias como REVISTA UEL (2011).<\/p>\n","protected":false},"excerpt":{"rendered":"<p>. O Ambulat\u00f3rio de Especialidades do HU (AEHU), que at\u00e9 2013 foi denominado de Ambulat\u00f3rio do Hospital de Cl\u00ednicas (AHC), oferece \u00e0 popula\u00e7\u00e3o de Londrina e regi\u00e3o 27 especialidades m\u00e9dicas. Entre elas, cardiologia, oftalmologia, endocrinologia, ortopedia, dermatologia, endocrinologia e geriatria. Al\u00e9m disso, o AEHU disp\u00f5e de servi\u00e7os nas \u00e1reas de imuniza\u00e7\u00e3o, aleitamento materno e pr\u00e9-natal [&hellip;]<\/p>\n","protected":false},"author":8,"featured_media":0,"parent":0,"menu_order":0,"comment_status":"closed","ping_status":"closed","template":"","meta":{"footnotes":""},"class_list":["post-1075","page","type-page","status-publish","hentry"],"acf":[],"_links":{"self":[{"href":"https:\/\/sites.uel.br\/pdi\/wp-json\/wp\/v2\/pages\/1075","targetHints":{"allow":["GET"]}}],"collection":[{"href":"https:\/\/sites.uel.br\/pdi\/wp-json\/wp\/v2\/pages"}],"about":[{"href":"https:\/\/sites.uel.br\/pdi\/wp-json\/wp\/v2\/types\/page"}],"author":[{"embeddable":true,"href":"https:\/\/sites.uel.br\/pdi\/wp-json\/wp\/v2\/users\/8"}],"replies":[{"embeddable":true,"href":"https:\/\/sites.uel.br\/pdi\/wp-json\/wp\/v2\/comments?post=1075"}],"version-history":[{"count":2,"href":"https:\/\/sites.uel.br\/pdi\/wp-json\/wp\/v2\/pages\/1075\/revisions"}],"predecessor-version":[{"id":1265,"href":"https:\/\/sites.uel.br\/pdi\/wp-json\/wp\/v2\/pages\/1075\/revisions\/1265"}],"wp:attachment":[{"href":"https:\/\/sites.uel.br\/pdi\/wp-json\/wp\/v2\/media?parent=1075"}],"curies":[{"name":"wp","href":"https:\/\/api.w.org\/{rel}","templated":true}]}}