{"id":1073,"date":"2022-10-03T16:35:43","date_gmt":"2022-10-03T19:35:43","guid":{"rendered":"https:\/\/sites.uel.br\/pdi\/?page_id=1073"},"modified":"2022-10-17T12:52:42","modified_gmt":"2022-10-17T15:52:42","slug":"hospital-universitario-mais-de-113-mil-atendimentos","status":"publish","type":"page","link":"https:\/\/sites.uel.br\/pdi\/hospital-universitario-mais-de-113-mil-atendimentos\/","title":{"rendered":"Hospital Universit\u00e1rio: mais de 113 mil atendimentos"},"content":{"rendered":"\n<p class=\"has-white-color has-text-color\">.<\/p>\n\n\n\n<p>O Hospital Universit\u00e1rio possui hoje 431 leitos. Curiosamente, quando o HU se mudou, em dezembro de 1975, para o atual local, na Avenida Robert Koch, onde funcionara o Sanat\u00f3rio Noel&nbsp;Nutels&nbsp;\u2013 que atendia pacientes com tuberculose \u2013, tinha \u00e0 disposi\u00e7\u00e3o 400 leitos: 200 para&nbsp;tisologia, 150 gerais e 50 psiqui\u00e1tricos. Ocorre que antes de o HU ocupar o pr\u00e9dio praticamente todas as depend\u00eancias eram ocupadas para leitos.<\/p>\n\n\n\n<p>Ana&nbsp;Rocker, ent\u00e3o servidora do Noel&nbsp;Nutels, que depois desempenhou importante papel na administra\u00e7\u00e3o do HU, conta como foi a transi\u00e7\u00e3o. \u201co Sanat\u00f3rio Noel&nbsp;Nutels&nbsp;era administrado por dez freiras, que moravam no hospital. A clausura e o internado de enfermagem funcionavam onde fica hoje o Banco de Leite Humano. Foi uma \u00e9poca de muitas obras, de adequa\u00e7\u00f5es, de novos espa\u00e7os e novas constru\u00e7\u00f5es. O CCS foi constru\u00eddo onde n\u00e3o tinha nada, relembra Ana&nbsp;Rocker.<\/p>\n\n\n\n<p>Desde mar\u00e7o de 2008, o HU atende pelo sistema referenciado, em que o Samu,&nbsp;Siate&nbsp;e Central de Leitos da Secretaria Municipal e da 17\u00aa Regional de Sa\u00fade s\u00f3 encaminham pacientes em situa\u00e7\u00e3o considerada grave ou de alta complexidade. O sistema, implantado em conjunto com a Prefeitura e com a Regional de sa\u00fade, visou diminuir a morbidade, encaminhando ao HU pacientes que representavam maior risco. Com isso, reduziu-se o n\u00famero de pacientes encaminhados, mas os casos mais graves e complexos encontram, no HU, um atendimento mais adequado e solu\u00e7\u00f5es mais eficientes.<\/p>\n\n\n\n<p class=\"has-text-align-center\">O texto est\u00e1 citado na lista de refer\u00eancias como REVISTA UEL (2011).<\/p>\n","protected":false},"excerpt":{"rendered":"<p>. O Hospital Universit\u00e1rio possui hoje 431 leitos. Curiosamente, quando o HU se mudou, em dezembro de 1975, para o atual local, na Avenida Robert Koch, onde funcionara o Sanat\u00f3rio Noel&nbsp;Nutels&nbsp;\u2013 que atendia pacientes com tuberculose \u2013, tinha \u00e0 disposi\u00e7\u00e3o 400 leitos: 200 para&nbsp;tisologia, 150 gerais e 50 psiqui\u00e1tricos. Ocorre que antes de o HU [&hellip;]<\/p>\n","protected":false},"author":8,"featured_media":0,"parent":0,"menu_order":0,"comment_status":"closed","ping_status":"closed","template":"","meta":{"footnotes":""},"class_list":["post-1073","page","type-page","status-publish","hentry"],"acf":[],"_links":{"self":[{"href":"https:\/\/sites.uel.br\/pdi\/wp-json\/wp\/v2\/pages\/1073","targetHints":{"allow":["GET"]}}],"collection":[{"href":"https:\/\/sites.uel.br\/pdi\/wp-json\/wp\/v2\/pages"}],"about":[{"href":"https:\/\/sites.uel.br\/pdi\/wp-json\/wp\/v2\/types\/page"}],"author":[{"embeddable":true,"href":"https:\/\/sites.uel.br\/pdi\/wp-json\/wp\/v2\/users\/8"}],"replies":[{"embeddable":true,"href":"https:\/\/sites.uel.br\/pdi\/wp-json\/wp\/v2\/comments?post=1073"}],"version-history":[{"count":2,"href":"https:\/\/sites.uel.br\/pdi\/wp-json\/wp\/v2\/pages\/1073\/revisions"}],"predecessor-version":[{"id":1264,"href":"https:\/\/sites.uel.br\/pdi\/wp-json\/wp\/v2\/pages\/1073\/revisions\/1264"}],"wp:attachment":[{"href":"https:\/\/sites.uel.br\/pdi\/wp-json\/wp\/v2\/media?parent=1073"}],"curies":[{"name":"wp","href":"https:\/\/api.w.org\/{rel}","templated":true}]}}