{"id":1070,"date":"2022-10-03T16:34:37","date_gmt":"2022-10-03T19:34:37","guid":{"rendered":"https:\/\/sites.uel.br\/pdi\/?page_id=1070"},"modified":"2022-10-17T12:52:19","modified_gmt":"2022-10-17T15:52:19","slug":"hospital-universitario-obras-que-moldam-o-futuro","status":"publish","type":"page","link":"https:\/\/sites.uel.br\/pdi\/hospital-universitario-obras-que-moldam-o-futuro\/","title":{"rendered":"Hospital Universit\u00e1rio: obras que moldam o futuro"},"content":{"rendered":"\n<p class=\"has-white-color has-text-color\">.<\/p>\n\n\n\n<p>O ano de 1990 registrou um grande n\u00famero de obras entregues, como o Hemocentro, o pr\u00e9dio do CCS, o Anfiteatro do HU, a Biblioteca Setorial do CCS e a Capela Ecum\u00eanica. Por\u00e9m, diversas outras obras, em diferentes \u00e9pocas, representaram avan\u00e7os importantes tanto no desenvolvimento cient\u00edfico quanto no atendimento \u00e0 popula\u00e7\u00e3o. Entre elas, o Laborat\u00f3rio de Anatomia Patol\u00f3gica, Laborat\u00f3rio de An\u00e1lises Cl\u00ednicas, Setor de Quimioterapia, Hemodin\u00e2mica, amplia\u00e7\u00e3o do Centro Cir\u00fargico, Banco e Leite Humano, Centro de Tratamento de Queimados, Unidade de Transplante de Medula \u00d3ssea e o Banco de Olhos, al\u00e9m da moderniza\u00e7\u00e3o de espa\u00e7os e equipamentos dos setores. Entre 2011 e 2021 foram conclu\u00eddas as UTIs Neonatal e Adulto III, dentre outros avan\u00e7os em termos de infraestrutura. A aquisi\u00e7\u00e3o, em comodato, dos barrac\u00f5es do antigo IBC foi uma das grandes conquistas da \u00faltima d\u00e9cada.<\/p>\n\n\n\n<p>Os bons resultados em avalia\u00e7\u00f5es nacionais dos cursos do CCS t\u00eam rela\u00e7\u00e3o direta com o HU. O hospital recebe estudantes de gradua\u00e7\u00e3o dos cursos de Medicina, Enfermagem, Farm\u00e1cia e Bioqu\u00edmica, Fisioterapia e Odontologia j\u00e1 nos primeiros anos dos cursos. A pr\u00e1tica \u00e9 comum desde o in\u00edcio das gradua\u00e7\u00f5es, em diversos projetos e pesquisas. Na p\u00f3s-gradua\u00e7\u00e3o, mais especificamente nas resid\u00eancias, s\u00e3o quase 500 estudantes ativos matriculados em 68 cursos. In\u00fameras pesquisas s\u00e3o realizadas no HU por estudantes da gradua\u00e7\u00e3o e p\u00f3s-gradua\u00e7\u00e3o, orientadas e supervisionadas por docentes do CCS. A Telemedicina\/Telessa\u00faderepresenta um grande avan\u00e7o tecnol\u00f3gico, tanto no ensino como em servi\u00e7os \u00e0 comunidade.<\/p>\n\n\n\n<p class=\"has-text-align-center\">O texto est\u00e1 citado na lista de refer\u00eancias como REVISTA UEL (2011).<\/p>\n","protected":false},"excerpt":{"rendered":"<p>. O ano de 1990 registrou um grande n\u00famero de obras entregues, como o Hemocentro, o pr\u00e9dio do CCS, o Anfiteatro do HU, a Biblioteca Setorial do CCS e a Capela Ecum\u00eanica. Por\u00e9m, diversas outras obras, em diferentes \u00e9pocas, representaram avan\u00e7os importantes tanto no desenvolvimento cient\u00edfico quanto no atendimento \u00e0 popula\u00e7\u00e3o. Entre elas, o Laborat\u00f3rio [&hellip;]<\/p>\n","protected":false},"author":8,"featured_media":0,"parent":0,"menu_order":0,"comment_status":"closed","ping_status":"closed","template":"","meta":{"footnotes":""},"class_list":["post-1070","page","type-page","status-publish","hentry"],"acf":[],"_links":{"self":[{"href":"https:\/\/sites.uel.br\/pdi\/wp-json\/wp\/v2\/pages\/1070","targetHints":{"allow":["GET"]}}],"collection":[{"href":"https:\/\/sites.uel.br\/pdi\/wp-json\/wp\/v2\/pages"}],"about":[{"href":"https:\/\/sites.uel.br\/pdi\/wp-json\/wp\/v2\/types\/page"}],"author":[{"embeddable":true,"href":"https:\/\/sites.uel.br\/pdi\/wp-json\/wp\/v2\/users\/8"}],"replies":[{"embeddable":true,"href":"https:\/\/sites.uel.br\/pdi\/wp-json\/wp\/v2\/comments?post=1070"}],"version-history":[{"count":2,"href":"https:\/\/sites.uel.br\/pdi\/wp-json\/wp\/v2\/pages\/1070\/revisions"}],"predecessor-version":[{"id":1263,"href":"https:\/\/sites.uel.br\/pdi\/wp-json\/wp\/v2\/pages\/1070\/revisions\/1263"}],"wp:attachment":[{"href":"https:\/\/sites.uel.br\/pdi\/wp-json\/wp\/v2\/media?parent=1070"}],"curies":[{"name":"wp","href":"https:\/\/api.w.org\/{rel}","templated":true}]}}