{"id":1050,"date":"2022-10-03T16:06:30","date_gmt":"2022-10-03T19:06:30","guid":{"rendered":"https:\/\/sites.uel.br\/pdi\/?page_id=1050"},"modified":"2022-10-03T16:06:30","modified_gmt":"2022-10-03T19:06:30","slug":"uel-leva-o-projeto-de-telemedicina-parana-a-populacao-do-estado","status":"publish","type":"page","link":"https:\/\/sites.uel.br\/pdi\/uel-leva-o-projeto-de-telemedicina-parana-a-populacao-do-estado\/","title":{"rendered":"UEL leva o projeto de telemedicina Paran\u00e1 \u00e0 popula\u00e7\u00e3o do estado"},"content":{"rendered":"\n<p class=\"has-white-color has-text-color\">.<\/p>\n\n\n\n<p>\u201cA Telemedicina Paran\u00e1 \u00e9 um aplicativo de&nbsp;telessa\u00fade&nbsp;com o objetivo de agilizar o atendimento \u00e0 sa\u00fade da popula\u00e7\u00e3o, ajudar a desafogar as unidades de sa\u00fade, evitar aglomera\u00e7\u00f5es e deslocamentos, proteger os profissionais da \u00e1rea, al\u00e9m de possibilitar que o cidad\u00e3o possa ser consultado diretamente de sua casa, 24 horas por dia e todos os dias da semana\u201d. A explica\u00e7\u00e3o \u00e9 da professora Daniela&nbsp;Frizon&nbsp;Alfieri, do Departamento de Ci\u00eancias Farmac\u00eauticas, do Centro de Ci\u00eancias da Sa\u00fade (CCS), da UEL, coordenadora da plataforma Telemedicina Paran\u00e1.<\/p>\n\n\n\n<p>O projeto de&nbsp;telessa\u00fade&nbsp;\u2013 de atendimento m\u00e9dico e psicol\u00f3gico \u2013 que nasceu na UEL, agora, foi estendido para a popula\u00e7\u00e3o de todo o estado do Paran\u00e1, a partir do projeto de extens\u00e3o \u201cUEL pela Vida, Contra o Coronav\u00edrus\u201d, implantado no final de mar\u00e7o, para buscar respostas contra o v\u00edrus que causa a COVID-19, doen\u00e7a que provocou uma pandemia mundial, desde o in\u00edcio do ano. No Brasil, o coronav\u00edrus infectou mais de 3,76 milh\u00f5es de pessoas, levando \u00e0 morte quase 120 mil pessoas.<\/p>\n\n\n\n<p>A pr\u00f3-reitora de Extens\u00e3o, Cultura e Sociedade (PROEX), professora Mara Solange Gomes&nbsp;Dellaroza, afirma que a UEL coordena a Telemedicina para todo o estado do Paran\u00e1, sendo m\u00e9rito dos profissionais envolvidos no projeto, que nasceu por iniciativa dos professores do CCS, agora ampliado com a participa\u00e7\u00e3o de professores e de bolsistas do \u201cUEL pela Vida, Contra o Coronav\u00edrus\u201d. Ela afirma que a UEL oferece um servi\u00e7o de qualidade para toda a popula\u00e7\u00e3o do Paran\u00e1.<\/p>\n\n\n\n<p>Funcionamento \u2013 A plataforma Telemedicina Paran\u00e1 foi desenvolvida pelo Governo do Estado, em uma a\u00e7\u00e3o colaborativa entre a Secretaria Estadual de Sa\u00fade, a Superintend\u00eancia Geral de Ci\u00eancia, Tecnologia e Ensino Superior (SETI) e a Companhia de Tecnologia da Informa\u00e7\u00e3o e Comunica\u00e7\u00e3o do Paran\u00e1 (Celepar). \u201cA triagem, realizada pelos alunos dos dois \u00faltimos anos dos cursos de Enfermagem e de Medicina, comp\u00f5e uma das principais etapas do atendimento e ocorre sempre sob supervis\u00e3o do professor orientador\u201d, afirma a professora Daniela&nbsp;Frizon&nbsp;Alfieri.<\/p>\n\n\n\n<p>Segundo ela, a partir das respostas e no estado de sa\u00fade do paciente que apresenta a queixa, podem ser orientadas medidas de seguran\u00e7a e preven\u00e7\u00e3o, deixando a plataforma aberta para qualquer mudan\u00e7a de sa\u00fade \u201cOu ainda, para encaminhamentos ao atendimento m\u00e9dico ou psicol\u00f3gico pela pr\u00f3pria plataforma\u201d, comenta a professora. \u201cTodos cidad\u00e3os residentes no estado do Paran\u00e1 e as pessoas que est\u00e3o de passagem pelo nosso estado podem usar o servi\u00e7o\u201d, afirma Daniela\u00a0Frizon\u00a0Alfieri.<\/p>\n\n\n\n<p>As pessoas podem buscar os servi\u00e7os oferecidos pela plataforma por meio de aplicativo dispon\u00edvel gratuitamente para os sistemas iOS e Android sem custo. Para isso, basta realizar um cadastro. Em seguida, o paciente passa por uma triagem epidemiol\u00f3gica e de sintomas relacionados \u00e0 COVID-19. O aplicativo pode ser baixado para Android e para o sistema iOS.<\/p>\n\n\n\n<p>Resultados \u2013 A professora Daniela&nbsp;Frizon&nbsp;Alfieri afirma que os resultados do projeto s\u00e3o expressivos e demonstram a confian\u00e7a da popula\u00e7\u00e3o em servi\u00e7os digitais. \u201cAl\u00e9m disso, a&nbsp;telessa\u00fade&nbsp;vem preenchendo a lacuna entre&nbsp;pacientes<\/p>\n\n\n\n<p>pacientes e profissionais de sa\u00fade. Os servi\u00e7os possibilitam um atendimento \u00e1gil e humanizado \u00e0 sua casa\u201d, afirma a professora. \u201cEspecialmente os sintom\u00e1ticos, ajudando a reduzir a propaga\u00e7\u00e3o do coronav\u00edrus a popula\u00e7\u00f5es em massa e \u00e0 equipe m\u00e9dica nas linhas de frente\u201d.<\/p>\n\n\n\n<p class=\"has-text-align-center\">O texto est\u00e1 citado na lista de refer\u00eancias como O PEROBAL (2020a).<\/p>\n","protected":false},"excerpt":{"rendered":"<p>. \u201cA Telemedicina Paran\u00e1 \u00e9 um aplicativo de&nbsp;telessa\u00fade&nbsp;com o objetivo de agilizar o atendimento \u00e0 sa\u00fade da popula\u00e7\u00e3o, ajudar a desafogar as unidades de sa\u00fade, evitar aglomera\u00e7\u00f5es e deslocamentos, proteger os profissionais da \u00e1rea, al\u00e9m de possibilitar que o cidad\u00e3o possa ser consultado diretamente de sua casa, 24 horas por dia e todos os dias [&hellip;]<\/p>\n","protected":false},"author":8,"featured_media":0,"parent":0,"menu_order":0,"comment_status":"closed","ping_status":"closed","template":"","meta":{"footnotes":""},"class_list":["post-1050","page","type-page","status-publish","hentry"],"acf":[],"_links":{"self":[{"href":"https:\/\/sites.uel.br\/pdi\/wp-json\/wp\/v2\/pages\/1050","targetHints":{"allow":["GET"]}}],"collection":[{"href":"https:\/\/sites.uel.br\/pdi\/wp-json\/wp\/v2\/pages"}],"about":[{"href":"https:\/\/sites.uel.br\/pdi\/wp-json\/wp\/v2\/types\/page"}],"author":[{"embeddable":true,"href":"https:\/\/sites.uel.br\/pdi\/wp-json\/wp\/v2\/users\/8"}],"replies":[{"embeddable":true,"href":"https:\/\/sites.uel.br\/pdi\/wp-json\/wp\/v2\/comments?post=1050"}],"version-history":[{"count":1,"href":"https:\/\/sites.uel.br\/pdi\/wp-json\/wp\/v2\/pages\/1050\/revisions"}],"predecessor-version":[{"id":1051,"href":"https:\/\/sites.uel.br\/pdi\/wp-json\/wp\/v2\/pages\/1050\/revisions\/1051"}],"wp:attachment":[{"href":"https:\/\/sites.uel.br\/pdi\/wp-json\/wp\/v2\/media?parent=1050"}],"curies":[{"name":"wp","href":"https:\/\/api.w.org\/{rel}","templated":true}]}}