{"id":1047,"date":"2022-10-03T16:04:56","date_gmt":"2022-10-03T19:04:56","guid":{"rendered":"https:\/\/sites.uel.br\/pdi\/?page_id=1047"},"modified":"2022-10-03T16:04:56","modified_gmt":"2022-10-03T19:04:56","slug":"uel-e-destaque-em-pesquisa-que-estuda-modificacoes-geneticas-do-coronavirus","status":"publish","type":"page","link":"https:\/\/sites.uel.br\/pdi\/uel-e-destaque-em-pesquisa-que-estuda-modificacoes-geneticas-do-coronavirus\/","title":{"rendered":"UEL \u00e9 destaque em pesquisa que estuda modifica\u00e7\u00f5es gen\u00e9ticas do coronav\u00edrus"},"content":{"rendered":"\n<p class=\"has-white-color has-text-color\">.<\/p>\n\n\n\n<p>A UEL conquistou lugar de destaque nas pesquisas envolvendo as modifica\u00e7\u00f5es gen\u00e9ticas do novo coronav\u00edrus no estado. A Universidade \u00e9 uma das 16 institui\u00e7\u00f5es de ensino do Paran\u00e1, entre p\u00fablicas e particulares, que integram o Projeto Genoma Covid-19, conduzido pela Rede de Estudos Gen\u00f4micos do Paran\u00e1, sob a supervis\u00e3o do coordenador do curso de Medicina da Universidade Estadual do Centro-Oeste (Unicentro), m\u00e9dico e professor David&nbsp;Livingstone&nbsp;Alves Figueiredo.<\/p>\n\n\n\n<p>A iniciativa \u00e9 um esfor\u00e7o coletivo de mais de 200 pesquisadores para analisar e descobrir os mecanismos gen\u00e9ticos que regulam infec\u00e7\u00e3o, contribuindo para o tratamento da doen\u00e7a. O trabalho consiste na coleta e envio das amostras de todas as regi\u00f5es do estado para Guarapuava. Esse material gen\u00e9tico, ent\u00e3o, \u00e9 sequenciado e analisado. Uma das envolvidas \u00e9 a professora e pesquisadora Andrea&nbsp;Name&nbsp;Colado Sim\u00e3o, do Departamento de Patologia, An\u00e1lises Cl\u00ednicas e Toxicol\u00f3gicas (PAC), do Centro de Ci\u00eancias da Sa\u00fade (CCS). A pesquisadora conta que foram coletadas centenas de an\u00e1lises de pacientes de todo o estado e, de todas as amostras, as 150 melhores foram escolhidas, entre as quais muitas coletadas na UEL, o que evidencia a boa qualidade das amostras coletadas em Londrina.<\/p>\n\n\n\n<p>\u201cA Universidade e o Hospital Universit\u00e1rio sa\u00edram na frente, desde o in\u00edcio da pandemia. Conseguimos diagnosticar rapidamente, abordar o paciente para que ele participe da pesquisa e, depois, coletar os dados. Tudo isso est\u00e1 sendo feito muito rapidamente e j\u00e1 chamou a aten\u00e7\u00e3o do Governo do Estado, que quer que esse grau de efici\u00eancia seja replicado\u201d, ressalta a pesquisadora. At\u00e9 agora, foram&nbsp;genotipadas&nbsp;78 amostras.<\/p>\n\n\n\n<p>Em Londrina, participam do processo de abordagem, coleta e envio dos materiais, al\u00e9m de Andrea, a m\u00e9dica infectologista e professora do Departamento de Cl\u00ednica M\u00e9dica (CCS) Zuleica Tano e mais dois estudantes de Inicia\u00e7\u00e3o Cient\u00edfica (IC) do curso de Medicina (CCS).<\/p>\n\n\n\n<p>Resultados \u2013 O estudo mostrou, em resultados preliminares a partir de coletas efetuadas em outubro de 2020 e janeiro de 2021 que das 78 amostras&nbsp;genotipadas, 11% s\u00e3o da linhagem P.2 (B.1.1.28.2), identificada no m\u00eas passado no Rio de Janeiro. Isso significa que a variante j\u00e1 est\u00e1 circulando no estado antes mesmo da primeira notifica\u00e7\u00e3o no Pa\u00eds.<\/p>\n\n\n\n<p>Amostras \u2013 Compreender a forma de espraiamento do novo coronav\u00edrus no Paran\u00e1 s\u00f3 \u00e9 poss\u00edvel, de uma forma bastante eficaz, se muitas amostras de genoma sequenciado de boa qualidade estiverem \u00e0 disposi\u00e7\u00e3o. Pensando nisso, o Governo do Estado, atrav\u00e9s da Funda\u00e7\u00e3o Arauc\u00e1ria, aumentou de 150 para 300 amostras, para obter informa\u00e7\u00f5es em abund\u00e2ncia sobre a circula\u00e7\u00e3o do v\u00edrus na regi\u00e3o.Os benef\u00edcios das pesquisas para a popula\u00e7\u00e3o em geral, na avalia\u00e7\u00e3o de Andrea, s\u00e3o diversos. Com uma an\u00e1lise acurada, \u00e9 poss\u00edvel ter dados sobre\u00a0a infectividade do v\u00edrus, a gravidade dos sintomas, a efic\u00e1cia da vacina\u00e7\u00e3o, entre outros. \u201cEstamos observando que essa nova linhagem tem infectado cada vez mais pessoas jovens. Por que isso est\u00e1 ocorrendo? Ser\u00e1 que no Brasil a variante inglesa, por exemplo, vai se comportar do mesmo modo? Estamos tentando responder a todas essas perguntas\u201d.\u00a0<\/p>\n\n\n\n<p>A coleta das novas amostras de pacientes infectados com a Covid-19 j\u00e1 est\u00e1 em andamento. Os resultados das an\u00e1lises, segundo Andrea, devem ser divulgados at\u00e9 o fim do semestre. Vale ressaltar que a pesquisa conta ainda com bolsas de doutorado e p\u00f3s-doutorado custeadas pela Funda\u00e7\u00e3o Arauc\u00e1ria e Coordena\u00e7\u00e3o de Aperfei\u00e7oamento de Pessoal de N\u00edvel Superior (CAPES).<\/p>\n\n\n\n<p class=\"has-text-align-center\">O texto est\u00e1 citado na lista de refer\u00eancias como O PEROBAL (2021d).<\/p>\n","protected":false},"excerpt":{"rendered":"<p>. A UEL conquistou lugar de destaque nas pesquisas envolvendo as modifica\u00e7\u00f5es gen\u00e9ticas do novo coronav\u00edrus no estado. A Universidade \u00e9 uma das 16 institui\u00e7\u00f5es de ensino do Paran\u00e1, entre p\u00fablicas e particulares, que integram o Projeto Genoma Covid-19, conduzido pela Rede de Estudos Gen\u00f4micos do Paran\u00e1, sob a supervis\u00e3o do coordenador do curso de [&hellip;]<\/p>\n","protected":false},"author":8,"featured_media":0,"parent":0,"menu_order":0,"comment_status":"closed","ping_status":"closed","template":"","meta":{"footnotes":""},"class_list":["post-1047","page","type-page","status-publish","hentry"],"acf":[],"_links":{"self":[{"href":"https:\/\/sites.uel.br\/pdi\/wp-json\/wp\/v2\/pages\/1047","targetHints":{"allow":["GET"]}}],"collection":[{"href":"https:\/\/sites.uel.br\/pdi\/wp-json\/wp\/v2\/pages"}],"about":[{"href":"https:\/\/sites.uel.br\/pdi\/wp-json\/wp\/v2\/types\/page"}],"author":[{"embeddable":true,"href":"https:\/\/sites.uel.br\/pdi\/wp-json\/wp\/v2\/users\/8"}],"replies":[{"embeddable":true,"href":"https:\/\/sites.uel.br\/pdi\/wp-json\/wp\/v2\/comments?post=1047"}],"version-history":[{"count":1,"href":"https:\/\/sites.uel.br\/pdi\/wp-json\/wp\/v2\/pages\/1047\/revisions"}],"predecessor-version":[{"id":1048,"href":"https:\/\/sites.uel.br\/pdi\/wp-json\/wp\/v2\/pages\/1047\/revisions\/1048"}],"wp:attachment":[{"href":"https:\/\/sites.uel.br\/pdi\/wp-json\/wp\/v2\/media?parent=1047"}],"curies":[{"name":"wp","href":"https:\/\/api.w.org\/{rel}","templated":true}]}}

UEL é destaque em pesquisa que estuda modificações genéticas do coronavírus

<p class="has-white-color has-text-color">.</p>



<p>A UEL conquistou lugar de destaque nas pesquisas envolvendo as modificações genéticas do novo coronavírus no estado. A Universidade é uma das 16 instituições de ensino do Paraná, entre públicas e particulares, que integram o Projeto Genoma Covid-19, conduzido pela Rede de Estudos Genômicos do Paraná, sob a supervisão do coordenador do curso de Medicina da Universidade Estadual do Centro-Oeste (Unicentro), médico e professor David&nbsp;Livingstone&nbsp;Alves Figueiredo.</p>



<p>A iniciativa é um esforço coletivo de mais de 200 pesquisadores para analisar e descobrir os mecanismos genéticos que regulam infecção, contribuindo para o tratamento da doença. O trabalho consiste na coleta e envio das amostras de todas as regiões do estado para Guarapuava. Esse material genético, então, é sequenciado e analisado. Uma das envolvidas é a professora e pesquisadora Andrea&nbsp;Name&nbsp;Colado Simão, do Departamento de Patologia, Análises Clínicas e Toxicológicas (PAC), do Centro de Ciências da Saúde (CCS). A pesquisadora conta que foram coletadas centenas de análises de pacientes de todo o estado e, de todas as amostras, as 150 melhores foram escolhidas, entre as quais muitas coletadas na UEL, o que evidencia a boa qualidade das amostras coletadas em Londrina.</p>



<p>“A Universidade e o Hospital Universitário saíram na frente, desde o início da pandemia. Conseguimos diagnosticar rapidamente, abordar o paciente para que ele participe da pesquisa e, depois, coletar os dados. Tudo isso está sendo feito muito rapidamente e já chamou a atenção do Governo do Estado, que quer que esse grau de eficiência seja replicado”, ressalta a pesquisadora. Até agora, foram&nbsp;genotipadas&nbsp;78 amostras.</p>



<p>Em Londrina, participam do processo de abordagem, coleta e envio dos materiais, além de Andrea, a médica infectologista e professora do Departamento de Clínica Médica (CCS) Zuleica Tano e mais dois estudantes de Iniciação Científica (IC) do curso de Medicina (CCS).</p>



<p>Resultados – O estudo mostrou, em resultados preliminares a partir de coletas efetuadas em outubro de 2020 e janeiro de 2021 que das 78 amostras&nbsp;genotipadas, 11% são da linhagem P.2 (B.1.1.28.2), identificada no mês passado no Rio de Janeiro. Isso significa que a variante já está circulando no estado antes mesmo da primeira notificação no País.</p>



<p>Amostras – Compreender a forma de espraiamento do novo coronavírus no Paraná só é possível, de uma forma bastante eficaz, se muitas amostras de genoma sequenciado de boa qualidade estiverem à disposição. Pensando nisso, o Governo do Estado, através da Fundação Araucária, aumentou de 150 para 300 amostras, para obter informações em abundância sobre a circulação do vírus na região.Os benefícios das pesquisas para a população em geral, na avaliação de Andrea, são diversos. Com uma análise acurada, é possível ter dados sobre a infectividade do vírus, a gravidade dos sintomas, a eficácia da vacinação, entre outros. “Estamos observando que essa nova linhagem tem infectado cada vez mais pessoas jovens. Por que isso está ocorrendo? Será que no Brasil a variante inglesa, por exemplo, vai se comportar do mesmo modo? Estamos tentando responder a todas essas perguntas”. </p>



<p>A coleta das novas amostras de pacientes infectados com a Covid-19 já está em andamento. Os resultados das análises, segundo Andrea, devem ser divulgados até o fim do semestre. Vale ressaltar que a pesquisa conta ainda com bolsas de doutorado e pós-doutorado custeadas pela Fundação Araucária e Coordenação de Aperfeiçoamento de Pessoal de Nível Superior (CAPES).</p>



<p class="has-text-align-center">O texto está citado na lista de referências como O PEROBAL (2021d).</p>

<p>. A UEL conquistou lugar de destaque nas pesquisas envolvendo as modificações genéticas do novo coronavírus no estado. A Universidade é uma das 16 instituições de ensino do Paraná, entre públicas e particulares, que integram o Projeto Genoma Covid-19, conduzido pela Rede de Estudos Genômicos do Paraná, sob a supervisão do coordenador do curso de [&hellip;]</p>
