{"id":1040,"date":"2022-10-03T15:58:03","date_gmt":"2022-10-03T18:58:03","guid":{"rendered":"https:\/\/sites.uel.br\/pdi\/?page_id=1040"},"modified":"2022-10-03T15:58:03","modified_gmt":"2022-10-03T18:58:03","slug":"parceria-entre-uel-e-prefeitura-de-londrina-garante-teleatendimento-a-pacientes-de-covid-19","status":"publish","type":"page","link":"https:\/\/sites.uel.br\/pdi\/parceria-entre-uel-e-prefeitura-de-londrina-garante-teleatendimento-a-pacientes-de-covid-19\/","title":{"rendered":"Parceria entre UEL e Prefeitura de Londrina garante teleatendimento a pacientes de Covid-19"},"content":{"rendered":"\n<p class=\"has-text-color\" style=\"color:#eeeeee\">.<\/p>\n\n\n\n<p>Um grupo de nove estudantes bolsistas e mais dois orientadores da \u00e1rea da sa\u00fade iniciaram na segunda-feira (17) o trabalho de agendamento de pacientes assintom\u00e1ticos de Covid-19, que precisam de consultas em telemedicina para obten\u00e7\u00e3o de atestado m\u00e9dico e demais orienta\u00e7\u00f5es para o tratamento. O agendamento \u00e9 feito por estudantes bolsistas da UEL, que marcam as consultas online com m\u00e9dicos da Rede Municipal de Sa\u00fade, colaborando para desafogar os servi\u00e7os de sa\u00fade impactados com o aumento dos casos da doen\u00e7a nas \u00faltimas semanas.<\/p>\n\n\n\n<p>O servi\u00e7o est\u00e1 dispon\u00edvel para pessoas assintom\u00e1ticas ou com quadros leves, residentes em Londrina, com atendimento pelo n\u00famero 0800-400-1234. Segundo a Pr\u00f3-reitora de Extens\u00e3o, Cultura e Sociedade, professora Mara Solange Gomes&nbsp;Dellaroza, a Prefeitura de Londrina procurou a UEL na semana passada interessada em estabelecer parceria para agilizar o agendamento das consultas em telemedicina. Esta parceria somente foi poss\u00edvel pois a Universidade mant\u00e9m desde 2020 um projeto de extens\u00e3o que realiza a orienta\u00e7\u00e3o para comunidade via telefone.<\/p>\n\n\n\n<p>Trabalho semelhante foi realizado no ano passado, no in\u00edcio da pandemia, colaborando para melhorar o n\u00edvel de informa\u00e7\u00e3o da popula\u00e7\u00e3o e tamb\u00e9m para desafogar as Unidades de Pronto Atendimento (UPAs) e pronto socorros de Hospitais. Na UEL, o trabalho foi realizado at\u00e9 agosto passado, contando com a parceria da Superintend\u00eancia Geral de Ensino Superior, Ci\u00eancia e Tecnologia (SETI).<\/p>\n\n\n\n<p>De acordo com a Pr\u00f3-Reitora, o atendimento \u00e9 realizado das 8 \u00e0s 18 horas. Os bolsistas atuam no pr\u00e9dio do&nbsp;Labesc, no Campus da UEL, divididos em duas equipes \u2013 seis pessoas pela manh\u00e3 e outros cinco no per\u00edodo da tarde. Segundo informa\u00e7\u00f5es da Prefeitura de Londrina, ap\u00f3s a equipe do Disque Coronav\u00edrus concluir a etapa de triagem e agendamento, o m\u00e9dico da Secretaria Municipal de Sa\u00fade realiza a consulta online com o paciente, no dia e hor\u00e1rio marcados. A&nbsp;teleconsulta&nbsp;\u00e9 feita por quatro m\u00e9dicos que atuam na rede municipal.<\/p>\n\n\n\n<p>Ainda de acordo com informa\u00e7\u00f5es da Prefeitura, no caso de pessoas que j\u00e1 fizeram os exames, mas os sintomas s\u00e3o intensos (febre alta, falta de ar, cansa\u00e7o) a recomenda\u00e7\u00e3o \u00e9 comparecer em uma das quatro unidades de refer\u00eancia para quadros respirat\u00f3rios \u2013 Unidades B\u00e1sicas de Sa\u00fade (UBS) do Guanabara, Chefe Newton e Vila\u00a0Casoni, que funcionam de segunda a sexta-feira, das 7 \u00e0s 18 horas; mais a Unidade de Pronto Atendimento (UPA) Sabar\u00e1, que funciona todos os dias (24 horas).<\/p>\n\n\n\n<p class=\"has-text-align-center\">O texto est\u00e1 citado na lista de refer\u00eancias como O PEROBAL (2022g).<\/p>\n","protected":false},"excerpt":{"rendered":"<p>. Um grupo de nove estudantes bolsistas e mais dois orientadores da \u00e1rea da sa\u00fade iniciaram na segunda-feira (17) o trabalho de agendamento de pacientes assintom\u00e1ticos de Covid-19, que precisam de consultas em telemedicina para obten\u00e7\u00e3o de atestado m\u00e9dico e demais orienta\u00e7\u00f5es para o tratamento. O agendamento \u00e9 feito por estudantes bolsistas da UEL, que [&hellip;]<\/p>\n","protected":false},"author":8,"featured_media":0,"parent":0,"menu_order":0,"comment_status":"closed","ping_status":"closed","template":"","meta":{"footnotes":""},"class_list":["post-1040","page","type-page","status-publish","hentry"],"acf":[],"_links":{"self":[{"href":"https:\/\/sites.uel.br\/pdi\/wp-json\/wp\/v2\/pages\/1040","targetHints":{"allow":["GET"]}}],"collection":[{"href":"https:\/\/sites.uel.br\/pdi\/wp-json\/wp\/v2\/pages"}],"about":[{"href":"https:\/\/sites.uel.br\/pdi\/wp-json\/wp\/v2\/types\/page"}],"author":[{"embeddable":true,"href":"https:\/\/sites.uel.br\/pdi\/wp-json\/wp\/v2\/users\/8"}],"replies":[{"embeddable":true,"href":"https:\/\/sites.uel.br\/pdi\/wp-json\/wp\/v2\/comments?post=1040"}],"version-history":[{"count":1,"href":"https:\/\/sites.uel.br\/pdi\/wp-json\/wp\/v2\/pages\/1040\/revisions"}],"predecessor-version":[{"id":1042,"href":"https:\/\/sites.uel.br\/pdi\/wp-json\/wp\/v2\/pages\/1040\/revisions\/1042"}],"wp:attachment":[{"href":"https:\/\/sites.uel.br\/pdi\/wp-json\/wp\/v2\/media?parent=1040"}],"curies":[{"name":"wp","href":"https:\/\/api.w.org\/{rel}","templated":true}]}}