{"id":1038,"date":"2022-10-03T15:57:00","date_gmt":"2022-10-03T18:57:00","guid":{"rendered":"https:\/\/sites.uel.br\/pdi\/?page_id=1038"},"modified":"2022-10-17T13:36:30","modified_gmt":"2022-10-17T16:36:30","slug":"suporte-psicologico-a-pacientes-e-profissionais-da-saude-que-lidam-com-covid-19-completa-dois-anos","status":"publish","type":"page","link":"https:\/\/sites.uel.br\/pdi\/suporte-psicologico-a-pacientes-e-profissionais-da-saude-que-lidam-com-covid-19-completa-dois-anos\/","title":{"rendered":"Suporte psicol\u00f3gico a pacientes e profissionais da sa\u00fade que lidam com Covid-19 completa dois anos"},"content":{"rendered":"\n<p class=\"has-text-color\" style=\"color:#fefefe\">.<\/p>\n\n\n\n<p>A pandemia de Covid-19 trouxe uma s\u00e9rie de efeitos delet\u00e9rios \u00e0 sa\u00fade da popula\u00e7\u00e3o mundial que ainda est\u00e3o sob estudo da comunidade cient\u00edfica. At\u00e9 agora, sabe-se, por meio de estudos desenvolvidos em v\u00e1rios pa\u00edses, inclusive no Brasil, que uma parte importante dos curados da doen\u00e7a passaram a sofrer de ansiedade e depress\u00e3o, sintomas recorrentes e comuns para a maioria dos que se curaram. O projeto de extens\u00e3o \u201cSuporte Psicol\u00f3gico \u2013 Covid-19: Atendimentos aos Profissionais e Pacientes do Hospital Universit\u00e1rio da UEL\u201d, desenvolvido no Departamento de Psicologia Geral e An\u00e1lise do Comportamento (CCB) e coordenado pela professora Josy de Souza&nbsp;Moriyama, est\u00e1 ativo desde abril de 2020 e completou dois&nbsp;anos com 248 atendimentos realizados. Inicialmente pensado como uma a\u00e7\u00e3o circunscrita ao HU, o projeto se estendeu para outras institui\u00e7\u00f5es, como escolas e batalh\u00f5es da Pol\u00edcia Militar (PM).<\/p>\n\n\n\n<p>Em 2020, no primeiro ano da pandemia do novo coronav\u00edrus, foram realizados 83 atendimentos. Naquela \u00e9poca, segundo a coordenadora, o receio em sair de casa e enfrentar uma doen\u00e7a desconhecida e bastante contagiosa sem estar vacinado foi uma das explica\u00e7\u00f5es pela procura mais baixa. \u201cO projeto sempre teve muitos envolvidos. S\u00e3o dezenas de profissionais de Psicologia e Psiquiatria, al\u00e9m de estudantes envolvidos e professores da coordena\u00e7\u00e3o e apoio\u201d, contou. Cada paciente atendido passa por uma m\u00e9dia de 4 encontros, podendo chegar a 8 atendimentos. O projeto foi uma demanda do Hospital Universit\u00e1rio da UEL, mas, devido ao pr\u00f3prio ritmo de trabalho no momento inicial da pandemia, a procura foi abaixo do esperado. \u201cCostumo dizer que, no momento do projeto, \u00e9 como se um soldado estivesse em um campo de batalha. Absorvido pelo combate, ele n\u00e3o para e sente os efeitos daquilo. S\u00f3 vai sentir depois\u201d, avaliou.<\/p>\n\n\n\n<p>De acordo com Josy, s\u00e3o 164 participantes do projeto, entre os quais 10 professores, 41 alunos de Gradua\u00e7\u00e3o, 26 estudantes de P\u00f3s-Gradua\u00e7\u00e3o e 87 colaboradores externos, de psiquiatras e psic\u00f3logos.<\/p>\n\n\n\n<p>E o \u201cdepois\u201d, enfim, veio. Em 2021, o n\u00famero de atendimentos duplicou: foram 163. \u201cAs pessoas come\u00e7aram a perceber\u00a0que aquilo\u00a0(a pandemia) n\u00e3o ia acabar t\u00e3o cedo, a\u00ed come\u00e7aram a procurar, at\u00e9 pelo cansa\u00e7o\u201d, definiu. Nesse montante, est\u00e3o inclu\u00eddos al\u00e9m de profissionais de sa\u00fade do HU e outros locais, policiais militares (que receberam visitas presenciais em batalh\u00f5es da cidade), professores e assistentes sociais, estes do HU, que passavam por um momento de muito estresse, perdendo pessoas pr\u00f3ximas\u201d, avaliou a professora.\u00a0<\/p>\n\n\n\n<p>O ano de 2021 prosseguiu com atendimentos \u00e0 popula\u00e7\u00e3o em geral, no HU e no Hospital Zona Sul, com atendimentos em grupo (presenciais) e individuais (online). Por\u00e9m, em 2022, com o avan\u00e7o da vacina\u00e7\u00e3o e com o relaxamento das medidas protetivas contra a doen\u00e7a, a busca pelo servi\u00e7o, de alta relev\u00e2ncia para a \u00e1rea da sa\u00fade, teve grande queda.<\/p>\n\n\n\n<p>O que explica essa diminui\u00e7\u00e3o de interesse? Para Josy, a pr\u00f3pria condu\u00e7\u00e3o da pandemia no Brasil causou desinteresse. \u201cN\u00f3s encontramos, neste ano, um brasileiro desinteressado pelas quest\u00f5es envolvendo a pandemia. Antes, existia um incentivo para o cuidado com a sa\u00fade mental, quando o isolamento era algo presente nas nossas vidas. Depois, isso foi passando\u201d, explicou. A coordenadora do projeto de extens\u00e3o aponta que as quest\u00f5es envolvendo problemas psicol\u00f3gicos e Covid-19, no entanto, seguiram, em muitos casos, negligenciadas.&nbsp;<\/p>\n\n\n\n<p>Os quadros de ansiedade e depress\u00e3o, por exemplo, acabam surgindo na vida dos pacientes p\u00f3s-Covid, em especial adolescentes e adultos. \u201cH\u00e1 uma s\u00e9rie de problemas em voga atualmente, como a quest\u00e3o do luto, que devemos trabalhar. Os adolescentes em geral est\u00e3o com dificuldades para se enturmar, com o fim das medidas de isolamento e retorno das aulas e atividades normais\u201d, encerrou a professora.<\/p>\n\n\n\n<p class=\"has-text-align-center\">O texto est\u00e1 citado na lista de refer\u00eancias como O PEROBAL (2022f).<\/p>\n","protected":false},"excerpt":{"rendered":"<p>. A pandemia de Covid-19 trouxe uma s\u00e9rie de efeitos delet\u00e9rios \u00e0 sa\u00fade da popula\u00e7\u00e3o mundial que ainda est\u00e3o sob estudo da comunidade cient\u00edfica. At\u00e9 agora, sabe-se, por meio de estudos desenvolvidos em v\u00e1rios pa\u00edses, inclusive no Brasil, que uma parte importante dos curados da doen\u00e7a passaram a sofrer de ansiedade e depress\u00e3o, sintomas recorrentes [&hellip;]<\/p>\n","protected":false},"author":8,"featured_media":0,"parent":0,"menu_order":0,"comment_status":"closed","ping_status":"closed","template":"","meta":{"footnotes":""},"class_list":["post-1038","page","type-page","status-publish","hentry"],"acf":[],"_links":{"self":[{"href":"https:\/\/sites.uel.br\/pdi\/wp-json\/wp\/v2\/pages\/1038","targetHints":{"allow":["GET"]}}],"collection":[{"href":"https:\/\/sites.uel.br\/pdi\/wp-json\/wp\/v2\/pages"}],"about":[{"href":"https:\/\/sites.uel.br\/pdi\/wp-json\/wp\/v2\/types\/page"}],"author":[{"embeddable":true,"href":"https:\/\/sites.uel.br\/pdi\/wp-json\/wp\/v2\/users\/8"}],"replies":[{"embeddable":true,"href":"https:\/\/sites.uel.br\/pdi\/wp-json\/wp\/v2\/comments?post=1038"}],"version-history":[{"count":2,"href":"https:\/\/sites.uel.br\/pdi\/wp-json\/wp\/v2\/pages\/1038\/revisions"}],"predecessor-version":[{"id":1290,"href":"https:\/\/sites.uel.br\/pdi\/wp-json\/wp\/v2\/pages\/1038\/revisions\/1290"}],"wp:attachment":[{"href":"https:\/\/sites.uel.br\/pdi\/wp-json\/wp\/v2\/media?parent=1038"}],"curies":[{"name":"wp","href":"https:\/\/api.w.org\/{rel}","templated":true}]}}

Suporte psicológico a pacientes e profissionais da saúde que lidam com Covid-19 completa dois anos

<p class="has-text-color" style="color:#fefefe">.</p>



<p>A pandemia de Covid-19 trouxe uma série de efeitos deletérios à saúde da população mundial que ainda estão sob estudo da comunidade científica. Até agora, sabe-se, por meio de estudos desenvolvidos em vários países, inclusive no Brasil, que uma parte importante dos curados da doença passaram a sofrer de ansiedade e depressão, sintomas recorrentes e comuns para a maioria dos que se curaram. O projeto de extensão “Suporte Psicológico – Covid-19: Atendimentos aos Profissionais e Pacientes do Hospital Universitário da UEL”, desenvolvido no Departamento de Psicologia Geral e Análise do Comportamento (CCB) e coordenado pela professora Josy de Souza&nbsp;Moriyama, está ativo desde abril de 2020 e completou dois&nbsp;anos com 248 atendimentos realizados. Inicialmente pensado como uma ação circunscrita ao HU, o projeto se estendeu para outras instituições, como escolas e batalhões da Polícia Militar (PM).</p>



<p>Em 2020, no primeiro ano da pandemia do novo coronavírus, foram realizados 83 atendimentos. Naquela época, segundo a coordenadora, o receio em sair de casa e enfrentar uma doença desconhecida e bastante contagiosa sem estar vacinado foi uma das explicações pela procura mais baixa. “O projeto sempre teve muitos envolvidos. São dezenas de profissionais de Psicologia e Psiquiatria, além de estudantes envolvidos e professores da coordenação e apoio”, contou. Cada paciente atendido passa por uma média de 4 encontros, podendo chegar a 8 atendimentos. O projeto foi uma demanda do Hospital Universitário da UEL, mas, devido ao próprio ritmo de trabalho no momento inicial da pandemia, a procura foi abaixo do esperado. “Costumo dizer que, no momento do projeto, é como se um soldado estivesse em um campo de batalha. Absorvido pelo combate, ele não para e sente os efeitos daquilo. Só vai sentir depois”, avaliou.</p>



<p>De acordo com Josy, são 164 participantes do projeto, entre os quais 10 professores, 41 alunos de Graduação, 26 estudantes de Pós-Graduação e 87 colaboradores externos, de psiquiatras e psicólogos.</p>



<p>E o “depois”, enfim, veio. Em 2021, o número de atendimentos duplicou: foram 163. “As pessoas começaram a perceber que aquilo (a pandemia) não ia acabar tão cedo, aí começaram a procurar, até pelo cansaço”, definiu. Nesse montante, estão incluídos além de profissionais de saúde do HU e outros locais, policiais militares (que receberam visitas presenciais em batalhões da cidade), professores e assistentes sociais, estes do HU, que passavam por um momento de muito estresse, perdendo pessoas próximas”, avaliou a professora. </p>



<p>O ano de 2021 prosseguiu com atendimentos à população em geral, no HU e no Hospital Zona Sul, com atendimentos em grupo (presenciais) e individuais (online). Porém, em 2022, com o avanço da vacinação e com o relaxamento das medidas protetivas contra a doença, a busca pelo serviço, de alta relevância para a área da saúde, teve grande queda.</p>



<p>O que explica essa diminuição de interesse? Para Josy, a própria condução da pandemia no Brasil causou desinteresse. “Nós encontramos, neste ano, um brasileiro desinteressado pelas questões envolvendo a pandemia. Antes, existia um incentivo para o cuidado com a saúde mental, quando o isolamento era algo presente nas nossas vidas. Depois, isso foi passando”, explicou. A coordenadora do projeto de extensão aponta que as questões envolvendo problemas psicológicos e Covid-19, no entanto, seguiram, em muitos casos, negligenciadas.&nbsp;</p>



<p>Os quadros de ansiedade e depressão, por exemplo, acabam surgindo na vida dos pacientes pós-Covid, em especial adolescentes e adultos. “Há uma série de problemas em voga atualmente, como a questão do luto, que devemos trabalhar. Os adolescentes em geral estão com dificuldades para se enturmar, com o fim das medidas de isolamento e retorno das aulas e atividades normais”, encerrou a professora.</p>



<p class="has-text-align-center">O texto está citado na lista de referências como O PEROBAL (2022f).</p>

<p>. A pandemia de Covid-19 trouxe uma série de efeitos deletérios à saúde da população mundial que ainda estão sob estudo da comunidade científica. Até agora, sabe-se, por meio de estudos desenvolvidos em vários países, inclusive no Brasil, que uma parte importante dos curados da doença passaram a sofrer de ansiedade e depressão, sintomas recorrentes [&hellip;]</p>
