{"id":1027,"date":"2022-10-03T15:41:04","date_gmt":"2022-10-03T18:41:04","guid":{"rendered":"https:\/\/sites.uel.br\/pdi\/?page_id=1027"},"modified":"2022-11-12T17:53:22","modified_gmt":"2022-11-12T20:53:22","slug":"uel-contra-o-coronavirus","status":"publish","type":"page","link":"https:\/\/sites.uel.br\/pdi\/uel-contra-o-coronavirus\/","title":{"rendered":"UEL Contra o Coronav\u00edrus"},"content":{"rendered":"\n<p class=\"has-white-color has-text-color\">.<\/p>\n\n\n\n<p>Desde o in\u00edcio da Pandemia a Universidade Estadual de Londrina tem passado por um processo de reorganiza\u00e7\u00e3o de seu funcionamento e elaborado estrat\u00e9gias para o enfrentamento da Covid-19 na comunidade universit\u00e1ria, incluindo docentes, t\u00e9cnicos administrativos e estudantes. A UEL entendeu, desde a constata\u00e7\u00e3o de um cen\u00e1rio pand\u00eamico, ser seu dever colaborar, compartilhar informa\u00e7\u00f5es e revisar planos com as autoridades locais de sa\u00fade para ajudar a proteger toda a comunidade, incluindo aqueles com necessidades especiais de sa\u00fade.<\/p>\n\n\n\n<p>Como uma das respostas institucionais, a universidade criou o Grupo de Trabalho da Covid-19 da Universidade Estadual de Londrina para apresentar normas, protocolos e orienta\u00e7\u00f5es de seguran\u00e7a sanit\u00e1ria para o enfrentamento da doen\u00e7a. Por meio deste grupo, a UEL buscou apoiar toda a comunidade universit\u00e1ria nas pr\u00e1ticas seguras para reduzir os riscos de contamina\u00e7\u00e3o e adoecimento da popula\u00e7\u00e3o, orientando estudantes, docentes, t\u00e9cnicos e gestores com informa\u00e7\u00f5es gerais, procedimentos t\u00e9cnicos e diretrizes relacionadas \u00e0s pr\u00e1ticas seguras na preven\u00e7\u00e3o da Covid-19, estabelecendo rotinas que permitiram um ambiente sanit\u00e1rio seguro.A atua\u00e7\u00e3o da UEL frente ao contexto pand\u00eamico foi diferencial e angariou reconhecimentos internos e externos, os quais foram evidenciados em algumas reportagens publicadas pela Ag\u00eancia de Not\u00edcias da UEL, no portal O&nbsp;Perobal. Destas, algumas foram destacadas e apresentadas por completo neste PDI, sendo elas:<\/p>\n\n\n\n<div class=\"wp-block-columns is-not-stacked-on-mobile is-layout-flex wp-container-core-columns-is-layout-9d6595d7 wp-block-columns-is-layout-flex\">\n<div class=\"wp-block-column is-layout-flow wp-block-column-is-layout-flow\">\n<figure class=\"wp-block-gallery has-nested-images columns-default is-cropped wp-block-gallery-1 is-layout-flex wp-block-gallery-is-layout-flex\">\n<figure class=\"wp-block-image size-large\"><a href=\"https:\/\/sites.uel.br\/pdi\/suporte-psicologico-a-pacientes-e-profissionais-da-saude-que-lidam-com-covid-19-completa-dois-anos\/\"><img loading=\"lazy\" decoding=\"async\" width=\"1024\" height=\"572\" data-id=\"2514\" src=\"https:\/\/sites.uel.br\/pdi\/wp-content\/uploads\/2022\/11\/aabg-1024x572.png\" alt=\"\" class=\"wp-image-2514\" srcset=\"https:\/\/sites.uel.br\/pdi\/wp-content\/uploads\/2022\/11\/aabg-1024x572.png 1024w, https:\/\/sites.uel.br\/pdi\/wp-content\/uploads\/2022\/11\/aabg-300x168.png 300w, https:\/\/sites.uel.br\/pdi\/wp-content\/uploads\/2022\/11\/aabg-768x429.png 768w, https:\/\/sites.uel.br\/pdi\/wp-content\/uploads\/2022\/11\/aabg-1536x858.png 1536w, https:\/\/sites.uel.br\/pdi\/wp-content\/uploads\/2022\/11\/aabg.png 1987w\" sizes=\"auto, (max-width: 1024px) 100vw, 1024px\" \/><\/a><\/figure>\n<\/figure>\n<\/div>\n\n\n\n<div class=\"wp-block-column is-layout-flow wp-block-column-is-layout-flow\">\n<figure class=\"wp-block-gallery has-nested-images columns-default is-cropped wp-block-gallery-2 is-layout-flex wp-block-gallery-is-layout-flex\">\n<figure class=\"wp-block-image size-large\"><a href=\"https:\/\/sites.uel.br\/pdi\/parceria-entre-uel-e-prefeitura-de-londrina-garante-teleatendimento-a-pacientes-de-covid-19\/\"><img loading=\"lazy\" decoding=\"async\" width=\"1024\" height=\"561\" data-id=\"2515\" src=\"https:\/\/sites.uel.br\/pdi\/wp-content\/uploads\/2022\/11\/aabh-1024x561.png\" alt=\"\" class=\"wp-image-2515\" srcset=\"https:\/\/sites.uel.br\/pdi\/wp-content\/uploads\/2022\/11\/aabh-1024x561.png 1024w, https:\/\/sites.uel.br\/pdi\/wp-content\/uploads\/2022\/11\/aabh-300x164.png 300w, https:\/\/sites.uel.br\/pdi\/wp-content\/uploads\/2022\/11\/aabh-768x421.png 768w, https:\/\/sites.uel.br\/pdi\/wp-content\/uploads\/2022\/11\/aabh-1536x841.png 1536w, https:\/\/sites.uel.br\/pdi\/wp-content\/uploads\/2022\/11\/aabh.png 2027w\" sizes=\"auto, (max-width: 1024px) 100vw, 1024px\" \/><\/a><\/figure>\n<\/figure>\n<\/div>\n\n\n\n<div class=\"wp-block-column is-layout-flow wp-block-column-is-layout-flow\">\n<figure class=\"wp-block-gallery has-nested-images columns-default is-cropped wp-block-gallery-3 is-layout-flex wp-block-gallery-is-layout-flex\">\n<figure class=\"wp-block-image size-large\"><a href=\"https:\/\/sites.uel.br\/pdi\/parceria-entre-hu-uel-e-prefeitura-de-londrina-realizou-mais-de-83-mil-testes-de-covid-19\/\"><img loading=\"lazy\" decoding=\"async\" width=\"1024\" height=\"562\" data-id=\"2516\" src=\"https:\/\/sites.uel.br\/pdi\/wp-content\/uploads\/2022\/11\/aabi-1024x562.png\" alt=\"\" class=\"wp-image-2516\" srcset=\"https:\/\/sites.uel.br\/pdi\/wp-content\/uploads\/2022\/11\/aabi-1024x562.png 1024w, https:\/\/sites.uel.br\/pdi\/wp-content\/uploads\/2022\/11\/aabi-300x165.png 300w, https:\/\/sites.uel.br\/pdi\/wp-content\/uploads\/2022\/11\/aabi-768x422.png 768w, https:\/\/sites.uel.br\/pdi\/wp-content\/uploads\/2022\/11\/aabi-1536x843.png 1536w, https:\/\/sites.uel.br\/pdi\/wp-content\/uploads\/2022\/11\/aabi.png 2022w\" sizes=\"auto, (max-width: 1024px) 100vw, 1024px\" \/><\/a><\/figure>\n<\/figure>\n<\/div>\n<\/div>\n\n\n\n<div class=\"wp-block-columns is-not-stacked-on-mobile is-layout-flex wp-container-core-columns-is-layout-9d6595d7 wp-block-columns-is-layout-flex\">\n<div class=\"wp-block-column is-layout-flow wp-block-column-is-layout-flow\">\n<figure class=\"wp-block-gallery has-nested-images columns-default is-cropped wp-block-gallery-4 is-layout-flex wp-block-gallery-is-layout-flex\">\n<figure class=\"wp-block-image size-large\"><a href=\"https:\/\/sites.uel.br\/pdi\/em-um-ano-de-pandemia-uel-amplia-atividades-academicas-e-pesquisas-sobre-o-coronavirus\/\"><img loading=\"lazy\" decoding=\"async\" width=\"1024\" height=\"572\" data-id=\"2521\" src=\"https:\/\/sites.uel.br\/pdi\/wp-content\/uploads\/2022\/11\/aabn-1024x572.png\" alt=\"\" class=\"wp-image-2521\" srcset=\"https:\/\/sites.uel.br\/pdi\/wp-content\/uploads\/2022\/11\/aabn-1024x572.png 1024w, https:\/\/sites.uel.br\/pdi\/wp-content\/uploads\/2022\/11\/aabn-300x168.png 300w, https:\/\/sites.uel.br\/pdi\/wp-content\/uploads\/2022\/11\/aabn-768x429.png 768w, https:\/\/sites.uel.br\/pdi\/wp-content\/uploads\/2022\/11\/aabn-1536x858.png 1536w, https:\/\/sites.uel.br\/pdi\/wp-content\/uploads\/2022\/11\/aabn.png 1987w\" sizes=\"auto, (max-width: 1024px) 100vw, 1024px\" \/><\/a><\/figure>\n<\/figure>\n<\/div>\n\n\n\n<div class=\"wp-block-column is-layout-flow wp-block-column-is-layout-flow\">\n<figure class=\"wp-block-gallery has-nested-images columns-default is-cropped wp-block-gallery-5 is-layout-flex wp-block-gallery-is-layout-flex\">\n<figure class=\"wp-block-image size-large\"><a href=\"https:\/\/sites.uel.br\/pdi\/uel-e-destaque-em-pesquisa-que-estuda-modificacoes-geneticas-do-coronavirus\/\"><img loading=\"lazy\" decoding=\"async\" width=\"1024\" height=\"572\" data-id=\"2518\" src=\"https:\/\/sites.uel.br\/pdi\/wp-content\/uploads\/2022\/11\/aabk-1024x572.png\" alt=\"\" class=\"wp-image-2518\" srcset=\"https:\/\/sites.uel.br\/pdi\/wp-content\/uploads\/2022\/11\/aabk-1024x572.png 1024w, https:\/\/sites.uel.br\/pdi\/wp-content\/uploads\/2022\/11\/aabk-300x168.png 300w, https:\/\/sites.uel.br\/pdi\/wp-content\/uploads\/2022\/11\/aabk-768x429.png 768w, https:\/\/sites.uel.br\/pdi\/wp-content\/uploads\/2022\/11\/aabk-1536x858.png 1536w, https:\/\/sites.uel.br\/pdi\/wp-content\/uploads\/2022\/11\/aabk.png 1987w\" sizes=\"auto, (max-width: 1024px) 100vw, 1024px\" \/><\/a><\/figure>\n<\/figure>\n<\/div>\n\n\n\n<div class=\"wp-block-column is-layout-flow wp-block-column-is-layout-flow\">\n<figure class=\"wp-block-gallery has-nested-images columns-default is-cropped wp-block-gallery-6 is-layout-flex wp-block-gallery-is-layout-flex\">\n<figure class=\"wp-block-image size-large\"><a href=\"https:\/\/sites.uel.br\/pdi\/uel-leva-o-projeto-de-telemedicina-parana-a-populacao-do-estado\/\"><img loading=\"lazy\" decoding=\"async\" width=\"1024\" height=\"572\" data-id=\"2519\" src=\"https:\/\/sites.uel.br\/pdi\/wp-content\/uploads\/2022\/11\/aabl-1024x572.png\" alt=\"\" class=\"wp-image-2519\" srcset=\"https:\/\/sites.uel.br\/pdi\/wp-content\/uploads\/2022\/11\/aabl-1024x572.png 1024w, https:\/\/sites.uel.br\/pdi\/wp-content\/uploads\/2022\/11\/aabl-300x168.png 300w, https:\/\/sites.uel.br\/pdi\/wp-content\/uploads\/2022\/11\/aabl-768x429.png 768w, https:\/\/sites.uel.br\/pdi\/wp-content\/uploads\/2022\/11\/aabl-1536x858.png 1536w, https:\/\/sites.uel.br\/pdi\/wp-content\/uploads\/2022\/11\/aabl.png 1987w\" sizes=\"auto, (max-width: 1024px) 100vw, 1024px\" \/><\/a><\/figure>\n<\/figure>\n<\/div>\n<\/div>\n\n\n\n<div class=\"wp-block-columns is-not-stacked-on-mobile is-layout-flex wp-container-core-columns-is-layout-9d6595d7 wp-block-columns-is-layout-flex\">\n<div class=\"wp-block-column is-layout-flow wp-block-column-is-layout-flow\"><\/div>\n\n\n\n<div class=\"wp-block-column is-layout-flow wp-block-column-is-layout-flow\">\n<figure class=\"wp-block-gallery has-nested-images columns-default is-cropped wp-block-gallery-7 is-layout-flex wp-block-gallery-is-layout-flex\">\n<figure class=\"wp-block-image size-large\"><a href=\"https:\/\/sites.uel.br\/pdi\/uel-esta-entre-as-tres-universidades-brasileiras-com-maior-numero-de-publicacoes-sobre-coronavirus\/\"><img loading=\"lazy\" decoding=\"async\" width=\"1024\" height=\"567\" data-id=\"2520\" src=\"https:\/\/sites.uel.br\/pdi\/wp-content\/uploads\/2022\/11\/aabm-1024x567.png\" alt=\"\" class=\"wp-image-2520\" srcset=\"https:\/\/sites.uel.br\/pdi\/wp-content\/uploads\/2022\/11\/aabm-1024x567.png 1024w, https:\/\/sites.uel.br\/pdi\/wp-content\/uploads\/2022\/11\/aabm-300x166.png 300w, https:\/\/sites.uel.br\/pdi\/wp-content\/uploads\/2022\/11\/aabm-768x425.png 768w, https:\/\/sites.uel.br\/pdi\/wp-content\/uploads\/2022\/11\/aabm-1536x850.png 1536w, https:\/\/sites.uel.br\/pdi\/wp-content\/uploads\/2022\/11\/aabm.png 2006w\" sizes=\"auto, (max-width: 1024px) 100vw, 1024px\" \/><\/a><\/figure>\n<\/figure>\n<\/div>\n\n\n\n<div class=\"wp-block-column is-layout-flow wp-block-column-is-layout-flow\"><\/div>\n<\/div>\n","protected":false},"excerpt":{"rendered":"<p>. Desde o in\u00edcio da Pandemia a Universidade Estadual de Londrina tem passado por um processo de reorganiza\u00e7\u00e3o de seu funcionamento e elaborado estrat\u00e9gias para o enfrentamento da Covid-19 na comunidade universit\u00e1ria, incluindo docentes, t\u00e9cnicos administrativos e estudantes. A UEL entendeu, desde a constata\u00e7\u00e3o de um cen\u00e1rio pand\u00eamico, ser seu dever colaborar, compartilhar informa\u00e7\u00f5es e [&hellip;]<\/p>\n","protected":false},"author":8,"featured_media":0,"parent":0,"menu_order":0,"comment_status":"closed","ping_status":"closed","template":"","meta":{"footnotes":""},"class_list":["post-1027","page","type-page","status-publish","hentry"],"acf":[],"_links":{"self":[{"href":"https:\/\/sites.uel.br\/pdi\/wp-json\/wp\/v2\/pages\/1027","targetHints":{"allow":["GET"]}}],"collection":[{"href":"https:\/\/sites.uel.br\/pdi\/wp-json\/wp\/v2\/pages"}],"about":[{"href":"https:\/\/sites.uel.br\/pdi\/wp-json\/wp\/v2\/types\/page"}],"author":[{"embeddable":true,"href":"https:\/\/sites.uel.br\/pdi\/wp-json\/wp\/v2\/users\/8"}],"replies":[{"embeddable":true,"href":"https:\/\/sites.uel.br\/pdi\/wp-json\/wp\/v2\/comments?post=1027"}],"version-history":[{"count":7,"href":"https:\/\/sites.uel.br\/pdi\/wp-json\/wp\/v2\/pages\/1027\/revisions"}],"predecessor-version":[{"id":2524,"href":"https:\/\/sites.uel.br\/pdi\/wp-json\/wp\/v2\/pages\/1027\/revisions\/2524"}],"wp:attachment":[{"href":"https:\/\/sites.uel.br\/pdi\/wp-json\/wp\/v2\/media?parent=1027"}],"curies":[{"name":"wp","href":"https:\/\/api.w.org\/{rel}","templated":true}]}}

UEL Contra o Coronavírus

<p class="has-white-color has-text-color">.</p>



<p>Desde o início da Pandemia a Universidade Estadual de Londrina tem passado por um processo de reorganização de seu funcionamento e elaborado estratégias para o enfrentamento da Covid-19 na comunidade universitária, incluindo docentes, técnicos administrativos e estudantes. A UEL entendeu, desde a constatação de um cenário pandêmico, ser seu dever colaborar, compartilhar informações e revisar planos com as autoridades locais de saúde para ajudar a proteger toda a comunidade, incluindo aqueles com necessidades especiais de saúde.</p>



<p>Como uma das respostas institucionais, a universidade criou o Grupo de Trabalho da Covid-19 da Universidade Estadual de Londrina para apresentar normas, protocolos e orientações de segurança sanitária para o enfrentamento da doença. Por meio deste grupo, a UEL buscou apoiar toda a comunidade universitária nas práticas seguras para reduzir os riscos de contaminação e adoecimento da população, orientando estudantes, docentes, técnicos e gestores com informações gerais, procedimentos técnicos e diretrizes relacionadas às práticas seguras na prevenção da Covid-19, estabelecendo rotinas que permitiram um ambiente sanitário seguro.A atuação da UEL frente ao contexto pandêmico foi diferencial e angariou reconhecimentos internos e externos, os quais foram evidenciados em algumas reportagens publicadas pela Agência de Notícias da UEL, no portal O&nbsp;Perobal. Destas, algumas foram destacadas e apresentadas por completo neste PDI, sendo elas:</p>



<div class="wp-block-columns is-not-stacked-on-mobile is-layout-flex wp-container-core-columns-is-layout-9d6595d7 wp-block-columns-is-layout-flex">
<div class="wp-block-column is-layout-flow wp-block-column-is-layout-flow">
<figure class="wp-block-gallery has-nested-images columns-default is-cropped wp-block-gallery-1 is-layout-flex wp-block-gallery-is-layout-flex">
<figure class="wp-block-image size-large"><a href="https://sites.uel.br/pdi/suporte-psicologico-a-pacientes-e-profissionais-da-saude-que-lidam-com-covid-19-completa-dois-anos/"><img loading="lazy" decoding="async" width="1024" height="572" data-id="2514" src="https://sites.uel.br/pdi/wp-content/uploads/2022/11/aabg-1024x572.png" alt="" class="wp-image-2514" srcset="https://sites.uel.br/pdi/wp-content/uploads/2022/11/aabg-1024x572.png 1024w, https://sites.uel.br/pdi/wp-content/uploads/2022/11/aabg-300x168.png 300w, https://sites.uel.br/pdi/wp-content/uploads/2022/11/aabg-768x429.png 768w, https://sites.uel.br/pdi/wp-content/uploads/2022/11/aabg-1536x858.png 1536w, https://sites.uel.br/pdi/wp-content/uploads/2022/11/aabg.png 1987w" sizes="auto, (max-width: 1024px) 100vw, 1024px" /></a></figure>
</figure>
</div>



<div class="wp-block-column is-layout-flow wp-block-column-is-layout-flow">
<figure class="wp-block-gallery has-nested-images columns-default is-cropped wp-block-gallery-2 is-layout-flex wp-block-gallery-is-layout-flex">
<figure class="wp-block-image size-large"><a href="https://sites.uel.br/pdi/parceria-entre-uel-e-prefeitura-de-londrina-garante-teleatendimento-a-pacientes-de-covid-19/"><img loading="lazy" decoding="async" width="1024" height="561" data-id="2515" src="https://sites.uel.br/pdi/wp-content/uploads/2022/11/aabh-1024x561.png" alt="" class="wp-image-2515" srcset="https://sites.uel.br/pdi/wp-content/uploads/2022/11/aabh-1024x561.png 1024w, https://sites.uel.br/pdi/wp-content/uploads/2022/11/aabh-300x164.png 300w, https://sites.uel.br/pdi/wp-content/uploads/2022/11/aabh-768x421.png 768w, https://sites.uel.br/pdi/wp-content/uploads/2022/11/aabh-1536x841.png 1536w, https://sites.uel.br/pdi/wp-content/uploads/2022/11/aabh.png 2027w" sizes="auto, (max-width: 1024px) 100vw, 1024px" /></a></figure>
</figure>
</div>



<div class="wp-block-column is-layout-flow wp-block-column-is-layout-flow">
<figure class="wp-block-gallery has-nested-images columns-default is-cropped wp-block-gallery-3 is-layout-flex wp-block-gallery-is-layout-flex">
<figure class="wp-block-image size-large"><a href="https://sites.uel.br/pdi/parceria-entre-hu-uel-e-prefeitura-de-londrina-realizou-mais-de-83-mil-testes-de-covid-19/"><img loading="lazy" decoding="async" width="1024" height="562" data-id="2516" src="https://sites.uel.br/pdi/wp-content/uploads/2022/11/aabi-1024x562.png" alt="" class="wp-image-2516" srcset="https://sites.uel.br/pdi/wp-content/uploads/2022/11/aabi-1024x562.png 1024w, https://sites.uel.br/pdi/wp-content/uploads/2022/11/aabi-300x165.png 300w, https://sites.uel.br/pdi/wp-content/uploads/2022/11/aabi-768x422.png 768w, https://sites.uel.br/pdi/wp-content/uploads/2022/11/aabi-1536x843.png 1536w, https://sites.uel.br/pdi/wp-content/uploads/2022/11/aabi.png 2022w" sizes="auto, (max-width: 1024px) 100vw, 1024px" /></a></figure>
</figure>
</div>
</div>



<div class="wp-block-columns is-not-stacked-on-mobile is-layout-flex wp-container-core-columns-is-layout-9d6595d7 wp-block-columns-is-layout-flex">
<div class="wp-block-column is-layout-flow wp-block-column-is-layout-flow">
<figure class="wp-block-gallery has-nested-images columns-default is-cropped wp-block-gallery-4 is-layout-flex wp-block-gallery-is-layout-flex">
<figure class="wp-block-image size-large"><a href="https://sites.uel.br/pdi/em-um-ano-de-pandemia-uel-amplia-atividades-academicas-e-pesquisas-sobre-o-coronavirus/"><img loading="lazy" decoding="async" width="1024" height="572" data-id="2521" src="https://sites.uel.br/pdi/wp-content/uploads/2022/11/aabn-1024x572.png" alt="" class="wp-image-2521" srcset="https://sites.uel.br/pdi/wp-content/uploads/2022/11/aabn-1024x572.png 1024w, https://sites.uel.br/pdi/wp-content/uploads/2022/11/aabn-300x168.png 300w, https://sites.uel.br/pdi/wp-content/uploads/2022/11/aabn-768x429.png 768w, https://sites.uel.br/pdi/wp-content/uploads/2022/11/aabn-1536x858.png 1536w, https://sites.uel.br/pdi/wp-content/uploads/2022/11/aabn.png 1987w" sizes="auto, (max-width: 1024px) 100vw, 1024px" /></a></figure>
</figure>
</div>



<div class="wp-block-column is-layout-flow wp-block-column-is-layout-flow">
<figure class="wp-block-gallery has-nested-images columns-default is-cropped wp-block-gallery-5 is-layout-flex wp-block-gallery-is-layout-flex">
<figure class="wp-block-image size-large"><a href="https://sites.uel.br/pdi/uel-e-destaque-em-pesquisa-que-estuda-modificacoes-geneticas-do-coronavirus/"><img loading="lazy" decoding="async" width="1024" height="572" data-id="2518" src="https://sites.uel.br/pdi/wp-content/uploads/2022/11/aabk-1024x572.png" alt="" class="wp-image-2518" srcset="https://sites.uel.br/pdi/wp-content/uploads/2022/11/aabk-1024x572.png 1024w, https://sites.uel.br/pdi/wp-content/uploads/2022/11/aabk-300x168.png 300w, https://sites.uel.br/pdi/wp-content/uploads/2022/11/aabk-768x429.png 768w, https://sites.uel.br/pdi/wp-content/uploads/2022/11/aabk-1536x858.png 1536w, https://sites.uel.br/pdi/wp-content/uploads/2022/11/aabk.png 1987w" sizes="auto, (max-width: 1024px) 100vw, 1024px" /></a></figure>
</figure>
</div>



<div class="wp-block-column is-layout-flow wp-block-column-is-layout-flow">
<figure class="wp-block-gallery has-nested-images columns-default is-cropped wp-block-gallery-6 is-layout-flex wp-block-gallery-is-layout-flex">
<figure class="wp-block-image size-large"><a href="https://sites.uel.br/pdi/uel-leva-o-projeto-de-telemedicina-parana-a-populacao-do-estado/"><img loading="lazy" decoding="async" width="1024" height="572" data-id="2519" src="https://sites.uel.br/pdi/wp-content/uploads/2022/11/aabl-1024x572.png" alt="" class="wp-image-2519" srcset="https://sites.uel.br/pdi/wp-content/uploads/2022/11/aabl-1024x572.png 1024w, https://sites.uel.br/pdi/wp-content/uploads/2022/11/aabl-300x168.png 300w, https://sites.uel.br/pdi/wp-content/uploads/2022/11/aabl-768x429.png 768w, https://sites.uel.br/pdi/wp-content/uploads/2022/11/aabl-1536x858.png 1536w, https://sites.uel.br/pdi/wp-content/uploads/2022/11/aabl.png 1987w" sizes="auto, (max-width: 1024px) 100vw, 1024px" /></a></figure>
</figure>
</div>
</div>



<div class="wp-block-columns is-not-stacked-on-mobile is-layout-flex wp-container-core-columns-is-layout-9d6595d7 wp-block-columns-is-layout-flex">
<div class="wp-block-column is-layout-flow wp-block-column-is-layout-flow"></div>



<div class="wp-block-column is-layout-flow wp-block-column-is-layout-flow">
<figure class="wp-block-gallery has-nested-images columns-default is-cropped wp-block-gallery-7 is-layout-flex wp-block-gallery-is-layout-flex">
<figure class="wp-block-image size-large"><a href="https://sites.uel.br/pdi/uel-esta-entre-as-tres-universidades-brasileiras-com-maior-numero-de-publicacoes-sobre-coronavirus/"><img loading="lazy" decoding="async" width="1024" height="567" data-id="2520" src="https://sites.uel.br/pdi/wp-content/uploads/2022/11/aabm-1024x567.png" alt="" class="wp-image-2520" srcset="https://sites.uel.br/pdi/wp-content/uploads/2022/11/aabm-1024x567.png 1024w, https://sites.uel.br/pdi/wp-content/uploads/2022/11/aabm-300x166.png 300w, https://sites.uel.br/pdi/wp-content/uploads/2022/11/aabm-768x425.png 768w, https://sites.uel.br/pdi/wp-content/uploads/2022/11/aabm-1536x850.png 1536w, https://sites.uel.br/pdi/wp-content/uploads/2022/11/aabm.png 2006w" sizes="auto, (max-width: 1024px) 100vw, 1024px" /></a></figure>
</figure>
</div>



<div class="wp-block-column is-layout-flow wp-block-column-is-layout-flow"></div>
</div>

<p>. Desde o início da Pandemia a Universidade Estadual de Londrina tem passado por um processo de reorganização de seu funcionamento e elaborado estratégias para o enfrentamento da Covid-19 na comunidade universitária, incluindo docentes, técnicos administrativos e estudantes. A UEL entendeu, desde a constatação de um cenário pandêmico, ser seu dever colaborar, compartilhar informações e [&hellip;]</p>
