{"id":1018,"date":"2022-10-03T15:11:46","date_gmt":"2022-10-03T18:11:46","guid":{"rendered":"https:\/\/sites.uel.br\/pdi\/?page_id=1018"},"modified":"2022-10-03T15:11:46","modified_gmt":"2022-10-03T18:11:46","slug":"uma-universidade-que-cresceu-evoluiu-e-abracou-londrina","status":"publish","type":"page","link":"https:\/\/sites.uel.br\/pdi\/uma-universidade-que-cresceu-evoluiu-e-abracou-londrina\/","title":{"rendered":"Uma universidade que cresceu, evoluiu e abra\u00e7ou Londrina"},"content":{"rendered":"\n<p class=\"has-white-color has-text-color\">.<\/p>\n\n\n\n<p>No segundo semestre de 1982 um jovem franzino chega \u00e0 Londrina com os bolsos praticamente vazios, mas com muita determina\u00e7\u00e3o para alcan\u00e7ar seus objetivos. Todavia, mal poderia imaginar a trajet\u00f3ria de sua vida 39 anos depois. Paulistano de nascen\u00e7a e londrinense de cora\u00e7\u00e3o, teve o privil\u00e9gio de se formar na Universidade Estadual de Londrina (UEL), considerada hoje uma das mais importantes institui\u00e7\u00f5es do ensino superior do Estado do Paran\u00e1 e do pa\u00eds, inclusive com o reconhecimento internacional. Em 2021, esta \u201cjovem senhora\u201d chega aos seus 50 anos com f\u00f4lego de 18.<\/p>\n\n\n\n<p>Imagino que voc\u00ea, leitor, dificilmente n\u00e3o tenha algum parente ou conhecido formado nesta universidade. Melhor ainda, talvez voc\u00ea mesmo tenha se formado na UEL. Imposs\u00edvel imaginar Londrina hoje sem esta institui\u00e7\u00e3o que ajudou muito no crescimento de nossa bela cidade. Com nove Centros de Estudos, oferecendo 53 cursos de gradua\u00e7\u00e3o e 209 de p\u00f3s-gradua\u00e7\u00e3o, possui ainda seis \u00f3rg\u00e3os de apoio e 14 \u00f3rg\u00e3os suplementares. Infelizmente o espa\u00e7o aqui n\u00e3o me permitir\u00e1 destacar a import\u00e2ncia de cada um, mas \u00e9 preciso pontuar que arte e cultura, m\u00fasica e informa\u00e7\u00e3o, al\u00e9m de assist\u00eancia jur\u00eddica e psicol\u00f3gica fazem parte do rol de algumas atividades que a UEL oferece \u00e0 sociedade londrinense.<\/p>\n\n\n\n<p>Entretanto, a situa\u00e7\u00e3o inusitada e imposta ao mundo pela pandemia do novo Coronav\u00edrus me impele a destacar as a\u00e7\u00f5es do Hospital Universit\u00e1rio, em particular do Laborat\u00f3rio de An\u00e1lises Cl\u00ednicas, da Cl\u00ednica Odontol\u00f3gica Universit\u00e1rio (COU), Beb\u00ea Cl\u00ednica e do Hospital Veterin\u00e1rio (HV) da UEL. O conceito de Sa\u00fade \u00fanica, uni\u00e3o indissoci\u00e1vel entre a Sa\u00fade animal, humana e ambiental, mais do que nunca teve que ser posto \u00e0 prova. Embora COU, Beb\u00ea Cl\u00ednica e HV tenham, num primeiro momento, reduzido seus atendimentos ao p\u00fablico em fun\u00e7\u00e3o de que algumas atividades com estudantes tenham sido interrompidas, nunca pararam.<\/p>\n\n\n\n<p>Em 2020, 119.394 atendimentos da COU foram registrados, na Beb\u00ea Cl\u00ednica, 40.428 procedimentos. No HV, neste mesmo per\u00edodo, 17.002 consultas, 1.626 cirurgias e in\u00fameras outras atividades. E tudo isso em plena pandemia onde boa parte dos atendimentos aconteceu sem que qualquer estudante, funcion\u00e1rio ou professor estivesse imunizado, pois ainda n\u00e3o havia vacinas.<\/p>\n\n\n\n<p>O HU expandiu seu n\u00famero de leitos de 294 para 453, um aumento de 54,08%. S\u00f3 no ano de 2020, contabilizou 85.709 consultas ambulatoriais, 21.481 atendimentos de Pronto-Socorro dentre in\u00fameras outras atividades. Imposs\u00edvel aqui n\u00e3o me deter em aspectos fundamentais do Laborat\u00f3rio de An\u00e1lises Cl\u00ednicas (LAC) do HU (afinal sou Farmac\u00eautico-Bioqu\u00edmico). No in\u00edcio da pandemia, para um diagn\u00f3stico definitivo da COVID-19, no Paran\u00e1 s\u00f3 o LACEN de Curitiba fazia o teste RT-PCR. Isso era um problema enorme n\u00e3o s\u00f3 para nosso hospital, mas para o sistema de Sa\u00fade da cidade como um todo. Enquanto n\u00e3o se tivesse diagn\u00f3stico, como organizar os leitos? Como n\u00e3o colocar na mesma ala indiv\u00edduos com suspeita da doen\u00e7a (ou at\u00e9 mesmo doentes) com aqueles que apresentavam sinais e sintomas parecidos com a COVID-19, mas na verdade eram apenas portadores de uma gripe comum?<\/p>\n\n\n\n<p>Foi gra\u00e7as a uma parceria entre a Secretaria Municipal de Sa\u00fade de Londrina com a UEL e a grande capacidade t\u00e9cnica de nossos professores que conseguimos comprar os insumos necess\u00e1rios e padronizar um teste RT-PCR. At\u00e9 o momento, o LAC-HU fez 34,41% de todos os testes RT-PCR de Londrina e regi\u00e3o. Amostras enviadas ao LACEN demoravam entre cinco a seis dias para obtermos o resultado. Isso, obviamente, pela dist\u00e2ncia no envio das amostras e a enorme demanda dos 399 munic\u00edpios paranaenses.Hoje no HU, as amostras que entram \u00e0s 11h t\u00eam seu resultado liberado no final da tarde. Propiciou-se uma revolu\u00e7\u00e3o em termos de organiza\u00e7\u00e3o hospitalar. O RT-PCR, sem d\u00favida, \u00e9 fundamental para o diagn\u00f3stico da doen\u00e7a, mas e para o acompanhamento cl\u00ednico? O exame da gasometria \u00e9 muito importante para que os profissionais da \u00e1rea da Sa\u00fade possam avaliar a evolu\u00e7\u00e3o dos pacientes. Antes da pandemia, o LAC-HU fazia uma m\u00e9dia\u00a0mensal de 3.771 testes para atingirmos, no pico da pandemia, 10.898 testes\/m\u00eas (um aumento de quase 189%).<\/p>\n\n\n\n<p>Sem d\u00favida n\u00fameros superlativos que n\u00e3o podem, de forma alguma, se sobrepor \u00e0 abnega\u00e7\u00e3o e comprometimento de cada integrante de nossa UEL. Na condi\u00e7\u00e3o de vice-reitor, hoje enxergo e entendo a universidade de uma maneira muito diferente. Ap\u00f3s 33 anos de institui\u00e7\u00e3o, posso lhes assegurar que temos um potencial imenso para ajudar nossa cidade, nosso Estado e Brasil tamb\u00e9m. Mas para isso \u00e9 fundamental que nossos governantes parem de nos enxergar como gasto ao inv\u00e9s de investimento. Meu mantra sempre ser\u00e1: educa\u00e7\u00e3o \u00e9 a solu\u00e7\u00e3o. Valorizem a UEL, um dos grandes orgulhos de Londrina. Que este marco de 50 anos possa ser comemorado com muito respeito pelo o que foi constru\u00eddo ao longo do tempo.<\/p>\n\n\n\n<p class=\"has-text-align-center\">O texto est\u00e1 citado na lista de refer\u00eancias como O PEROBAL (2021e).<\/p>\n","protected":false},"excerpt":{"rendered":"<p>. No segundo semestre de 1982 um jovem franzino chega \u00e0 Londrina com os bolsos praticamente vazios, mas com muita determina\u00e7\u00e3o para alcan\u00e7ar seus objetivos. Todavia, mal poderia imaginar a trajet\u00f3ria de sua vida 39 anos depois. Paulistano de nascen\u00e7a e londrinense de cora\u00e7\u00e3o, teve o privil\u00e9gio de se formar na Universidade Estadual de Londrina [&hellip;]<\/p>\n","protected":false},"author":8,"featured_media":0,"parent":0,"menu_order":0,"comment_status":"closed","ping_status":"closed","template":"","meta":{"footnotes":""},"class_list":["post-1018","page","type-page","status-publish","hentry"],"acf":[],"_links":{"self":[{"href":"https:\/\/sites.uel.br\/pdi\/wp-json\/wp\/v2\/pages\/1018","targetHints":{"allow":["GET"]}}],"collection":[{"href":"https:\/\/sites.uel.br\/pdi\/wp-json\/wp\/v2\/pages"}],"about":[{"href":"https:\/\/sites.uel.br\/pdi\/wp-json\/wp\/v2\/types\/page"}],"author":[{"embeddable":true,"href":"https:\/\/sites.uel.br\/pdi\/wp-json\/wp\/v2\/users\/8"}],"replies":[{"embeddable":true,"href":"https:\/\/sites.uel.br\/pdi\/wp-json\/wp\/v2\/comments?post=1018"}],"version-history":[{"count":1,"href":"https:\/\/sites.uel.br\/pdi\/wp-json\/wp\/v2\/pages\/1018\/revisions"}],"predecessor-version":[{"id":1019,"href":"https:\/\/sites.uel.br\/pdi\/wp-json\/wp\/v2\/pages\/1018\/revisions\/1019"}],"wp:attachment":[{"href":"https:\/\/sites.uel.br\/pdi\/wp-json\/wp\/v2\/media?parent=1018"}],"curies":[{"name":"wp","href":"https:\/\/api.w.org\/{rel}","templated":true}]}}

Uma universidade que cresceu, evoluiu e abraçou Londrina

<p class="has-white-color has-text-color">.</p>



<p>No segundo semestre de 1982 um jovem franzino chega à Londrina com os bolsos praticamente vazios, mas com muita determinação para alcançar seus objetivos. Todavia, mal poderia imaginar a trajetória de sua vida 39 anos depois. Paulistano de nascença e londrinense de coração, teve o privilégio de se formar na Universidade Estadual de Londrina (UEL), considerada hoje uma das mais importantes instituições do ensino superior do Estado do Paraná e do país, inclusive com o reconhecimento internacional. Em 2021, esta “jovem senhora” chega aos seus 50 anos com fôlego de 18.</p>



<p>Imagino que você, leitor, dificilmente não tenha algum parente ou conhecido formado nesta universidade. Melhor ainda, talvez você mesmo tenha se formado na UEL. Impossível imaginar Londrina hoje sem esta instituição que ajudou muito no crescimento de nossa bela cidade. Com nove Centros de Estudos, oferecendo 53 cursos de graduação e 209 de pós-graduação, possui ainda seis órgãos de apoio e 14 órgãos suplementares. Infelizmente o espaço aqui não me permitirá destacar a importância de cada um, mas é preciso pontuar que arte e cultura, música e informação, além de assistência jurídica e psicológica fazem parte do rol de algumas atividades que a UEL oferece à sociedade londrinense.</p>



<p>Entretanto, a situação inusitada e imposta ao mundo pela pandemia do novo Coronavírus me impele a destacar as ações do Hospital Universitário, em particular do Laboratório de Análises Clínicas, da Clínica Odontológica Universitário (COU), Bebê Clínica e do Hospital Veterinário (HV) da UEL. O conceito de Saúde única, união indissociável entre a Saúde animal, humana e ambiental, mais do que nunca teve que ser posto à prova. Embora COU, Bebê Clínica e HV tenham, num primeiro momento, reduzido seus atendimentos ao público em função de que algumas atividades com estudantes tenham sido interrompidas, nunca pararam.</p>



<p>Em 2020, 119.394 atendimentos da COU foram registrados, na Bebê Clínica, 40.428 procedimentos. No HV, neste mesmo período, 17.002 consultas, 1.626 cirurgias e inúmeras outras atividades. E tudo isso em plena pandemia onde boa parte dos atendimentos aconteceu sem que qualquer estudante, funcionário ou professor estivesse imunizado, pois ainda não havia vacinas.</p>



<p>O HU expandiu seu número de leitos de 294 para 453, um aumento de 54,08%. Só no ano de 2020, contabilizou 85.709 consultas ambulatoriais, 21.481 atendimentos de Pronto-Socorro dentre inúmeras outras atividades. Impossível aqui não me deter em aspectos fundamentais do Laboratório de Análises Clínicas (LAC) do HU (afinal sou Farmacêutico-Bioquímico). No início da pandemia, para um diagnóstico definitivo da COVID-19, no Paraná só o LACEN de Curitiba fazia o teste RT-PCR. Isso era um problema enorme não só para nosso hospital, mas para o sistema de Saúde da cidade como um todo. Enquanto não se tivesse diagnóstico, como organizar os leitos? Como não colocar na mesma ala indivíduos com suspeita da doença (ou até mesmo doentes) com aqueles que apresentavam sinais e sintomas parecidos com a COVID-19, mas na verdade eram apenas portadores de uma gripe comum?</p>



<p>Foi graças a uma parceria entre a Secretaria Municipal de Saúde de Londrina com a UEL e a grande capacidade técnica de nossos professores que conseguimos comprar os insumos necessários e padronizar um teste RT-PCR. Até o momento, o LAC-HU fez 34,41% de todos os testes RT-PCR de Londrina e região. Amostras enviadas ao LACEN demoravam entre cinco a seis dias para obtermos o resultado. Isso, obviamente, pela distância no envio das amostras e a enorme demanda dos 399 municípios paranaenses.Hoje no HU, as amostras que entram às 11h têm seu resultado liberado no final da tarde. Propiciou-se uma revolução em termos de organização hospitalar. O RT-PCR, sem dúvida, é fundamental para o diagnóstico da doença, mas e para o acompanhamento clínico? O exame da gasometria é muito importante para que os profissionais da área da Saúde possam avaliar a evolução dos pacientes. Antes da pandemia, o LAC-HU fazia uma média mensal de 3.771 testes para atingirmos, no pico da pandemia, 10.898 testes/mês (um aumento de quase 189%).</p>



<p>Sem dúvida números superlativos que não podem, de forma alguma, se sobrepor à abnegação e comprometimento de cada integrante de nossa UEL. Na condição de vice-reitor, hoje enxergo e entendo a universidade de uma maneira muito diferente. Após 33 anos de instituição, posso lhes assegurar que temos um potencial imenso para ajudar nossa cidade, nosso Estado e Brasil também. Mas para isso é fundamental que nossos governantes parem de nos enxergar como gasto ao invés de investimento. Meu mantra sempre será: educação é a solução. Valorizem a UEL, um dos grandes orgulhos de Londrina. Que este marco de 50 anos possa ser comemorado com muito respeito pelo o que foi construído ao longo do tempo.</p>



<p class="has-text-align-center">O texto está citado na lista de referências como O PEROBAL (2021e).</p>

<p>. No segundo semestre de 1982 um jovem franzino chega à Londrina com os bolsos praticamente vazios, mas com muita determinação para alcançar seus objetivos. Todavia, mal poderia imaginar a trajetória de sua vida 39 anos depois. Paulistano de nascença e londrinense de coração, teve o privilégio de se formar na Universidade Estadual de Londrina [&hellip;]</p>
