{"id":1015,"date":"2022-10-03T15:09:26","date_gmt":"2022-10-03T18:09:26","guid":{"rendered":"https:\/\/sites.uel.br\/pdi\/?page_id=1015"},"modified":"2022-10-03T15:09:26","modified_gmt":"2022-10-03T18:09:26","slug":"uel-presente-de-londrina-e-do-parana-para-a-humanidade","status":"publish","type":"page","link":"https:\/\/sites.uel.br\/pdi\/uel-presente-de-londrina-e-do-parana-para-a-humanidade\/","title":{"rendered":"UEL, presente de Londrina e do Paran\u00e1 para a humanidade"},"content":{"rendered":"\n<p class=\"has-white-color has-text-color\">.<\/p>\n\n\n\n<p>A UEL nasceu do esfor\u00e7o criativo de mulheres e homens no in\u00edcio dos anos 70 e o sintetiza uma hist\u00f3ria de dedica\u00e7\u00e3o de muitas pessoas \u00e0 educa\u00e7\u00e3o superior em Londrina, nas d\u00e9cadas anteriores \u00e0 sua cria\u00e7\u00e3o. Carrega como miss\u00e3o o compromisso dos paranaenses, brasileiros e com a pr\u00f3pria humanidade, conectando-se \u00e0s culturas e dilemas e buscando contribuir com o desenvolvimento e a transforma\u00e7\u00e3o social, econ\u00f4mica, pol\u00edtica e cultural. Entre suas principais finalidades, est\u00e1 assegurar o fundamento constitucional da indissociabilidade entre o ensino, a pesquisa e a extens\u00e3o, a liberdade, o respeito e o pluralismo do livre pensar. Formamos profissionais e cidad\u00e3os com compet\u00eancia t\u00e9cnica, human\u00edstica e forte orienta\u00e7\u00e3o por valores \u00e9ticos de liberdade, igualdade e justi\u00e7a social.<\/p>\n\n\n\n<p>O sonho de seus fundadores era fazer da UEL uma das maiores universidades do pa\u00eds: e somos! Constitu\u00edmos hoje uma institui\u00e7\u00e3o de grande prest\u00edgio acad\u00eamico, vinculada \u00e0 rede paranaense de ensino superior, ci\u00eancia e tecnologia e isso nos enche de orgulho. A UEL possui tradi\u00e7\u00e3o de excel\u00eancia no ensino superior p\u00fablico brasileiro, demonstrada pela boa avalia\u00e7\u00e3o nos rankings nacionais e internacionais, tanto na gradua\u00e7\u00e3o, quando na p\u00f3s-gradua\u00e7\u00e3o e pela qualidade do corpo docente e t\u00e9cnico. Formamos cidad\u00e3os para o Brasil e para o mundo. A voca\u00e7\u00e3o de Londrina sempre foi estar \u00e0 frente de seu tempo e ofereceu a UEL como um presente para o futuro de seus jovens.<\/p>\n\n\n\n<p>O cen\u00e1rio atual em todas as suas dimens\u00f5es, nos imp\u00f5e cerrar fileira em torno das institui\u00e7\u00f5es que fazem pesquisas, aplicam esse conhecimento para o aprimoramento das sociedades e formam profissionais comprometidos com a qualidade da vida de todos. Cada vez mais, cientistas se unem ao redor do mundo para desbravar as fronteiras do conhecimento e torna-lo acess\u00edvel ao maior n\u00famero de pessoas poss\u00edvel. A UEL participa dessas redes de produ\u00e7\u00e3o de conhecimento e amplia o conceito de sala de aula ao envolver estudantes em seus projetos. Caminhamos ao longo dessas cinco d\u00e9cadas, fazendo hist\u00f3ria e deixando marcas. Para os pr\u00f3ximos 50 anos, \u00e9 preciso fazer muito mais: mais inclus\u00e3o, mais parcerias, mais inova\u00e7\u00e3o, mais desenvolvimento social, mais projetos, mais cidad\u00e3os comprometidos e mais conhecimento gerado e disseminado. Com toda a cidade, formamos a UEL e temos o maior orgulho disso!<\/p>\n\n\n\n<p class=\"has-text-align-center\">O texto est\u00e1 citado na lista de refer\u00eancias como O PEROBAL (2021d).<\/p>\n","protected":false},"excerpt":{"rendered":"<p>. A UEL nasceu do esfor\u00e7o criativo de mulheres e homens no in\u00edcio dos anos 70 e o sintetiza uma hist\u00f3ria de dedica\u00e7\u00e3o de muitas pessoas \u00e0 educa\u00e7\u00e3o superior em Londrina, nas d\u00e9cadas anteriores \u00e0 sua cria\u00e7\u00e3o. Carrega como miss\u00e3o o compromisso dos paranaenses, brasileiros e com a pr\u00f3pria humanidade, conectando-se \u00e0s culturas e dilemas [&hellip;]<\/p>\n","protected":false},"author":8,"featured_media":0,"parent":0,"menu_order":0,"comment_status":"closed","ping_status":"closed","template":"","meta":{"footnotes":""},"class_list":["post-1015","page","type-page","status-publish","hentry"],"acf":[],"_links":{"self":[{"href":"https:\/\/sites.uel.br\/pdi\/wp-json\/wp\/v2\/pages\/1015","targetHints":{"allow":["GET"]}}],"collection":[{"href":"https:\/\/sites.uel.br\/pdi\/wp-json\/wp\/v2\/pages"}],"about":[{"href":"https:\/\/sites.uel.br\/pdi\/wp-json\/wp\/v2\/types\/page"}],"author":[{"embeddable":true,"href":"https:\/\/sites.uel.br\/pdi\/wp-json\/wp\/v2\/users\/8"}],"replies":[{"embeddable":true,"href":"https:\/\/sites.uel.br\/pdi\/wp-json\/wp\/v2\/comments?post=1015"}],"version-history":[{"count":1,"href":"https:\/\/sites.uel.br\/pdi\/wp-json\/wp\/v2\/pages\/1015\/revisions"}],"predecessor-version":[{"id":1016,"href":"https:\/\/sites.uel.br\/pdi\/wp-json\/wp\/v2\/pages\/1015\/revisions\/1016"}],"wp:attachment":[{"href":"https:\/\/sites.uel.br\/pdi\/wp-json\/wp\/v2\/media?parent=1015"}],"curies":[{"name":"wp","href":"https:\/\/api.w.org\/{rel}","templated":true}]}}

UEL, presente de Londrina e do Paraná para a humanidade

<p class="has-white-color has-text-color">.</p>



<p>A UEL nasceu do esforço criativo de mulheres e homens no início dos anos 70 e o sintetiza uma história de dedicação de muitas pessoas à educação superior em Londrina, nas décadas anteriores à sua criação. Carrega como missão o compromisso dos paranaenses, brasileiros e com a própria humanidade, conectando-se às culturas e dilemas e buscando contribuir com o desenvolvimento e a transformação social, econômica, política e cultural. Entre suas principais finalidades, está assegurar o fundamento constitucional da indissociabilidade entre o ensino, a pesquisa e a extensão, a liberdade, o respeito e o pluralismo do livre pensar. Formamos profissionais e cidadãos com competência técnica, humanística e forte orientação por valores éticos de liberdade, igualdade e justiça social.</p>



<p>O sonho de seus fundadores era fazer da UEL uma das maiores universidades do país: e somos! Constituímos hoje uma instituição de grande prestígio acadêmico, vinculada à rede paranaense de ensino superior, ciência e tecnologia e isso nos enche de orgulho. A UEL possui tradição de excelência no ensino superior público brasileiro, demonstrada pela boa avaliação nos rankings nacionais e internacionais, tanto na graduação, quando na pós-graduação e pela qualidade do corpo docente e técnico. Formamos cidadãos para o Brasil e para o mundo. A vocação de Londrina sempre foi estar à frente de seu tempo e ofereceu a UEL como um presente para o futuro de seus jovens.</p>



<p>O cenário atual em todas as suas dimensões, nos impõe cerrar fileira em torno das instituições que fazem pesquisas, aplicam esse conhecimento para o aprimoramento das sociedades e formam profissionais comprometidos com a qualidade da vida de todos. Cada vez mais, cientistas se unem ao redor do mundo para desbravar as fronteiras do conhecimento e torna-lo acessível ao maior número de pessoas possível. A UEL participa dessas redes de produção de conhecimento e amplia o conceito de sala de aula ao envolver estudantes em seus projetos. Caminhamos ao longo dessas cinco décadas, fazendo história e deixando marcas. Para os próximos 50 anos, é preciso fazer muito mais: mais inclusão, mais parcerias, mais inovação, mais desenvolvimento social, mais projetos, mais cidadãos comprometidos e mais conhecimento gerado e disseminado. Com toda a cidade, formamos a UEL e temos o maior orgulho disso!</p>



<p class="has-text-align-center">O texto está citado na lista de referências como O PEROBAL (2021d).</p>

<p>. A UEL nasceu do esforço criativo de mulheres e homens no início dos anos 70 e o sintetiza uma história de dedicação de muitas pessoas à educação superior em Londrina, nas décadas anteriores à sua criação. Carrega como missão o compromisso dos paranaenses, brasileiros e com a própria humanidade, conectando-se às culturas e dilemas [&hellip;]</p>
