{"id":25,"date":"2022-03-08T11:57:17","date_gmt":"2022-03-08T14:57:17","guid":{"rendered":"https:\/\/sites.uel.br\/pcu\/?page_id=25"},"modified":"2022-09-19T17:13:32","modified_gmt":"2022-09-19T20:13:32","slug":"dme","status":"publish","type":"page","link":"https:\/\/sites.uel.br\/pcu\/dme\/","title":{"rendered":"Diretoria de M\u00f3veis e Equipamentos &#8211; DME"},"content":{"rendered":"\n<p>A Diretora de M\u00f3veis e Equipamentos da PCU\/UEL \u00e9 a servidora Marli Aparecida da Silva.<\/p>\n\n\n\n<p>Formada em Ci\u00eancias Econ\u00f4micas pela Universidade Estadual de Londrina, em 2002. \u00c9 detentora de duas especializa\u00e7\u00f5es, a saber: 1) Gest\u00e3o P\u00fablica; e 2) Ci\u00eancias da Informa\u00e7\u00e3o. Servidora de carreira do quadro T\u00e9cnico da Institui\u00e7\u00e3o desde 1995.<\/p>\n\n\n\n<p><\/p>\n\n\n\n<hr class=\"wp-block-separator has-text-color has-css-opacity has-background is-style-wide\" style=\"background-color:#007530;color:#007530\"\/>\n\n\n\n<p><strong>CONTATO<\/strong><\/p>\n\n\n\n<p><strong>Diretor<\/strong>: Marli Aparecida da Silva<\/p>\n\n\n\n<p><strong>Ramal para contato<\/strong>: 4440<\/p>\n\n\n\n<p><strong>e-mail:<\/strong> pcude@uel.br<\/p>\n\n\n\n<hr class=\"wp-block-separator has-text-color has-css-opacity has-background is-style-wide\" style=\"background-color:#007530;color:#007530\"\/>\n\n\n\n<p><strong>Atribui\u00e7\u00f5es:<\/strong><\/p>\n\n\n\n<p>\u00c0 Diretoria de M\u00f3veis e Equipamentos, respons\u00e1vel pelo planejamento t\u00e9cnico, administra\u00e7\u00e3o e manuten\u00e7\u00e3o dos bens m\u00f3veis e equipamentos da Universidade, compete:<\/p>\n\n\n\n<p>I.analisar os pedidos de aquisi\u00e7\u00e3o de bens m\u00f3veis e equipamentos, avaliando a necessidade dos mesmos conforme as normas de padroniza\u00e7\u00e3o aprovadas;<\/p>\n\n\n\n<p>II.efetuar o planejamento t\u00e9cnico e a administra\u00e7\u00e3o de produ\u00e7\u00e3o de m\u00f3veis e equipamentos da Universidade;<\/p>\n\n\n\n<p>III.efetuar o planejamento t\u00e9cnico e a administra\u00e7\u00e3o da manuten\u00e7\u00e3o de m\u00f3veis e equipamentos da Universidade;<\/p>\n\n\n\n<p>IV.efetuar o planejamento, instala\u00e7\u00e3o, opera\u00e7\u00e3o e manuten\u00e7\u00e3o do sistema de telecomunica\u00e7\u00f5es da Universidade;<\/p>\n\n\n\n<p>V.propor e supervisionar a execu\u00e7\u00e3o de contratos de manuten\u00e7\u00e3o e equipamentos;<\/p>\n\n\n\n<p>VI.participar do Conselho Deliberativo da Prefeitura do Campus Universit\u00e1rio;<\/p>\n\n\n\n<p>VII.administrar os servi\u00e7os do sistema de telecomunica\u00e7\u00f5es;<\/p>\n\n\n\n<p>VIII.fornecer \u00e0 Assessoria de Planejamento e Controle dados t\u00e9cnicos sobre a ocupa\u00e7\u00e3o dos circuitos telef\u00f4nicos e a disponibilidade de ramais;<\/p>\n\n\n\n<p>IX.assessorar o Prefeito do Campus Universit\u00e1rio nos assuntos de sua compet\u00eancia.<\/p>\n","protected":false},"excerpt":{"rendered":"<p>A Diretora de M\u00f3veis e Equipamentos da PCU\/UEL \u00e9 a servidora Marli Aparecida da Silva. Formada em Ci\u00eancias Econ\u00f4micas pela Universidade Estadual de Londrina, em 2002. \u00c9 detentora de duas especializa\u00e7\u00f5es, a saber: 1) Gest\u00e3o P\u00fablica; e 2) Ci\u00eancias da Informa\u00e7\u00e3o. Servidora de carreira do quadro T\u00e9cnico da Institui\u00e7\u00e3o desde 1995. CONTATO Diretor: Marli Aparecida [&hellip;]<\/p>\n","protected":false},"author":4,"featured_media":0,"parent":0,"menu_order":0,"comment_status":"closed","ping_status":"closed","template":"","meta":{"footnotes":""},"class_list":["post-25","page","type-page","status-publish","hentry"],"acf":[],"_links":{"self":[{"href":"https:\/\/sites.uel.br\/pcu\/wp-json\/wp\/v2\/pages\/25","targetHints":{"allow":["GET"]}}],"collection":[{"href":"https:\/\/sites.uel.br\/pcu\/wp-json\/wp\/v2\/pages"}],"about":[{"href":"https:\/\/sites.uel.br\/pcu\/wp-json\/wp\/v2\/types\/page"}],"author":[{"embeddable":true,"href":"https:\/\/sites.uel.br\/pcu\/wp-json\/wp\/v2\/users\/4"}],"replies":[{"embeddable":true,"href":"https:\/\/sites.uel.br\/pcu\/wp-json\/wp\/v2\/comments?post=25"}],"version-history":[{"count":5,"href":"https:\/\/sites.uel.br\/pcu\/wp-json\/wp\/v2\/pages\/25\/revisions"}],"predecessor-version":[{"id":343,"href":"https:\/\/sites.uel.br\/pcu\/wp-json\/wp\/v2\/pages\/25\/revisions\/343"}],"wp:attachment":[{"href":"https:\/\/sites.uel.br\/pcu\/wp-json\/wp\/v2\/media?parent=25"}],"curies":[{"name":"wp","href":"https:\/\/api.w.org\/{rel}","templated":true}]}}