{"id":16,"date":"2022-03-08T11:57:17","date_gmt":"2022-03-08T14:57:17","guid":{"rendered":"https:\/\/sites.uel.br\/pcu\/?page_id=16"},"modified":"2022-07-08T11:29:13","modified_gmt":"2022-07-08T14:29:13","slug":"servicos-prestados","status":"publish","type":"page","link":"https:\/\/sites.uel.br\/pcu\/servicos-prestados\/","title":{"rendered":"Servi\u00e7os Prestados"},"content":{"rendered":"\n<p><strong>Diretoria de Equipamentos &#8211; DE<\/strong><\/p>\n\n\n\n<p><a href=\"https:\/\/sites.uel.br\/pcu\/wp-content\/uploads\/2022\/05\/DE_ServicosEletronica.pdf\" target=\"_blank\" rel=\"noreferrer noopener\">Servi\u00e7os de equipamentos de eletr\u00f4nica<\/a><\/p>\n\n\n\n<p><a href=\"https:\/\/sites.uel.br\/pcu\/wp-content\/uploads\/2022\/05\/DE_ServicosEletrotecnica.pdf\" target=\"_blank\" rel=\"noreferrer noopener\">Servi\u00e7os de equipamentos de eletrot\u00e9cnica<\/a><\/p>\n\n\n\n<p><a href=\"https:\/\/sites.uel.br\/pcu\/wp-content\/uploads\/2022\/05\/DE_ServicosInformatica.pdf\" target=\"_blank\" rel=\"noreferrer noopener\">Servi\u00e7os de equipamentos de inform\u00e1tica<\/a><\/p>\n\n\n\n<p><a href=\"https:\/\/sites.uel.br\/pcu\/wp-content\/uploads\/2022\/05\/DE_ServicosTelefonia.pdf\" target=\"_blank\" rel=\"noreferrer noopener\">Servi\u00e7os de telefonia<\/a><\/p>\n\n\n\n<p><a href=\"https:\/\/sites.uel.br\/pcu\/wp-content\/uploads\/2022\/05\/DE_ServicosMarcenaria.pdf\" target=\"_blank\" rel=\"noreferrer noopener\">Servi\u00e7os de m\u00f3veis de madeira<\/a><\/p>\n\n\n\n<p><a href=\"https:\/\/sites.uel.br\/pcu\/wp-content\/uploads\/2022\/05\/DE_ServicosMecanica.pdf\" target=\"_blank\" rel=\"noreferrer noopener\">Servi\u00e7os de m\u00f3veis met\u00e1licos<\/a><\/p>\n\n\n\n<hr class=\"wp-block-separator has-text-color has-css-opacity has-background is-style-wide\" style=\"background-color:#007530;color:#007530\"\/>\n\n\n\n<p><strong>Diretoria de Projetos, Obras e Manuten\u00e7\u00e3o &#8211; DPOM<\/strong><\/p>\n\n\n\n<p><a href=\"https:\/\/sites.uel.br\/pcu\/wp-content\/uploads\/2022\/05\/DPOM_ServicosCarpintaria.pdf\" target=\"_blank\" rel=\"noreferrer noopener\">Servi\u00e7os de carpintaria<\/a><\/p>\n\n\n\n<p><a href=\"https:\/\/sites.uel.br\/pcu\/wp-content\/uploads\/2022\/05\/DPOM_ServicosEdificacoes.pdf\" target=\"_blank\" rel=\"noreferrer noopener\">Servi\u00e7os de alvenaria em edifica\u00e7\u00f5es<\/a><\/p>\n\n\n\n<p><a href=\"https:\/\/sites.uel.br\/pcu\/wp-content\/uploads\/2022\/05\/DPOM_ServicosEletrica.pdf\" target=\"_blank\" rel=\"noreferrer noopener\">Servi\u00e7os de manuten\u00e7\u00e3o em rede de energia el\u00e9trica<\/a><\/p>\n\n\n\n<p><a href=\"https:\/\/sites.uel.br\/pcu\/wp-content\/uploads\/2022\/05\/DPOM_ServicosHidraulica.pdf\" target=\"_blank\" rel=\"noreferrer noopener\">Servi\u00e7os de manuten\u00e7\u00e3o em rede hidr\u00e1ulica<\/a><\/p>\n\n\n\n<p><a href=\"https:\/\/sites.uel.br\/pcu\/wp-content\/uploads\/2022\/05\/DPOM_ServicosPintura.pdf\" target=\"_blank\" rel=\"noreferrer noopener\">Servi\u00e7os de pintura em edifica\u00e7\u00f5es<\/a><\/p>\n\n\n\n<p><a href=\"https:\/\/sites.uel.br\/pcu\/wp-content\/uploads\/2022\/05\/DPOM_ServicosVidracaria.pdf\" target=\"_blank\" rel=\"noreferrer noopener\">Servi\u00e7os de manuten\u00e7\u00e3o em janelas e esquadrias de edifica\u00e7\u00f5es<\/a><\/p>\n\n\n\n<p><a href=\"https:\/\/sites.uel.br\/pcu\/wp-content\/uploads\/2022\/05\/DPOM_ServicosPreMoldados.pdf\" target=\"_blank\" rel=\"noreferrer noopener\">Servi\u00e7os de manuten\u00e7\u00e3o em espa\u00e7o urbano<\/a><\/p>\n\n\n\n<p><a href=\"https:\/\/sites.uel.br\/pcu\/wp-content\/uploads\/2022\/05\/DPOM_ServicosComunicacaoVisual.pdf\" target=\"_blank\" rel=\"noreferrer noopener\">Servi\u00e7os de identifica\u00e7\u00e3o e sinaliza\u00e7\u00e3o em edif\u00edcios e vias<\/a><\/p>\n","protected":false},"excerpt":{"rendered":"<p>Diretoria de Equipamentos &#8211; DE Servi\u00e7os de equipamentos de eletr\u00f4nica Servi\u00e7os de equipamentos de eletrot\u00e9cnica Servi\u00e7os de equipamentos de inform\u00e1tica Servi\u00e7os de telefonia Servi\u00e7os de m\u00f3veis de madeira Servi\u00e7os de m\u00f3veis met\u00e1licos Diretoria de Projetos, Obras e Manuten\u00e7\u00e3o &#8211; DPOM Servi\u00e7os de carpintaria Servi\u00e7os de alvenaria em edifica\u00e7\u00f5es Servi\u00e7os de manuten\u00e7\u00e3o em rede de energia [&hellip;]<\/p>\n","protected":false},"author":4,"featured_media":0,"parent":0,"menu_order":0,"comment_status":"closed","ping_status":"closed","template":"","meta":{"footnotes":""},"class_list":["post-16","page","type-page","status-publish","hentry"],"acf":[],"_links":{"self":[{"href":"https:\/\/sites.uel.br\/pcu\/wp-json\/wp\/v2\/pages\/16","targetHints":{"allow":["GET"]}}],"collection":[{"href":"https:\/\/sites.uel.br\/pcu\/wp-json\/wp\/v2\/pages"}],"about":[{"href":"https:\/\/sites.uel.br\/pcu\/wp-json\/wp\/v2\/types\/page"}],"author":[{"embeddable":true,"href":"https:\/\/sites.uel.br\/pcu\/wp-json\/wp\/v2\/users\/4"}],"replies":[{"embeddable":true,"href":"https:\/\/sites.uel.br\/pcu\/wp-json\/wp\/v2\/comments?post=16"}],"version-history":[{"count":6,"href":"https:\/\/sites.uel.br\/pcu\/wp-json\/wp\/v2\/pages\/16\/revisions"}],"predecessor-version":[{"id":334,"href":"https:\/\/sites.uel.br\/pcu\/wp-json\/wp\/v2\/pages\/16\/revisions\/334"}],"wp:attachment":[{"href":"https:\/\/sites.uel.br\/pcu\/wp-json\/wp\/v2\/media?parent=16"}],"curies":[{"name":"wp","href":"https:\/\/api.w.org\/{rel}","templated":true}]}}