{"id":140,"date":"2022-03-08T16:01:48","date_gmt":"2022-03-08T19:01:48","guid":{"rendered":"https:\/\/sites.uel.br\/pcu\/?page_id=140"},"modified":"2022-03-08T16:49:23","modified_gmt":"2022-03-08T19:49:23","slug":"instrucoes-de-servicos","status":"publish","type":"page","link":"https:\/\/sites.uel.br\/pcu\/instrucoes-de-servicos\/","title":{"rendered":"Instru\u00e7\u00f5es de servi\u00e7os"},"content":{"rendered":"\n<p><a href=\"https:\/\/sites.uel.br\/pcu\/wp-content\/uploads\/2022\/03\/Instrucao-de-Servico-2021-01-Atividades-esportivas-no-Beira-Morto.pdf\">001\/2021<\/a>&nbsp;&#8211; Regulamenta o uso das atividades esportivas no Beira Morto<\/p>\n\n\n\n<p><a href=\"https:\/\/sites.uel.br\/pcu\/wp-content\/uploads\/2022\/03\/Instrucao-de-Servico-2016-03-Adesivos-de-Estacionamento.pdf\">003\/2016<\/a>&nbsp;&#8211; Adesivos de estacionamento<\/p>\n\n\n\n<p><a href=\"https:\/\/sites.uel.br\/pcu\/wp-content\/uploads\/2022\/03\/Instrucao-de-Servico-002-2016-Sistema-de-manutencao.pdf\">002\/2016&nbsp;<\/a>&#8211; Sistema de manuten\u00e7\u00e3o<\/p>\n\n\n\n<p><a href=\"https:\/\/sites.uel.br\/pcu\/wp-content\/uploads\/2022\/03\/Instrucao-de-Servico-2016-01-Manejo-das-areas-verdes.pdf\">001\/2016<\/a>&nbsp;&#8211; Manejo de \u00e1reas verdes<\/p>\n\n\n\n<p><a href=\"https:\/\/sites.uel.br\/pcu\/wp-content\/uploads\/2022\/03\/Instrucao-de-Servico-2015-02-Gestao-do-servico-de-seguranca.pdf\">002\/2015<\/a>&nbsp;&#8211; Gest\u00e3o do servi\u00e7o de seguran\u00e7a<\/p>\n\n\n\n<p><a href=\"https:\/\/sites.uel.br\/pcu\/wp-content\/uploads\/2022\/03\/Instrucao-de-Servico-2015-01-Uso-de-veiculos-oficiais.pdf\">001\/2015&nbsp;<\/a>&#8211; Uso de ve\u00edculos oficiais<\/p>\n\n\n\n<p><a href=\"https:\/\/sites.uel.br\/pcu\/wp-content\/uploads\/2022\/03\/Instrucao-de-Servico-02-2014-Substituicao-de-cuba-ou-sifao.pdf\">002\/2014&nbsp;<\/a>&#8211; Substitui\u00e7\u00e3o de cuba ou sif\u00e3o<\/p>\n\n\n\n<p><a href=\"https:\/\/sites.uel.br\/pcu\/wp-content\/uploads\/2022\/03\/Instrucao-de-Servico-01-2014-Procedimentos-de-servicos-e-obras-no-CCS-do-HU.pdf\">001\/2014<\/a>&nbsp;&#8211; Procedimentos de servi\u00e7os e obras no CCS do HU<\/p>\n\n\n\n<p><a href=\"https:\/\/sites.uel.br\/pcu\/wp-content\/uploads\/2022\/03\/Instrucao-de-Servico-03-2013-Manutencao-em-computadores.pdf\">003\/2013<\/a>&nbsp;&#8211; Manuten\u00e7\u00e3o em computadores<\/p>\n\n\n\n<p><a href=\"https:\/\/sites.uel.br\/pcu\/wp-content\/uploads\/2022\/03\/Instrucao-de-Servico-02-2013-Regulamenta-a-instalacao-e-uso-do-sistema-de-monitoramento.pdf\">002\/2013<\/a>&nbsp;&#8211; Regulamenta a instala\u00e7\u00e3o e uso do sistema de monitoramento<\/p>\n\n\n\n<p><a href=\"https:\/\/sites.uel.br\/pcu\/wp-content\/uploads\/2022\/03\/Instrucao-de-Servico-04-2011-Regulamenta-o-recebimento-do-servico-transporte.pdf\">004\/2011<\/a>&nbsp;&#8211; Regulamenta o recebimento do servi\u00e7o de transporte<\/p>\n\n\n\n<p><a href=\"https:\/\/sites.uel.br\/pcu\/wp-content\/uploads\/2022\/03\/Instrucao-de-Servico-03-2011-Regulamenta-o-agendamento-do-servico-de-transporte.pdf\">003\/2011<\/a>&nbsp;&#8211; Regulamenta o agendamento do servi\u00e7o de transporte<\/p>\n\n\n\n<p><a href=\"https:\/\/sites.uel.br\/pcu\/wp-content\/uploads\/2022\/03\/Instrucao-de-Servico-02-2011-Regulamenta-a-utilizacao-de-adesivos-de-estacionamentos.pdf\">002\/2011<\/a>&nbsp;&#8211; Regulamenta a utiliza\u00e7\u00e3o de adesivos de estacionamento<\/p>\n\n\n\n<p><a href=\"https:\/\/sites.uel.br\/pcu\/wp-content\/uploads\/2022\/03\/Instrucao-de-Servico-01-2010-Regulamenta-utilizacao-de-veiculos-oficiais.pdf\">001\/2010<\/a>&nbsp;&#8211; Regulamenta a utiliza\u00e7\u00e3o de ve\u00edculos oficiais<\/p>\n\n\n\n<p><a href=\"https:\/\/sites.uel.br\/pcu\/wp-content\/uploads\/2022\/03\/Instrucao-de-Servico-2003-01-Instrui-para-compra-e-instalacao-de-aparelhos-e-equipamentos-eletricos.pdf\">001\/2003<\/a>\u00a0&#8211; Instrui para compra e instala\u00e7\u00e3o de aparelhos e equipamentos el\u00e9tricos<\/p>\n","protected":false},"excerpt":{"rendered":"<p>001\/2021&nbsp;&#8211; Regulamenta o uso das atividades esportivas no Beira Morto 003\/2016&nbsp;&#8211; Adesivos de estacionamento 002\/2016&nbsp;&#8211; Sistema de manuten\u00e7\u00e3o 001\/2016&nbsp;&#8211; Manejo de \u00e1reas verdes 002\/2015&nbsp;&#8211; Gest\u00e3o do servi\u00e7o de seguran\u00e7a 001\/2015&nbsp;&#8211; Uso de ve\u00edculos oficiais 002\/2014&nbsp;&#8211; Substitui\u00e7\u00e3o de cuba ou sif\u00e3o 001\/2014&nbsp;&#8211; Procedimentos de servi\u00e7os e obras no CCS do HU 003\/2013&nbsp;&#8211; Manuten\u00e7\u00e3o em computadores 002\/2013&nbsp;&#8211; [&hellip;]<\/p>\n","protected":false},"author":4,"featured_media":0,"parent":0,"menu_order":0,"comment_status":"closed","ping_status":"closed","template":"","meta":{"footnotes":""},"class_list":["post-140","page","type-page","status-publish","hentry"],"acf":[],"_links":{"self":[{"href":"https:\/\/sites.uel.br\/pcu\/wp-json\/wp\/v2\/pages\/140","targetHints":{"allow":["GET"]}}],"collection":[{"href":"https:\/\/sites.uel.br\/pcu\/wp-json\/wp\/v2\/pages"}],"about":[{"href":"https:\/\/sites.uel.br\/pcu\/wp-json\/wp\/v2\/types\/page"}],"author":[{"embeddable":true,"href":"https:\/\/sites.uel.br\/pcu\/wp-json\/wp\/v2\/users\/4"}],"replies":[{"embeddable":true,"href":"https:\/\/sites.uel.br\/pcu\/wp-json\/wp\/v2\/comments?post=140"}],"version-history":[{"count":3,"href":"https:\/\/sites.uel.br\/pcu\/wp-json\/wp\/v2\/pages\/140\/revisions"}],"predecessor-version":[{"id":235,"href":"https:\/\/sites.uel.br\/pcu\/wp-json\/wp\/v2\/pages\/140\/revisions\/235"}],"wp:attachment":[{"href":"https:\/\/sites.uel.br\/pcu\/wp-json\/wp\/v2\/media?parent=140"}],"curies":[{"name":"wp","href":"https:\/\/api.w.org\/{rel}","templated":true}]}}