{"id":87,"date":"2025-05-15T17:34:51","date_gmt":"2025-05-15T20:34:51","guid":{"rendered":"https:\/\/sites.uel.br\/nucleo-de-integridade-e-compliance\/?page_id=87"},"modified":"2025-06-03T16:16:54","modified_gmt":"2025-06-03T19:16:54","slug":"controle-interno","status":"publish","type":"page","link":"https:\/\/sites.uel.br\/nucleo-de-integridade-e-compliance\/controle-interno\/","title":{"rendered":"Controle Interno"},"content":{"rendered":"\n<div style=\"height:30px\" aria-hidden=\"true\" class=\"wp-block-spacer\"><\/div>\n\n\n\n<div class=\"wp-block-uel-card\">\n<p>A unidade de Controle Interno da Universidade Estadual de Londrina (UEL) atua em alinhamento com a Controladoria-Geral do Estado do Paran\u00e1 (CGE\/PR) e atende \u00e0s demandas e recomenda\u00e7\u00f5es da Inspetoria de Controle Externo do Tribunal de Contas do Estado do Paran\u00e1 (TCE-PR).<\/p>\n\n\n\n<p>Sua principal finalidade \u00e9 acompanhar e avaliar as atividades desenvolvidas pela Institui\u00e7\u00e3o, com foco na melhoria cont\u00ednua da gest\u00e3o p\u00fablica. Cabe ainda ao Controle Interno verificar a consist\u00eancia, a qualidade e a efetividade dos controles internos administrativos, em todos os n\u00edveis de chefia da Universidade.<\/p>\n\n\n\n<p>Seu trabalho busca assegurar o cumprimento dos princ\u00edpios constitucionais da legalidade, impessoalidade, moralidade, publicidade, economicidade e efici\u00eancia, contribuindo para o fortalecimento da governan\u00e7a, da transpar\u00eancia e da responsabilidade na aplica\u00e7\u00e3o dos recursos p\u00fablicos.<\/p>\n<\/div>\n\n\n\n<div style=\"height:30px\" aria-hidden=\"true\" class=\"wp-block-spacer\"><\/div>\n\n\n\n<div class=\"wp-block-uel-card\">\n<p><strong>Respons\u00e1vel<\/strong><\/p>\n\n\n\n<p>Ad\u00e3o Aparecido Brasilino &#8211; Agente de Controle Interno<\/p>\n\n\n\n<p><strong>Contatos<\/strong><\/p>\n\n\n\n<p>Telefone\/Fax: (43) 3371-4893<\/p>\n\n\n\n<p>E-mail: controleinterno@uel.br<\/p>\n<\/div>\n\n\n\n<div style=\"height:30px\" aria-hidden=\"true\" class=\"wp-block-spacer\"><\/div>\n","protected":false},"excerpt":{"rendered":"","protected":false},"author":10,"featured_media":0,"parent":0,"menu_order":0,"comment_status":"closed","ping_status":"closed","template":"","meta":{"_acf_changed":false,"_themeisle_gutenberg_block_has_review":false,"footnotes":""},"class_list":["post-87","page","type-page","status-publish","hentry"],"acf":[],"_links":{"self":[{"href":"https:\/\/sites.uel.br\/nucleo-de-integridade-e-compliance\/wp-json\/wp\/v2\/pages\/87","targetHints":{"allow":["GET"]}}],"collection":[{"href":"https:\/\/sites.uel.br\/nucleo-de-integridade-e-compliance\/wp-json\/wp\/v2\/pages"}],"about":[{"href":"https:\/\/sites.uel.br\/nucleo-de-integridade-e-compliance\/wp-json\/wp\/v2\/types\/page"}],"author":[{"embeddable":true,"href":"https:\/\/sites.uel.br\/nucleo-de-integridade-e-compliance\/wp-json\/wp\/v2\/users\/10"}],"replies":[{"embeddable":true,"href":"https:\/\/sites.uel.br\/nucleo-de-integridade-e-compliance\/wp-json\/wp\/v2\/comments?post=87"}],"version-history":[{"count":7,"href":"https:\/\/sites.uel.br\/nucleo-de-integridade-e-compliance\/wp-json\/wp\/v2\/pages\/87\/revisions"}],"predecessor-version":[{"id":495,"href":"https:\/\/sites.uel.br\/nucleo-de-integridade-e-compliance\/wp-json\/wp\/v2\/pages\/87\/revisions\/495"}],"wp:attachment":[{"href":"https:\/\/sites.uel.br\/nucleo-de-integridade-e-compliance\/wp-json\/wp\/v2\/media?parent=87"}],"curies":[{"name":"wp","href":"https:\/\/api.w.org\/{rel}","templated":true}]}}