{"id":83,"date":"2025-05-15T17:34:07","date_gmt":"2025-05-15T20:34:07","guid":{"rendered":"https:\/\/sites.uel.br\/nucleo-de-integridade-e-compliance\/?page_id=83"},"modified":"2025-06-05T16:47:13","modified_gmt":"2025-06-05T19:47:13","slug":"conciliacao","status":"publish","type":"page","link":"https:\/\/sites.uel.br\/nucleo-de-integridade-e-compliance\/conciliacao\/","title":{"rendered":"Concilia\u00e7\u00e3o"},"content":{"rendered":"\n<div style=\"height:30px\" aria-hidden=\"true\" class=\"wp-block-spacer\"><\/div>\n\n\n\n<div class=\"wp-block-uel-card\">\n<p>A Concilia\u00e7\u00e3o tem como objetivo promover a solu\u00e7\u00e3o consensual de conflitos, por meio do di\u00e1logo entre as partes envolvidas. Trata-se de um m\u00e9todo reconhecido e previsto em lei, inclusive no pr\u00f3prio C\u00f3digo de Processo Civil.<\/p>\n\n\n\n<p>O papel da concilia\u00e7\u00e3o \u00e9 buscar um desfecho mais r\u00e1pido, eficiente e equilibrado, reduzindo a necessidade de longas disputas judiciais e fortalecendo o entendimento m\u00fatuo entre os envolvidos.<\/p>\n\n\n\n<p>A concilia\u00e7\u00e3o facilita o acordo entre as pessoas, contribui para a melhoria do acesso \u00e0 justi\u00e7a, e promove a paz entre as partes.<\/p>\n<\/div>\n\n\n\n<div style=\"height:30px\" aria-hidden=\"true\" class=\"wp-block-spacer\"><\/div>\n\n\n\n<div class=\"wp-block-uel-card\">\n<p><strong>Respons\u00e1vel<\/strong><\/p>\n\n\n\n<p>Silvia Regina Tacla &#8211; Agente de Concilia\u00e7\u00e3o<\/p>\n\n\n\n<p>Telefone: (43) 3371-4607<\/p>\n<\/div>\n\n\n\n<p><\/p>\n","protected":false},"excerpt":{"rendered":"","protected":false},"author":10,"featured_media":0,"parent":0,"menu_order":0,"comment_status":"closed","ping_status":"closed","template":"","meta":{"_acf_changed":false,"_themeisle_gutenberg_block_has_review":false,"footnotes":""},"class_list":["post-83","page","type-page","status-publish","hentry"],"acf":[],"_links":{"self":[{"href":"https:\/\/sites.uel.br\/nucleo-de-integridade-e-compliance\/wp-json\/wp\/v2\/pages\/83","targetHints":{"allow":["GET"]}}],"collection":[{"href":"https:\/\/sites.uel.br\/nucleo-de-integridade-e-compliance\/wp-json\/wp\/v2\/pages"}],"about":[{"href":"https:\/\/sites.uel.br\/nucleo-de-integridade-e-compliance\/wp-json\/wp\/v2\/types\/page"}],"author":[{"embeddable":true,"href":"https:\/\/sites.uel.br\/nucleo-de-integridade-e-compliance\/wp-json\/wp\/v2\/users\/10"}],"replies":[{"embeddable":true,"href":"https:\/\/sites.uel.br\/nucleo-de-integridade-e-compliance\/wp-json\/wp\/v2\/comments?post=83"}],"version-history":[{"count":10,"href":"https:\/\/sites.uel.br\/nucleo-de-integridade-e-compliance\/wp-json\/wp\/v2\/pages\/83\/revisions"}],"predecessor-version":[{"id":545,"href":"https:\/\/sites.uel.br\/nucleo-de-integridade-e-compliance\/wp-json\/wp\/v2\/pages\/83\/revisions\/545"}],"wp:attachment":[{"href":"https:\/\/sites.uel.br\/nucleo-de-integridade-e-compliance\/wp-json\/wp\/v2\/media?parent=83"}],"curies":[{"name":"wp","href":"https:\/\/api.w.org\/{rel}","templated":true}]}}