{"id":231,"date":"2024-07-06T18:44:15","date_gmt":"2024-07-06T21:44:15","guid":{"rendered":"https:\/\/sites.uel.br\/novostalentos\/?page_id=231"},"modified":"2024-07-08T10:26:28","modified_gmt":"2024-07-08T13:26:28","slug":"nt2012","status":"publish","type":"page","link":"https:\/\/sites.uel.br\/novostalentos\/nt2012\/","title":{"rendered":"NT 2012"},"content":{"rendered":"\n<div style=\"height:40px\" aria-hidden=\"true\" class=\"wp-block-spacer\"><\/div>\n\n\n\n<div class=\"wp-block-buttons is-content-justification-left is-layout-flex wp-container-core-buttons-is-layout-fdcfc74e wp-block-buttons-is-layout-flex\">\n<div class=\"wp-block-button is-style-outline is-style-outline--1\"><a class=\"wp-block-button__link wp-element-button\" href=\"https:\/\/photos.app.goo.gl\/pLdfdWnmztsg2JEBA\" target=\"_blank\" rel=\"noreferrer noopener\"><strong>\u00c1lbum de fotos do NT 2012<\/strong><\/a><\/div>\n<\/div>\n\n\n\n<div style=\"height:40px\" aria-hidden=\"true\" class=\"wp-block-spacer\"><\/div>\n\n\n\n<p><strong>Projeto Novos Talentos:<\/strong> <strong>O ensino das Ci\u00eancias Morfol\u00f3gicas para a Educa\u00e7\u00e3o B\u00e1sica<\/strong><\/p>\n\n\n\n<p><strong>Coordena\u00e7\u00e3o:&nbsp;<\/strong>Prof. Dr. Eduardo Jos\u00e9 de Almeida Ara\u00fajo<\/p>\n\n\n\n<p><strong>Apoio Financeiro:&nbsp;<\/strong>Programa Novos Talentos da Coordenadoria de Aperfei\u00e7oamento de Pessoal de N\u00edvel Superior (CAPES)<\/p>\n\n\n\n<p><strong>Livro:&nbsp;<\/strong>Pr\u00e1ticas de Anatomia e Histologia para a Educa\u00e7\u00e3o B\u00e1sica &#8211; para fazer o download, clique&nbsp;<strong><u><a href=\"https:\/\/sites.uel.br\/novostalentos\/livros\/\" data-type=\"page\" data-id=\"33\">aqui<\/a><\/u><\/strong><\/p>\n\n\n\n<p>Curta nossa p\u00e1gina no Facebook:&nbsp;<a href=\"https:\/\/www.facebook.com\/ProjetoNovosTalentosHistologiaAnatomia\"><\/a><\/p>\n\n\n\n<p><strong>OFICINAS &#8211; 2012<\/strong><strong><\/strong><\/p>\n\n\n\n<p><em><strong>&#8211; PARA PROFESSORES:<\/strong><\/em><\/p>\n\n\n\n<p><strong>Pr\u00e1ticas de Anatomia e Histologia para a Educa\u00e7\u00e3o B\u00e1sica<\/strong><strong><\/strong><\/p>\n\n\n\n<p><strong>&nbsp; &nbsp; &nbsp;Datas (s\u00e1bados):&nbsp;<\/strong>24\/03; 05\/05; 19\/05; 16\/06 e 28\/07<\/p>\n\n\n\n<p><strong>&nbsp; &nbsp; &nbsp;Hor\u00e1rio:<\/strong>&nbsp;8 \u00e0s 12h e 13 \u00e0s 17h<\/p>\n\n\n\n<p><strong>&nbsp; &nbsp; &nbsp;Local:<\/strong>&nbsp;UEL \u2013 CCB \u2013 Pr\u00e9dio da Morfologia<\/p>\n\n\n\n<p><strong>&nbsp; &nbsp; &nbsp;N\u00famero de vagas:<\/strong>&nbsp;25<\/p>\n\n\n\n<p>&nbsp;<em>Inscri\u00e7\u00f5es encerradas em 18\/03\/2012<\/em><\/p>\n\n\n\n<p>&nbsp;<a href=\"https:\/\/www.uel.br\/ccb\/novostalentos\/pages\/nt-anteriores\/[wblink51]\">RESULTADO FINAL DA SELE\u00c7\u00c3O PARA A OFICINA DE PROFESSORES<\/a><\/p>\n\n\n\n<p>&nbsp;<br><em><strong>&#8211; PARA ALUNOS:<\/strong><\/em><\/p>\n\n\n\n<p><strong>1. Desvendando o corpo humano<\/strong><strong><\/strong><\/p>\n\n\n\n<p><strong>&nbsp; &nbsp; &nbsp;Per\u00edodo:&nbsp;<\/strong>16 a 20\/07<\/p>\n\n\n\n<p><strong>&nbsp; &nbsp; &nbsp;Hor\u00e1rio:<\/strong>&nbsp;8 \u00e0s 12h e 13 \u00e0s 17h<\/p>\n\n\n\n<p><strong>&nbsp; &nbsp; &nbsp;Local:<\/strong>&nbsp;UEL \u2013 CCB \u2013 Pr\u00e9dio da Morfologia<\/p>\n\n\n\n<p><strong>&nbsp; &nbsp; &nbsp;N\u00famero de vagas:<\/strong>&nbsp;60<\/p>\n\n\n\n<p>&nbsp;&nbsp;&nbsp;&nbsp;&nbsp;<strong>Inscri\u00e7\u00f5es:<\/strong>&nbsp;na secretaria da escola de 02 de abril a 15 de maio de 2012<\/p>\n\n\n\n<p><strong>&nbsp;<\/strong><strong><a href=\"http:\/\/www.uel.br\/ccb\/histologia\/portal\/pages\/arquivos\/RESULTADO%20DA%20SELECAO%20-%20Desvendando%20o%20corpo%20humano.pdf\">Resultado da sele\u00e7\u00e3o &#8211; &#8220;Desvendando o Corpo Humano&#8221;<\/a><\/strong><\/p>\n\n\n\n<p><strong>2. Desvendando nosso segundo c\u00e9rebro<\/strong><strong><\/strong><\/p>\n\n\n\n<p><strong>&nbsp; &nbsp; &nbsp;Per\u00edodo:&nbsp;<\/strong>16 a 20\/07<\/p>\n\n\n\n<p><strong>&nbsp; &nbsp; &nbsp;Hor\u00e1rio:<\/strong>&nbsp;8 \u00e0s 12h e 13 \u00e0s 17h<\/p>\n\n\n\n<p><strong>&nbsp; &nbsp; &nbsp;Local:<\/strong>&nbsp;UEL \u2013 CCB \u2013 Pr\u00e9dio da Morfologia<\/p>\n\n\n\n<p><strong>&nbsp; &nbsp; &nbsp;N\u00famero de vagas:<\/strong>&nbsp;20<\/p>\n\n\n\n<p><strong>&nbsp;<\/strong><strong><a href=\"http:\/\/www.uel.br\/ccb\/histologia\/portal\/pages\/arquivos\/RESULTADO%20DA%20SELECAO%20-%20Desvendando%20o%20nosso%20segundo%20cerebro.pdf\">Resultado da sele\u00e7\u00e3o &#8211; &#8220;Desvendando o nosso segundo c\u00e9rebro&#8221;<\/a><\/strong><\/p>\n\n\n\n<p><a href=\"https:\/\/www.uel.br\/ccb\/novostalentos\/pages\/nt-anteriores\/[wblink50]\"><u><strong>Equipe de Ministrantes e Monitores&nbsp;<\/strong><\/u><\/a><\/p>\n\n\n\n<p><strong>ATIVIDADES<\/strong><\/p>\n\n\n\n<p><strong><em>Mais informa\u00e7\u00f5es:<\/em><\/strong><strong><em><\/em><\/strong><\/p>\n\n\n\n<p><em>Fone:<\/em><em>3371 4327 (UEL \u2013 Depto de Histologia \u2013 prof. Eduardo)<\/em><\/p>\n\n\n\n<hr class=\"wp-block-separator has-alpha-channel-opacity\" \/>\n\n\n\n<p><strong>EXTENS\u00c3O &#8211; 2012<\/strong><\/p>\n\n\n\n<p><strong>PROJETO NOVOS TALENTOS &#8211; OFICINAS<\/strong><\/p>\n\n\n\n<p><strong>Professores Ministrantes&nbsp;<\/strong><\/p>\n\n\n\n<p><em>Departamento de Histologia<\/em><\/p>\n\n\n\n<p>Profa. Dra. Ana Cl\u00e1udia Swar\u00e7a<\/p>\n\n\n\n<p>Profa. Dra. \u00c2ngela Maria Ferreira Falleiros<\/p>\n\n\n\n<p>Prof. Dr. Eduardo Jos\u00e9 de Almeida Ara\u00fajo<\/p>\n\n\n\n<p>Profa. Dra. Eliane Victoriano<\/p>\n\n\n\n<p>Prof. Dr. F\u00e1bio Goulart de Andrade<\/p>\n\n\n\n<p>Profa. Dra. Fernanda Pacheco Lassance<\/p>\n\n\n\n<p>Prof. Dr. J\u00falio de Mello Neto<\/p>\n\n\n\n<p>Prof. Ms. Luiz Carlos Juliani<\/p>\n\n\n\n<p>Prof. Dr. Osny Ferrari<\/p>\n\n\n\n<p>Profa. Dra. Sheila Michele Levy<\/p>\n\n\n\n<p>Secret\u00e1ria: Aparecida Sturion<\/p>\n\n\n\n<p>T\u00e9cnica Andreia Carla Eugenio Pupim<\/p>\n\n\n\n<p>T\u00e9cnica Ms. Renata Baldo Rodrigues Carvalho<\/p>\n\n\n\n<p><em>Departamento de Anatomia<\/em><\/p>\n\n\n\n<p>Prof. Esp. Eduardo Carlos Ferreira Tonani<\/p>\n\n\n\n<p>Prof. Dr. Eduardo Rafael da Veiga Neto<\/p>\n\n\n\n<p>Profa. Dra. Janete Weizel Amaral<\/p>\n\n\n\n<p>Prof. Dr. Jos\u00e9 Carlos de Araujo<\/p>\n\n\n\n<p>Profa. Dra. Maria Aparecida Vivan de Carvalho<\/p>\n\n\n\n<p>Profa. Vilma Schwald Babboni<\/p>\n\n\n\n<p>Secret\u00e1ria: Valkiria Aparecida Almendros de Oliveira Batista<\/p>\n\n\n\n<p><strong>Alunos de cursos de Gradua\u00e7\u00e3o da UEL &nbsp;(Monitores):&nbsp;<\/strong><\/p>\n\n\n\n<p>Ana Camila Ferreira &#8211; Biomedicina<\/p>\n\n\n\n<p>Fernanda Humel &#8211; Biomedicina<\/p>\n\n\n\n<p>Gabriela Pasqual Melo &#8211; Biomedicina<\/p>\n\n\n\n<p>Marcelly Chue Gon\u00e7alves &#8211; Biomedicina<\/p>\n\n\n\n<p>M\u00f4nica de Oliveira Bel\u00e9m &#8211; Biomedicina<\/p>\n\n\n\n<p>Nichele Antunes Vieira &#8211; Biomedicina<\/p>\n\n\n\n<p>Renata Fernandes Sanches &#8211; Ci\u00eancias Biol\u00f3gicas<\/p>\n\n\n\n<p>Yuri Alves Silva &#8211; Ci\u00eancias Biol\u00f3gicas<\/p>\n\n\n\n<hr class=\"wp-block-separator has-alpha-channel-opacity\" \/>\n\n\n\n<p><strong>RESULTADO DA SELE\u00c7\u00c3O PARA A OFICINA DE PROFESSORES:&nbsp;PR\u00c1TICAS DE ANATOMIA E HISTOLOGIA PARA A EDUCA\u00c7\u00c3O B\u00c1SICA \u2013 2012<\/strong><\/p>\n\n\n\n<p><strong>RESULTADO FINAL &#8211; 23\/03\/2012 &#8211; 12:30 hs<\/strong><\/p>\n\n\n\n<p><em>PROFESSORES SELECIONADOS E CONFIRMADOS:<\/em><\/p>\n\n\n\n<ol class=\"wp-block-list\">\n<li>Alexsandra Kobayashi<\/li>\n\n\n\n<li>Alice Kazue Hassuike Dolibaina<\/li>\n\n\n\n<li>Angela Maria Paccola Mamprin<\/li>\n\n\n\n<li>Camila Lopes Mar\u00e7al de Souza<\/li>\n\n\n\n<li>Cleusa Rizzato<\/li>\n\n\n\n<li>Denise Cristina de Barros<\/li>\n\n\n\n<li>Elizabeth Guivernau Gaudens Serafim<\/li>\n\n\n\n<li>Geni Zafalon de Gouveia<\/li>\n\n\n\n<li>Katiuscia Rodrigues Volpato<\/li>\n\n\n\n<li>Leonor Alonso Merique Alves Panho<\/li>\n\n\n\n<li>Luciana Aparecida Manoel Borges<\/li>\n\n\n\n<li>Marcia&nbsp; Roseli Gobeti Delgado<\/li>\n\n\n\n<li>Marcio Cili\u00e3o Filho<\/li>\n\n\n\n<li>Maria do Carmo de Assis Diniz<\/li>\n\n\n\n<li>Maria Imaculada de Lourdes Lagrotta Mamprin<\/li>\n\n\n\n<li>Paulo Sergio Fiorini<\/li>\n\n\n\n<li>Regina Akiko Ogawa Feitosa<\/li>\n\n\n\n<li>Regina Lucia Nascimento do Amaral<\/li>\n\n\n\n<li>Renata Cristina de Souza Fabiano<\/li>\n\n\n\n<li>Rosangela Siqueira Pinheiro de Goes<\/li>\n\n\n\n<li>Rosaria Batista Schiavon<\/li>\n\n\n\n<li>Sueli Mendes Garcia<\/li>\n\n\n\n<li>Suely Garbelini Silva<\/li>\n\n\n\n<li>Urandi Antoniel Junior<\/li>\n\n\n\n<li>Valery Munhoz da Cruz Oliveira<\/li>\n<\/ol>\n\n\n\n<p>OS SELECIONADOS E CONFIRMADOS DEVEM LEMBRAR QUE&nbsp;<strong>N\u00c3O PODER\u00c3O FALTAR<\/strong>&nbsp;EM NENHUMA DAS DATAS DA OFICINA, OU SEJA,&nbsp;<strong>OS PARTICIPANTES DEVER\u00c3O ESTAR PRESENTES NOS DOIS PER\u00cdODOS (MANH\u00c3 E TARDE) DOS CINCO S\u00c1BADOS<\/strong>. EXCE\u00c7\u00c3O DESTA REGRA SOMENTE PARA AQUELES QUE FIZERAM A OFICINA DE ANATOMIA OU HISTOLOGIA EM 2011.<\/p>\n\n\n\n<p><strong>IN\u00cdCIO DAS ATIVIDADES:<\/strong><\/p>\n\n\n\n<p>DIA:<strong>&nbsp;24\/03\/12 (AMANH\u00c3)<\/strong><\/p>\n\n\n\n<p>HOR\u00c1RIO: 8h00min<\/p>\n\n\n\n<p>LOCAL: SALA 239A DO PR\u00c9DIO DA MORFOLOGIA (CCB)<\/p>\n\n\n\n<p>Ainda gostar\u00edamos deixar registrado que tivemos um grande n\u00famero de inscri\u00e7\u00f5es e que n\u00e3o foi f\u00e1cil chegar ao grupo selecionado. Como crit\u00e9rios de sele\u00e7\u00e3o, consideramos:<\/p>\n\n\n\n<p>1)&nbsp;&nbsp;&nbsp;&nbsp;&nbsp;&nbsp;Aqueles que j\u00e1 participaram da oficina de anatomia OU histologia realizada em julho de 2011. Neste caso, os selecionados poder\u00e3o escolher por frequentar a oficina inteira ou somente o conte\u00fado da oficina que n\u00e3o participou.<\/p>\n\n\n\n<p>2)&nbsp;&nbsp;&nbsp;&nbsp;&nbsp;&nbsp;O IDEB da Escola, valorizando escolas com menor IDEB;<\/p>\n\n\n\n<p>3)&nbsp;&nbsp;&nbsp;&nbsp;&nbsp;&nbsp;A resposta quanto aos motivos que fez com os candidatos se interessassem pela nossa oficina;<\/p>\n\n\n\n<p>4)&nbsp;&nbsp;&nbsp;&nbsp;&nbsp;&nbsp;O tipo de v\u00ednculo com a SEED, valorizando os que s\u00e3o QPM;<strong><\/strong><\/p>\n\n\n\n<hr class=\"wp-block-separator has-alpha-channel-opacity\" \/>\n\n\n\n<p><strong>21\/12\/2012 &#8211; 20:00 hs&nbsp;<\/strong><\/p>\n\n\n\n<p><strong>PROFESSORES SELECIONADOS EM SEGUNDA CHAMADA:<\/strong><\/p>\n\n\n\n<figure class=\"wp-block-table\"><table><tbody><tr><td>1.&nbsp;&nbsp;&nbsp;&nbsp;&nbsp;Edn\u00e9ia Maturana<\/td><\/tr><tr><td>2.&nbsp;&nbsp;&nbsp;&nbsp;&nbsp;Renata Quintino Montalv\u00e3o<\/td><\/tr><tr><td>3.&nbsp;&nbsp;&nbsp;&nbsp;&nbsp;Urandi Antoniel Junior<\/td><\/tr><tr><td>4.&nbsp;&nbsp;&nbsp;&nbsp;&nbsp;Geni Zafalon de Gouveia<\/td><\/tr><tr><td>5.&nbsp;&nbsp;&nbsp;&nbsp;&nbsp;Denise Cristina de Barros<\/td><\/tr><tr><td>6.&nbsp;&nbsp;&nbsp;&nbsp;&nbsp;Rosangela Siqueira Pinheiro de Goes<\/td><\/tr><tr><td>7.&nbsp;&nbsp;&nbsp;&nbsp;&nbsp;Maria do Carmo de Assis Diniz<\/td><\/tr><tr><td>8.&nbsp;&nbsp;&nbsp;&nbsp;&nbsp;Maria Imaculada de Lourdes Lagrotta Mamprin<\/td><\/tr><\/tbody><\/table><\/figure>\n\n\n\n<p>DEVIDO AO GRANDE N\u00daMERO DE INSCRITOS, OS SELECIONADOS EM SEGUNDA CHAMADA DEVER\u00c3O CONFIRMAR SUA PRESEN\u00c7A NA OFICINA AT\u00c9 QUINTA-FEIRA (22\/03\/12) DAS 8H \u00c0S 11H30MIN E DAS 14H \u00c0S 17H PELO TELEFONE: 3371-4327. FALAR COM A SECRET\u00c1RIA DO DEPARTAMENTO DE HISTOLOGIA (CIDA). OS QUE N\u00c3O CONFIRMAREM DENTRE DESTE PER\u00cdODO FICAR\u00c3O AUTOMATICAMENTE DESCLASSIFICADOS. \u00c9 MUITO IMPORTANTE ESTAR CIENTE QUE N\u00c3O PODER\u00c3O HAVER FALTAS DURANTE A OFICINA, OU SEJA, OS PARTICIPANTES DEVER\u00c3O ESTAR PRESENTES NOS DOIS PER\u00cdODOS (MANH\u00c3 E TARDE) DOS CINCO S\u00c1BADOS.<\/p>\n\n\n\n<p>SE HOUVER OUTRAS DESIST\u00caNCIAS OU DESCLASSIFICA\u00c7\u00c3O, UMA NOVA LISTA SER\u00c1 PUBLICADA NA SEXTA-FEIRA (23\/03\/12) AT\u00c9 \u00c0S 14H.<\/p>\n\n\n\n<p><strong>PROFESSORES SELECIONADOS EM PRIMEIRA CHAMADA E CONFIRMADOS:<\/strong><\/p>\n\n\n\n<figure class=\"wp-block-table\"><table><tbody><tr><td>1.&nbsp;&nbsp;&nbsp;&nbsp;&nbsp;Alexsandra Kobayashi<\/td><\/tr><tr><td>2.&nbsp;&nbsp;&nbsp;&nbsp;&nbsp;Alice Kazue Hassuike Dolibaina<\/td><\/tr><tr><td>3.&nbsp;&nbsp;&nbsp;&nbsp;&nbsp;Angela Maria Paccola Mamprin<\/td><\/tr><tr><td>4.&nbsp;&nbsp;&nbsp;&nbsp;&nbsp;Camila Lopes Mar\u00e7al De Souza<\/td><\/tr><tr><td>5.&nbsp;&nbsp;&nbsp;&nbsp;&nbsp;Cleusa Rizzato<\/td><\/tr><tr><td>6.&nbsp;&nbsp;&nbsp;&nbsp;&nbsp;Elizabeth Guivernau Gaudens Serafim<\/td><\/tr><tr><td>7.&nbsp;&nbsp;&nbsp;&nbsp;&nbsp;Katiuscia Rodrigues Volpato<\/td><\/tr><tr><td>8.&nbsp;&nbsp;&nbsp;&nbsp;&nbsp;Leonor Alonso Merique Alves Panho<\/td><\/tr><tr><td>9.&nbsp;&nbsp;&nbsp;&nbsp;&nbsp;Luciana Aparecida Manoel Borges.<\/td><\/tr><tr><td>10.&nbsp;&nbsp;Marcia Roseli Gobeti Delgado<\/td><\/tr><tr><td>11.&nbsp;&nbsp;Marcio Cili\u00e3o Filho<\/td><\/tr><tr><td>12.&nbsp;&nbsp;Paulo Sergio Fiorini<\/td><\/tr><tr><td>13.&nbsp;&nbsp;Regina Akiko Ogawa Feitosa<\/td><\/tr><tr><td>14.&nbsp;&nbsp;Regina Lucia Nascimento do Amaral<\/td><\/tr><tr><td>15.&nbsp;&nbsp;Sueli Mendes Garcia<\/td><\/tr><tr><td>16.&nbsp;&nbsp;Suely Garbelini Silva<\/td><\/tr><tr><td>17.&nbsp;&nbsp;Valery Munhoz Da Cruz Oliveira<\/td><\/tr><\/tbody><\/table><\/figure>\n\n\n\n<p>DESISTENTE:<\/p>\n\n\n\n<figure class=\"wp-block-table\"><table><tbody><tr><td>1.&nbsp;&nbsp;&nbsp;&nbsp;&nbsp;Kleder Zamberlan de Castilho<\/td><\/tr><\/tbody><\/table><\/figure>\n\n\n\n<p>DESCLASSIFICADOS PORQUE N\u00c3O CONFIRMARAM DENTRO DO PRAZO PR\u00c9-ESTABELECIDO (AT\u00c9 QUARTA-FEIRA, 21\/03\/12, \u00c0S 17H):<\/p>\n\n\n\n<p>1.&nbsp;&nbsp;&nbsp;&nbsp;&nbsp;Edilaine Cristina Trevizan Ba\u00fa<\/p>\n\n\n\n<p>2.&nbsp;&nbsp;&nbsp;&nbsp;&nbsp;Guilherme Silveira<\/p>\n\n\n\n<p>3.&nbsp;&nbsp;&nbsp;&nbsp;&nbsp;Maria Elena Marques da Costa<\/p>\n\n\n\n<p>4.&nbsp;&nbsp;&nbsp;&nbsp;&nbsp;Maria Jos\u00e9 de Oliveira<\/p>\n\n\n\n<p>5.&nbsp;&nbsp;&nbsp;&nbsp;&nbsp;Rafael Honorio e Silva<\/p>\n\n\n\n<p>6.&nbsp;&nbsp;&nbsp;&nbsp;&nbsp;Renata Cristina de Souza Fabiano<\/p>\n\n\n\n<p>7.&nbsp;&nbsp;&nbsp;&nbsp;&nbsp;Rosaria Batista Schiavon<\/p>\n\n\n\n<p>Para a sele\u00e7\u00e3o, consideramos:<\/p>\n\n\n\n<p>1)&nbsp;&nbsp;&nbsp;&nbsp;&nbsp;&nbsp;Aqueles que j\u00e1 participaram da oficina de anatomia OU histologia realizada em julho de 2011. Neste caso, os selecionados poder\u00e3o escolher por frequentar a oficina inteira ou somente o conte\u00fado da oficina que n\u00e3o participou.<\/p>\n\n\n\n<p>2)&nbsp;&nbsp;&nbsp;&nbsp;&nbsp;&nbsp;O IDEB da Escola, valorizando escolas com menor IDEB;<\/p>\n\n\n\n<p>3)&nbsp;&nbsp;&nbsp;&nbsp;&nbsp;&nbsp;A resposta quanto aos motivos que fez com os candidatos se interessassem pela nossa oficina;<\/p>\n\n\n\n<p>4)&nbsp;&nbsp;&nbsp;&nbsp;&nbsp;&nbsp;O tipo de v\u00ednculo com a SEED, valorizando os que s\u00e3o QPM;<\/p>\n\n\n\n<hr class=\"wp-block-separator has-alpha-channel-opacity\" \/>\n\n\n\n<p><strong>19\/03\/2012<\/strong><\/p>\n\n\n\n<p><strong>PROFESSORES SELECIONADOS EM PRIMEIRA CHAMADA:<\/strong><\/p>\n\n\n\n<p>1.&nbsp;&nbsp;&nbsp;&nbsp;&nbsp;&nbsp; Alexsandra Kobayashi<\/p>\n\n\n\n<p>2.&nbsp;&nbsp;&nbsp;&nbsp;&nbsp;&nbsp; Alice Kazue Hassuike Dolibaina<\/p>\n\n\n\n<p>3.&nbsp;&nbsp;&nbsp;&nbsp;&nbsp;&nbsp; Angela Maria Paccola Mamprin<\/p>\n\n\n\n<p>4.&nbsp;&nbsp;&nbsp;&nbsp;&nbsp;&nbsp; Camila Lopes Mar\u00e7al De Souza<\/p>\n\n\n\n<p>5.&nbsp;&nbsp;&nbsp;&nbsp;&nbsp;&nbsp; Cleusa Rizzato<\/p>\n\n\n\n<p>6.&nbsp;&nbsp;&nbsp;&nbsp;&nbsp;&nbsp; Edilaine Cristina Trevizan Ba\u00fa<\/p>\n\n\n\n<p>7.&nbsp;&nbsp;&nbsp;&nbsp;&nbsp;&nbsp; Elizabeth Guivernau Gaudens Serafim<\/p>\n\n\n\n<p>8.&nbsp;&nbsp;&nbsp;&nbsp;&nbsp;&nbsp; Guilherme Silveira<\/p>\n\n\n\n<p>9.&nbsp;&nbsp;&nbsp;&nbsp;&nbsp;&nbsp; Katiuscia Rodrigues Volpato<\/p>\n\n\n\n<p>10.&nbsp;&nbsp;&nbsp;&nbsp; Kleder Zamberlan De Castilho<\/p>\n\n\n\n<p>11.&nbsp;&nbsp;&nbsp;&nbsp; Leonor Alonso Merique Alves Panho<\/p>\n\n\n\n<p>12.&nbsp;&nbsp;&nbsp;&nbsp; Luciana Aparecida Manoel Borges.<\/p>\n\n\n\n<p>13.&nbsp;&nbsp;&nbsp;&nbsp; Marcia Roseli Gobeti Delgado<\/p>\n\n\n\n<p>14.&nbsp;&nbsp;&nbsp;&nbsp; Marcio Cili\u00e3o Filho<\/p>\n\n\n\n<p>15.&nbsp;&nbsp;&nbsp;&nbsp; Maria Elena Marques Da Costa<\/p>\n\n\n\n<p>16.&nbsp;&nbsp;&nbsp;&nbsp; Maria Jos\u00e9 De Oliveira<\/p>\n\n\n\n<p>17.&nbsp;&nbsp;&nbsp;&nbsp; Paulo Sergio Fiorini<\/p>\n\n\n\n<p>18.&nbsp;&nbsp;&nbsp;&nbsp; Rafael Honorio E Silva<\/p>\n\n\n\n<p>19.&nbsp;&nbsp;&nbsp;&nbsp; Regina Akiko Ogawa Feitosa<\/p>\n\n\n\n<p>20.&nbsp;&nbsp;&nbsp;&nbsp; Regina Lucia Nascimento do Amaral<\/p>\n\n\n\n<p>21.&nbsp;&nbsp;&nbsp;&nbsp; Renata Cristina De Souza Fabiano<\/p>\n\n\n\n<p>22.&nbsp;&nbsp;&nbsp;&nbsp; Rosaria Batista Schiavon<\/p>\n\n\n\n<p>23.&nbsp;&nbsp;&nbsp;&nbsp; Sueli Mendes Garcia<\/p>\n\n\n\n<p>24.&nbsp;&nbsp;&nbsp;&nbsp; Suely Garbelini Silva<\/p>\n\n\n\n<p>25.&nbsp;&nbsp;&nbsp;&nbsp; Valery Munhoz Da Cruz Oliveira<\/p>\n\n\n\n<p><strong>INFORMA\u00c7\u00d5ES IMPORTANTES:&nbsp;<\/strong><\/p>\n\n\n\n<ul class=\"wp-block-list\">\n<li>DEVIDO AO GRANDE N\u00daMERO DE INSCRITOS, OS SELECIONADOS DEVER\u00c3O CONFIRMAR SUA PRESEN\u00c7A NA OFICINA AT\u00c9 QUARTA-FEIRA (21\/03\/12) DAS 8H \u00c0S 11H30MIN E DAS 14H \u00c0S 17H PELO TELEFONE: 3371-4327 &#8211; FALAR COM A SECRET\u00c1RIA DO DEPARTAMENTO DE HISTOLOGIA (CIDA).<\/li>\n\n\n\n<li>OS QUE N\u00c3O CONFIRMAREM DENTRE DESTE PER\u00cdODO FICAR\u00c3O AUTOMATICAMENTE DESCLASSIFICADOS.<\/li>\n\n\n\n<li>\u00c9 MUITO IMPORTANTE ESTAR CIENTE QUE N\u00c3O PODER\u00c3O HAVER FALTAS DURANTE A OFICINA, OU SEJA, OS PARTICIPANTES DEVER\u00c3O ESTAR PRESENTES NOS DOIS PER\u00cdODOS (MANH\u00c3 E TARDE) DOS CINCO S\u00c1BADOS.<\/li>\n\n\n\n<li>SE HOUVER DESIST\u00caNCIA OU DESCLASSIFICA\u00c7\u00c3O, UMA NOVA LISTA SER\u00c1 PUBLICADA NA QUINTA-FEIRA (22\/03\/12) \u00c0S 15H.<\/li>\n<\/ul>\n\n\n\n<p><strong>CRIT\u00c9RIOS DE SELE\u00c7\u00c3O<\/strong><\/p>\n\n\n\n<p>Para a sele\u00e7\u00e3o, consideramos:<\/p>\n\n\n\n<p>1)&nbsp;&nbsp; Aqueles que j\u00e1 participaram da oficina de anatomia OU histologia realizada em julho de 2011. Neste caso, os selecionados poder\u00e3o escolher por frequentar a oficina inteira ou somente o conte\u00fado da oficina que n\u00e3o participou.<\/p>\n\n\n\n<p>2)&nbsp;&nbsp; O IDEB da Escola, valorizando escolas com menor IDEB;<\/p>\n\n\n\n<p>3)&nbsp;&nbsp; A resposta quanto aos motivos que fez com os candidatos se interessassem pela nossa oficina;<\/p>\n\n\n\n<p>4)&nbsp;&nbsp; O tipo de v\u00ednculo com a SEED, valorizando os que s\u00e3o QPM;<\/p>\n\n\n\n<p>5)&nbsp;&nbsp; O tempo de v\u00ednculo com a SEDD.<\/p>\n","protected":false},"excerpt":{"rendered":"<p>Projeto Novos Talentos: O ensino das Ci\u00eancias Morfol\u00f3gicas para a Educa\u00e7\u00e3o B\u00e1sica Coordena\u00e7\u00e3o:&nbsp;Prof. Dr. Eduardo Jos\u00e9 de Almeida Ara\u00fajo Apoio Financeiro:&nbsp;Programa Novos Talentos da Coordenadoria de Aperfei\u00e7oamento de Pessoal de N\u00edvel Superior (CAPES) Livro:&nbsp;Pr\u00e1ticas de Anatomia e Histologia para a Educa\u00e7\u00e3o B\u00e1sica &#8211; para fazer o download, clique&nbsp;aqui Curta nossa p\u00e1gina no Facebook:&nbsp; OFICINAS &#8211; [&hellip;]<\/p>\n","protected":false},"author":7,"featured_media":0,"parent":0,"menu_order":0,"comment_status":"closed","ping_status":"closed","template":"","meta":{"_acf_changed":false,"footnotes":""},"class_list":["post-231","page","type-page","status-publish","hentry"],"acf":[],"_links":{"self":[{"href":"https:\/\/sites.uel.br\/novostalentos\/wp-json\/wp\/v2\/pages\/231","targetHints":{"allow":["GET"]}}],"collection":[{"href":"https:\/\/sites.uel.br\/novostalentos\/wp-json\/wp\/v2\/pages"}],"about":[{"href":"https:\/\/sites.uel.br\/novostalentos\/wp-json\/wp\/v2\/types\/page"}],"author":[{"embeddable":true,"href":"https:\/\/sites.uel.br\/novostalentos\/wp-json\/wp\/v2\/users\/7"}],"replies":[{"embeddable":true,"href":"https:\/\/sites.uel.br\/novostalentos\/wp-json\/wp\/v2\/comments?post=231"}],"version-history":[{"count":10,"href":"https:\/\/sites.uel.br\/novostalentos\/wp-json\/wp\/v2\/pages\/231\/revisions"}],"predecessor-version":[{"id":299,"href":"https:\/\/sites.uel.br\/novostalentos\/wp-json\/wp\/v2\/pages\/231\/revisions\/299"}],"wp:attachment":[{"href":"https:\/\/sites.uel.br\/novostalentos\/wp-json\/wp\/v2\/media?parent=231"}],"curies":[{"name":"wp","href":"https:\/\/api.w.org\/{rel}","templated":true}]}}