{"id":222,"date":"2024-07-06T18:39:16","date_gmt":"2024-07-06T21:39:16","guid":{"rendered":"https:\/\/sites.uel.br\/novostalentos\/?page_id=222"},"modified":"2024-07-08T10:43:03","modified_gmt":"2024-07-08T13:43:03","slug":"nt2016","status":"publish","type":"page","link":"https:\/\/sites.uel.br\/novostalentos\/nt2016\/","title":{"rendered":"NT 2016"},"content":{"rendered":"\n<div style=\"height:40px\" aria-hidden=\"true\" class=\"wp-block-spacer\"><\/div>\n\n\n\n<div class=\"wp-block-buttons is-content-justification-left is-layout-flex wp-container-core-buttons-is-layout-fdcfc74e wp-block-buttons-is-layout-flex\">\n<div class=\"wp-block-button is-style-outline is-style-outline--1\"><a class=\"wp-block-button__link wp-element-button\" href=\"https:\/\/photos.app.goo.gl\/UK87ALFhwV4bnzLT9\" target=\"_blank\" rel=\"noreferrer noopener\"><strong>\u00c1lbum de fotos do NT 2016<\/strong><\/a><\/div>\n<\/div>\n\n\n\n<div style=\"height:40px\" aria-hidden=\"true\" class=\"wp-block-spacer\"><\/div>\n\n\n\n<p><strong>PROJETO NOVOS TALENTOS &#8211; 2016<\/strong><\/p>\n\n\n\n<figure class=\"wp-block-image\"><img decoding=\"async\" src=\"http:\/\/www.uel.br\/ccb\/histologia\/portal\/pages\/arquivos\/NT2016.jpg\" alt=\"\" \/><\/figure>\n\n\n\n<hr class=\"wp-block-separator has-alpha-channel-opacity\" \/>\n\n\n\n<p><strong><a href=\"https:\/\/www.uel.br\/ccb\/novostalentos\/pages\/nt-anteriores\/[wblink90]\"><u><\/u><\/a><\/strong><\/p>\n\n\n\n<p><strong><a href=\"https:\/\/www.uel.br\/ccb\/novostalentos\/pages\/nt-anteriores\/[wblink90]\" target=\"_blank\" rel=\"noreferrer noopener\"><u>Resultado da Sele\u00e7\u00e3o dos Estudantes<\/u><\/a><\/strong><\/p>\n\n\n\n<p><strong><a href=\"https:\/\/www.uel.br\/ccb\/novostalentos\/pages\/nt-anteriores\/[wblink90]\" target=\"_blank\" rel=\"noreferrer noopener\"><u>1\u00aa e 2\u00aa chamadas: CLIQUE AQUI<\/u><\/a><\/strong><\/p>\n\n\n\n<hr class=\"wp-block-separator has-alpha-channel-opacity\" \/>\n\n\n\n<p><strong>Vagas:<\/strong>&nbsp;150 vagas<\/p>\n\n\n\n<p><strong>Datas:<\/strong>&nbsp;aos s\u00e1bados, dias: 24 de setembro, 01, 08, 15 e 29 de outubro de 2016.&nbsp;<\/p>\n\n\n\n<p><strong>Hor\u00e1rios:<\/strong><strong>&nbsp;<\/strong>das 8h \u00e0s 17h, com uma hora de almo\u00e7o.<\/p>\n\n\n\n<p><strong>Valor da inscri\u00e7\u00e3o:<\/strong>&nbsp;R$ 5,00 (apenas referente ao certificado de participa\u00e7\u00e3o, expedido pela PROEX)<\/p>\n\n\n\n<p><strong>Datas Importantes:<\/strong><\/p>\n\n\n\n<p><strong>&#8211;&nbsp;Inscri\u00e7\u00f5es:<\/strong>&nbsp;at\u00e9 11\/09\/2016<\/p>\n\n\n\n<p><strong>&#8211;&nbsp;Sele\u00e7\u00e3o:<\/strong>&nbsp;de 12 a 13\/09\/2016<\/p>\n\n\n\n<p><strong>&#8211;&nbsp;Divulga\u00e7\u00e3o de resultados das sele\u00e7\u00f5es:&nbsp;<\/strong><\/p>\n\n\n\n<p>&nbsp; &#8211; 14\/09\/2016 (1\u00aa chamada) &#8211; Confirma\u00e7\u00f5es: 14 a 16\/09\/2016 (at\u00e9 \u00e0s 12 h)<\/p>\n\n\n\n<p>&nbsp; &#8211; 16\/09\/2016 (2\u00aa chamada) \u00e0s 17 horas &#8211; Confirma\u00e7\u00f5es 16 a 19\/09\/2016 (at\u00e9 \u00e0s 12 h)<\/p>\n\n\n\n<p>&nbsp; &nbsp; Caso seja necess\u00e1rio: 19\/09\/2016 (3a chamada), \u00e0s 17 h.<\/p>\n\n\n\n<p><strong>Programa\u00e7\u00e3o:<\/strong><\/p>\n\n\n\n<p>&#8211; Conhecendo a anatomia dos animais e do homem;<\/p>\n\n\n\n<p>&#8211; Microscopia e Biologia Celular: o que \u00e9 invis\u00edvel aos nossos olhos;<\/p>\n\n\n\n<p>&#8211; Neuroci\u00eancia;<\/p>\n\n\n\n<p>&#8211; Sistema Reprodutor: o come\u00e7o de tudo;<\/p>\n\n\n\n<p>&#8211; Zoonoses: doen\u00e7as compartilhadas entre animais e humanos.<\/p>\n\n\n\n<p><strong>Avisos muito importantes:<\/strong><\/p>\n\n\n\n<p>&#8211;&nbsp;todo o processo de Inscri\u00e7\u00e3o e Divulga\u00e7\u00e3o dos Resultados ocorrer\u00e1 atrav\u00e9s&nbsp;deste site e da fanpage do Projeto no Facebook&nbsp;<a href=\"https:\/\/www.facebook.com\/ProjetoNovosTalentosHistologiaAnatomia\/\" target=\"_blank\" rel=\"noreferrer noopener\"><u>www.facebook.com\/ProjetoNovosTalentosHistologiaAnatomia<\/u><\/a><\/p>\n\n\n\n<p>&#8211; Os estudantes selecionados ser\u00e3o contactados por&nbsp;<strong>E-MAIL<\/strong>&nbsp;e dever\u00e3o apresentar a Declara\u00e7\u00e3o de Autoriza\u00e7\u00e3o (que ser\u00e1 enviada tamb\u00e9m por e-mail), assinado pelo respons\u00e1vel, no primeiro dia das Oficinas (24\/09\/2016)<\/p>\n\n\n\n<p>&#8211; OS ESTUDANTES SELECIONADOS DEVER\u00c3O FREQUENTAR OS CINCO S\u00c1BADOS PARA TEREM DIREITO A RECEBER CERTIFICADO. N\u00c3O PODER\u00c1 OCORRER FALTA EM NENHUM DOS DIAS!<\/p>\n\n\n\n<p><strong>Mais informa\u00e7\u00f5es:<\/strong><\/p>\n\n\n\n<p><strong>&#8211; Coordenador:<\/strong>&nbsp;Prof. Dr. Eduardo Jos\u00e9 de Almeida Ara\u00fajo &#8211; Fone: (43) 3371 5498<\/p>\n\n\n\n<p><strong>&#8211; Vice-coordenador:<\/strong>&nbsp;Prof. Dr. F\u00e1bio Goulart de Andrade &#8211; Fone: (43) 3371 4583<\/p>\n\n\n\n<p>Curta nossa p\u00e1gina no&nbsp;<a target=\"_blank\" href=\"http:\/\/www.facebook.com\/ProjetoNovosTalentosHistologiaAnatomia\" rel=\"noreferrer noopener\"><u>Facebook<\/u><\/a><a target=\"_blank\" href=\"http:\/\/www.facebook.com\/ProjetoNovosTalentosHistologiaAnatomia\" rel=\"noreferrer noopener\"><\/a><\/p>\n\n\n\n<hr class=\"wp-block-separator has-alpha-channel-opacity\" \/>\n\n\n\n<p><strong>RESULTADO DA SELE\u00c7\u00c3O PARA PARTICIPA\u00c7\u00c3O NA OFICINA &#8211; 2016<\/strong><\/p>\n\n\n\n<p><strong>2\u00aa CHAMADA<\/strong><\/p>\n\n\n\n<p>1) Veja se seu nome consta na lista de&nbsp;<strong>ESTUDANTES&nbsp;SELECIONADOS<\/strong>&nbsp;abaixo.<\/p>\n\n\n\n<p>2) Se sim, voc\u00ea foi selecionado mas ter\u00e1 que&nbsp;<strong><a href=\"https:\/\/docs.google.com\/forms\/d\/12TQMSB3eJiT2RGnuQ91OyyOlaBDqW16W2Xv7XMtWGug\/viewform?edit_requested=true\" target=\"_blank\" rel=\"noreferrer noopener\">CONFIRMAR<\/a>&nbsp;<\/strong>sua participa\u00e7\u00e3o at\u00e9 o dia&nbsp;<strong>19<\/strong><strong>\/09\/2016, \u00e0s 12h<\/strong>.&nbsp;Se voc\u00ea n\u00e3o&nbsp;<strong><a href=\"https:\/\/docs.google.com\/forms\/d\/12TQMSB3eJiT2RGnuQ91OyyOlaBDqW16W2Xv7XMtWGug\/viewform?edit_requested=true\" target=\"_blank\" rel=\"noreferrer noopener\">confirmar<\/a>&nbsp;<\/strong>sua participa\u00e7\u00e3o dentro deste prazo, voc\u00ea estar\u00e1 automaticamente desclassificado e outra pessoa ser\u00e1 chamada para sua vaga.<\/p>\n\n\n\n<p>3) Se seu nome n\u00e3o consta na linha abaixo, aguarde pois h\u00e1 possiblidade de fazermos uma 3\u00aa chamada, caso algum selecionado n\u00e3o confirme a participa\u00e7\u00e3o na oficina.<\/p>\n\n\n\n<p>4) Se voc\u00ea foi selecionado e confirmou sua participa\u00e7\u00e3o, no primeiro dia oficina&nbsp;<strong>(24\/09\/16 \u00e0s 8h)&nbsp;<\/strong>voc\u00ea dever\u00e1 entregar uma&nbsp;<strong><a href=\"http:\/\/www.uel.br\/ccb\/histologia\/portal\/pages\/arquivos\/Declaracao%20para%20os%20SELECIONADOS%202015.pdf\" target=\"_blank\" rel=\"noreferrer noopener\">declara\u00e7\u00e3o&nbsp;<\/a><\/strong>dos seus pais (ou respons\u00e1veis) autorizando sua participa\u00e7\u00e3o. Para essa declara\u00e7\u00e3o voc\u00ea dever\u00e1 utilizar&nbsp;<strong><a href=\"http:\/\/www.uel.br\/ccb\/histologia\/portal\/pages\/arquivos\/Declaracao%20para%20os%20SELECIONADOS%202016.pdf\" target=\"_blank\" rel=\"noreferrer noopener\">ESTE DOCUMENTO<\/a><\/strong>.<\/p>\n\n\n\n<p><strong>ESTUDANTES SELECIONADOS &#8211; 2\u00aa CHAMADA<\/strong><\/p>\n\n\n\n<ol class=\"wp-block-list\">\n<li>Ana Carla da Silva Merlik<\/li>\n\n\n\n<li>Ana Clara Franzoni<\/li>\n\n\n\n<li>Ana Cl\u00e1udia Trece Rolin Nabor<\/li>\n\n\n\n<li>Anny Beatriz Lopes De Souza Carvalho<\/li>\n\n\n\n<li>Antonio Carlos Mazziero<\/li>\n\n\n\n<li>Augusto Teruo Yano<\/li>\n\n\n\n<li>Beatriz Mancini Oliveira<\/li>\n\n\n\n<li>Bianca Guise Ito<\/li>\n\n\n\n<li>Camila Signori<\/li>\n\n\n\n<li>Carlos Eduardo Evangelista Sales<\/li>\n\n\n\n<li>Caroline dos Santos Franchi de Oliveira<\/li>\n\n\n\n<li>Caroliny Aparecida Kozlik<\/li>\n\n\n\n<li>Cassiane Fernandes de Souza<\/li>\n\n\n\n<li>Emanuelle Kathlen Alves<\/li>\n\n\n\n<li>Emily Leal Mendes<\/li>\n\n\n\n<li>Geovana do Prado dos Reis<\/li>\n\n\n\n<li>Giovana Larissa Machado<\/li>\n\n\n\n<li>Giovanna Keyse de Campos<\/li>\n\n\n\n<li>Helo\u00edsa Robusti<\/li>\n\n\n\n<li>Isabela Leonel da Silva Pereira<\/li>\n\n\n\n<li>Izabela Torrecillas Pinha<\/li>\n\n\n\n<li>Jade Maria Bernardes Bellan\u00e7on<\/li>\n\n\n\n<li>Jhenyffer Caroline de lima marcal<\/li>\n\n\n\n<li>J\u00falio C\u00e9sar da Silva Mendes<\/li>\n\n\n\n<li>Kayla Beatriz de Souza<\/li>\n\n\n\n<li>Larissa Cristina Gimenes da Silva<\/li>\n\n\n\n<li>Larissa Nascimento Rosa<\/li>\n\n\n\n<li>Lorena Alc\u00e2ntara Campos<\/li>\n\n\n\n<li>Luana de Oliveira Prestes<\/li>\n\n\n\n<li>Lucas Montanini da Silva.<\/li>\n\n\n\n<li>Marcela Lima Martins<\/li>\n\n\n\n<li>Mariana Da Silva Paiva Passos<\/li>\n\n\n\n<li>Milena da Cruz Ferreira<\/li>\n\n\n\n<li>Mirian dos Santos Inacio<\/li>\n\n\n\n<li>Mylena de Almeida Reis<\/li>\n\n\n\n<li>Priscila Maria Cortellassi<\/li>\n\n\n\n<li>Rafael Matheus Guerreiro<\/li>\n\n\n\n<li>Rafaela Cassia Souza Campos<\/li>\n\n\n\n<li>Rafaela Veronezi Duarte Faria<\/li>\n\n\n\n<li>Rhafaela Rosa Fernandes<\/li>\n\n\n\n<li>Saido Nakahodo<\/li>\n\n\n\n<li>Sofia Raboni<\/li>\n\n\n\n<li>Stephanie Salgado<\/li>\n\n\n\n<li>Thais Christine de Oliveira da Silva<\/li>\n\n\n\n<li>Vict\u00f3ria Gabriele Fran\u00e7a Vieira<\/li>\n<\/ol>\n\n\n\n<p><strong><u><strong><a href=\"https:\/\/docs.google.com\/forms\/d\/e\/1FAIpQLSfrSH13MB6h6WvmVN1sXQGvVJ4jQvUd65sJ35f6MVc3chVCoA\/viewform\" target=\"_blank\" rel=\"noreferrer noopener\">SE VOC\u00ca FOI SELECIONADO<\/a><\/strong><\/u><\/strong><\/p>\n\n\n\n<p><strong><u><strong><a href=\"https:\/\/docs.google.com\/forms\/d\/e\/1FAIpQLSfrSH13MB6h6WvmVN1sXQGvVJ4jQvUd65sJ35f6MVc3chVCoA\/viewform\" target=\"_blank\" rel=\"noreferrer noopener\">\u00c9 NECESS\u00c1RIO QUE VOC\u00ca<\/a><\/strong><\/u><\/strong><\/p>\n\n\n\n<p><strong><u><strong><a href=\"https:\/\/docs.google.com\/forms\/d\/e\/1FAIpQLSfrSH13MB6h6WvmVN1sXQGvVJ4jQvUd65sJ35f6MVc3chVCoA\/viewform\" target=\"_blank\" rel=\"noreferrer noopener\">CONFIRME SUA PARTICIPA\u00c7\u00c3<\/a>O,<\/strong><\/u><\/strong><\/p>\n\n\n\n<p><strong><u><strong>CLICANDO AQUI<\/strong><\/u><\/strong><\/p>\n\n\n\n<hr class=\"wp-block-separator has-alpha-channel-opacity\" \/>\n\n\n\n<p><strong>1\u00aa CHAMADA<\/strong><\/p>\n\n\n\n<p>1) Veja se seu nome consta na lista de&nbsp;<strong>ESTUDANTES&nbsp;SELECIONADOS<\/strong>&nbsp;abaixo.<\/p>\n\n\n\n<p>2) Se sim, voc\u00ea foi selecionado mas ter\u00e1 que&nbsp;<strong><a href=\"https:\/\/docs.google.com\/forms\/d\/12TQMSB3eJiT2RGnuQ91OyyOlaBDqW16W2Xv7XMtWGug\/viewform?edit_requested=true\" target=\"_blank\" rel=\"noreferrer noopener\">CONFIRMAR<\/a>&nbsp;<\/strong>sua participa\u00e7\u00e3o at\u00e9 o dia&nbsp;<strong>16\/09\/2016, \u00e0s 12h<\/strong>.&nbsp;Se voc\u00ea n\u00e3o&nbsp;<strong><a href=\"https:\/\/docs.google.com\/forms\/d\/12TQMSB3eJiT2RGnuQ91OyyOlaBDqW16W2Xv7XMtWGug\/viewform?edit_requested=true\" target=\"_blank\" rel=\"noreferrer noopener\">confirmar<\/a>&nbsp;<\/strong>sua participa\u00e7\u00e3o dentro deste prazo, voc\u00ea estar\u00e1 automaticamente desclassificado e outra pessoa ser\u00e1 chamada para sua vaga.<\/p>\n\n\n\n<p>3) Se seu nome n\u00e3o consta na linha abaixo, aguarde pois h\u00e1 possiblidade de fazermos uma 2\u00aa chamada, caso algum selecionado n\u00e3o confirme a participa\u00e7\u00e3o na oficina.<\/p>\n\n\n\n<p>4) Se voc\u00ea foi selecionado e confirmou sua participa\u00e7\u00e3o, no primeiro dia oficina&nbsp;<strong>(24\/09\/16 \u00e0s 8h)&nbsp;<\/strong>voc\u00ea dever\u00e1 entregar uma&nbsp;<strong><a href=\"http:\/\/www.uel.br\/ccb\/histologia\/portal\/pages\/arquivos\/Declaracao%20para%20os%20SELECIONADOS%202015.pdf\" target=\"_blank\" rel=\"noreferrer noopener\">declara\u00e7\u00e3o&nbsp;<\/a><\/strong>dos seus pais (ou respons\u00e1veis) autorizando sua participa\u00e7\u00e3o. Para essa declara\u00e7\u00e3o voc\u00ea dever\u00e1 utilizar&nbsp;<strong><a href=\"http:\/\/www.uel.br\/ccb\/histologia\/portal\/pages\/arquivos\/Declaracao%20para%20os%20SELECIONADOS%202016.pdf\" target=\"_blank\" rel=\"noreferrer noopener\">ESTE DOCUMENTO<\/a><\/strong>.<\/p>\n\n\n\n<p>5) O n\u00famero total de vagas desta oficina foi distribu\u00eddo por escola, considerando seu IDEB e o n\u00famero total de inscri\u00e7\u00f5es enviadas; Escolas com menor IDEB e que enviaram maior n\u00famero de inscri\u00e7\u00f5es tenderam a ter mais vagas.&nbsp;<\/p>\n\n\n\n<p><strong><a href=\"https:\/\/docs.google.com\/forms\/d\/e\/1FAIpQLSfrSH13MB6h6WvmVN1sXQGvVJ4jQvUd65sJ35f6MVc3chVCoA\/viewform\" target=\"_blank\" rel=\"noreferrer noopener\"><u><strong>SE VOC\u00ca FOI SELECIONADO \u00c9 NECESS\u00c1RIO QUE VOC\u00ca CONFIRME SUA PARTICIPA\u00c7\u00c3O CLICANDO AQUI<\/strong><\/u><\/a><\/strong><\/p>\n\n\n\n<p>&nbsp;<strong>ESTUDANTES SELECIONADOS &#8211; 1\u00aa CHAMADA<\/strong><\/p>\n\n\n\n<ol class=\"wp-block-list\">\n<li>Adryan Eraldo De Santana<\/li>\n\n\n\n<li>Alexandre Costa Lopes<\/li>\n\n\n\n<li>Aline Gomes Mendes<\/li>\n\n\n\n<li>Allana Caroline Do Nascimento<\/li>\n\n\n\n<li>Amanda Da Silva Santos<\/li>\n\n\n\n<li>Amanda Macena De Lara<\/li>\n\n\n\n<li>Ana Antonia Lhewicheski<\/li>\n\n\n\n<li>Ana Beatriz Mendes<\/li>\n\n\n\n<li>Ana Beatriz Semcovici<\/li>\n\n\n\n<li>Ana Eloysa Clavero Leandro<\/li>\n\n\n\n<li>Ana Emanuelly Ferreira<\/li>\n\n\n\n<li>Ana Fl\u00e1via Carrilho Peres<\/li>\n\n\n\n<li>Ana Laura Bernardi Pariz<\/li>\n\n\n\n<li>Ana Maria De Lima Alves<\/li>\n\n\n\n<li>Ana Maria Evangelista<\/li>\n\n\n\n<li>Ana Paula Kadimura<\/li>\n\n\n\n<li>Ananda Miranda De Matos Pego<\/li>\n\n\n\n<li>Anariane Pereira Silva<\/li>\n\n\n\n<li>Andrew Cristhian Polo<\/li>\n\n\n\n<li>Anna Lu\u00edsa Ramalho Anderson<\/li>\n\n\n\n<li>Ariadne Mariane Garbossi Pinheiro<\/li>\n\n\n\n<li>Beatris Clavero Leandro<\/li>\n\n\n\n<li>Beatriz Da Silva Firmino De Sales<\/li>\n\n\n\n<li>Beatriz Dias Reis Paim<\/li>\n\n\n\n<li>Beatriz Yuri Shimada<\/li>\n\n\n\n<li>Bianca Furtado Belmiro<\/li>\n\n\n\n<li>Bruna Cordeiro Rosa Dos Anjos<\/li>\n\n\n\n<li>Bruna Cristina Ferraz Moreira<\/li>\n\n\n\n<li>Bruna Cristina Pagnan<\/li>\n\n\n\n<li>Bruna Franco Nanis<\/li>\n\n\n\n<li>Carla Cristina Cez\u00e1rio De Oliveira<\/li>\n\n\n\n<li>Carolina Andretta Vituri<\/li>\n\n\n\n<li>Cecilia Ramos Bacelar Tudino<\/li>\n\n\n\n<li>Cintia Cicilio De Souza<\/li>\n\n\n\n<li>Cl\u00e1udio Henrique Cabral Marsola<\/li>\n\n\n\n<li>Daniela Alice Ribeiro<\/li>\n\n\n\n<li>Daniela Monteiro Da Silva<\/li>\n\n\n\n<li>Dayane Gon\u00e7alves De Oliveira<\/li>\n\n\n\n<li>D\u00e9bora Carvalho De Godoy<\/li>\n\n\n\n<li>Edson Henrique Rosa Zarpellon<\/li>\n\n\n\n<li>Eduardo Dias Leandro<\/li>\n\n\n\n<li>Eloise Capocci Viotto<\/li>\n\n\n\n<li>Emanuelle Boiani Matozo<\/li>\n\n\n\n<li>Emily Caroline Dutra De Souza<\/li>\n\n\n\n<li>Emily Tamari Morais Da Silva<\/li>\n\n\n\n<li>Enzo Masuda Porto<\/li>\n\n\n\n<li>Felipe Velozo De Faria<\/li>\n\n\n\n<li>Fernanda Crociare<\/li>\n\n\n\n<li>Fernanda Rafaely Pinheiro Da Silva<\/li>\n\n\n\n<li>Fhaira Renata Moreira Barboza<\/li>\n\n\n\n<li>Flavia Flora Costa<\/li>\n\n\n\n<li>Flaviane Fernandes Garcia<\/li>\n\n\n\n<li>Gabriel Antonio F.G. Catarino<\/li>\n\n\n\n<li>Gabriel Aparecido Ladeia Astolphi<\/li>\n\n\n\n<li>Gabriel Igor Rafael<\/li>\n\n\n\n<li>Gabriel Mondek Oliveira<\/li>\n\n\n\n<li>Gabriela De Oliveira Barros<\/li>\n\n\n\n<li>Gabriela De Souza<\/li>\n\n\n\n<li>Gabriela Endo Ribeiro<\/li>\n\n\n\n<li>Gabrielli Dos Santos Pedrosa<\/li>\n\n\n\n<li>Gabriely Beatriz Adolfo<\/li>\n\n\n\n<li>Geovana Furtado Da Silva.<\/li>\n\n\n\n<li>Geovana Martelossi Cebinelli<\/li>\n\n\n\n<li>Giovana Faria De Oliveira<\/li>\n\n\n\n<li>Giovana Nascimento Maragno<\/li>\n\n\n\n<li>Giovanna Lapaz<\/li>\n\n\n\n<li>Helen Daurizio Ricardo<\/li>\n\n\n\n<li>Igor Gabriel Stabelini De Lima<\/li>\n\n\n\n<li>Ingryd Dutra Machado<\/li>\n\n\n\n<li>Isabela Alves De Alcantara<\/li>\n\n\n\n<li>Isabelle Ramos Besson<\/li>\n\n\n\n<li>Izabelli Carvalho Garbelini<\/li>\n\n\n\n<li>Jaqueline Leite Paschuetto<\/li>\n\n\n\n<li>Jeniffer Karolaine Guilherme Da Silva<\/li>\n\n\n\n<li>J\u00e9ssica Adriane Balan<\/li>\n\n\n\n<li>J\u00e9ssica Oliveira Araujo<\/li>\n\n\n\n<li>Jo\u00e3o Paulo Ossamu Nakanishi Filho<\/li>\n\n\n\n<li>Jo\u00e3o Victor Nogueira De Oliveira<\/li>\n\n\n\n<li>Joaquim Gabriel Miyoshi Ito Yamashita<\/li>\n\n\n\n<li>Julia Andrade Cerqueira<\/li>\n\n\n\n<li>J\u00falia Bonfim De Souza<\/li>\n\n\n\n<li>Julia Cabral Da Silva<\/li>\n\n\n\n<li>Julia Karoline Ferreira Valentim<\/li>\n\n\n\n<li>Julia Nicole Alves Silva<\/li>\n\n\n\n<li>Juliana Bazzoli<\/li>\n\n\n\n<li>Juliana Dos Santos Paiva<\/li>\n\n\n\n<li>Juliocesardasilvamendes<\/li>\n\n\n\n<li>Karoline Ramos Cazarim Da Silva<\/li>\n\n\n\n<li>Keren Romana Flora<\/li>\n\n\n\n<li>K\u00e9sia Rodrigues Da Silva<\/li>\n\n\n\n<li>Larissa Alves De Lima<\/li>\n\n\n\n<li>Larissa Dos Santos Barboza<\/li>\n\n\n\n<li>Larissa Pereira Da Silva Cavalari<\/li>\n\n\n\n<li>Larissa Teixeira Bogo<\/li>\n\n\n\n<li>Laryza Anately Aguiar Antonio<\/li>\n\n\n\n<li>Laura Azevedo<\/li>\n\n\n\n<li>Laura Gon\u00e7alves Fontes<\/li>\n\n\n\n<li>Let\u00edcia Da Silva Serrato<\/li>\n\n\n\n<li>Let\u00edcia Lacerda Maia<\/li>\n\n\n\n<li>Let\u00edcia Rodrigues Da Silva<\/li>\n\n\n\n<li>L\u00edvia Maria Fontolan Paduan Da Silva<\/li>\n\n\n\n<li>Lorena Correia Carvalho<\/li>\n\n\n\n<li>Lorena Maria Fernandes Da Silva<\/li>\n\n\n\n<li>Lorrana Ferreira Santana<\/li>\n\n\n\n<li>Lucas De Deus Lima<\/li>\n\n\n\n<li>Lucas De Oliveira Da Cruz<\/li>\n\n\n\n<li>Luciany Alves Gama<\/li>\n\n\n\n<li>Luiz Gabriel Pereira Sales<\/li>\n\n\n\n<li>Manoele Reis Oliveira<\/li>\n\n\n\n<li>Maria Clara De Sales Pacheco<\/li>\n\n\n\n<li>Maria Eduarda Benazzi De Oliveira<\/li>\n\n\n\n<li>Maria Fernanda De Paula Silveira<\/li>\n\n\n\n<li>Maria Izabella Borges Da Cunha<\/li>\n\n\n\n<li>Maria Julia De Moura<\/li>\n\n\n\n<li>Maria Regina Sardi Carlota<\/li>\n\n\n\n<li>Mateus Greg\u00f3rio Dos Santos<\/li>\n\n\n\n<li>Matheus Augusto Silva Theodoro<\/li>\n\n\n\n<li>Matheus Felipe Carvalho<\/li>\n\n\n\n<li>Matheus Pereira Pimenta Roncon<\/li>\n\n\n\n<li>Matheus Romanin Campos<\/li>\n\n\n\n<li>Monique Elen Robuste<\/li>\n\n\n\n<li>Naomy Tanaka Garcia<\/li>\n\n\n\n<li>Nat\u00e1lia Gon\u00e7alves<\/li>\n\n\n\n<li>Natalia Yukie Vicentin Toda<\/li>\n\n\n\n<li>Nathalia Caroline De Souza F\u00e1varo<\/li>\n\n\n\n<li>Nayara Suellen Karoline Dos Santos<\/li>\n\n\n\n<li>Nicolas Ranieri Garbosi<\/li>\n\n\n\n<li>Paula Leandra Endo Zeferino<\/li>\n\n\n\n<li>Pedro Henrique Assun\u00e7\u00e3o Fonseca<\/li>\n\n\n\n<li>Pedro Vinicius De Morais Capelari<\/li>\n\n\n\n<li>Rafael Maruchi Amorim<\/li>\n\n\n\n<li>Rafaela Vilela<\/li>\n\n\n\n<li>Raphaelle Proferis<\/li>\n\n\n\n<li>Raquel De Souza<\/li>\n\n\n\n<li>Renata Pereira<\/li>\n\n\n\n<li>Samuel Fernando Tavela Julio<\/li>\n\n\n\n<li>Sara Dienyfer Silva Oliveira<\/li>\n\n\n\n<li>Shirele Gomes De Oliveira<\/li>\n\n\n\n<li>Talysson Henrique Campos De Souza<\/li>\n\n\n\n<li>Tayline Da Silva Rodrigues<\/li>\n\n\n\n<li>Thais Yukari Kadimura<\/li>\n\n\n\n<li>Vict\u00f3ria Fernanda De Almeida Costa<\/li>\n\n\n\n<li>Vin\u00edcius Ferreira Louren\u00e7o<\/li>\n\n\n\n<li>Vitoria Fernanda De Almeida<\/li>\n\n\n\n<li>Vit\u00f3ria Vital Da Silva Rocha<\/li>\n\n\n\n<li>Vit\u00f3rya Alves De Souza<\/li>\n\n\n\n<li>Viviane Cristina Pereira Marciano<\/li>\n\n\n\n<li>Wellington Fernando<\/li>\n\n\n\n<li>William Batista Ferreira Moreira<\/li>\n\n\n\n<li>Yasmin Marques De Sousa<\/li>\n<\/ol>\n","protected":false},"excerpt":{"rendered":"<p>PROJETO NOVOS TALENTOS &#8211; 2016 Resultado da Sele\u00e7\u00e3o dos Estudantes 1\u00aa e 2\u00aa chamadas: CLIQUE AQUI Vagas:&nbsp;150 vagas Datas:&nbsp;aos s\u00e1bados, dias: 24 de setembro, 01, 08, 15 e 29 de outubro de 2016.&nbsp; Hor\u00e1rios:&nbsp;das 8h \u00e0s 17h, com uma hora de almo\u00e7o. Valor da inscri\u00e7\u00e3o:&nbsp;R$ 5,00 (apenas referente ao certificado de participa\u00e7\u00e3o, expedido pela PROEX) [&hellip;]<\/p>\n","protected":false},"author":7,"featured_media":0,"parent":0,"menu_order":0,"comment_status":"closed","ping_status":"closed","template":"","meta":{"_acf_changed":false,"footnotes":""},"class_list":["post-222","page","type-page","status-publish","hentry"],"acf":[],"_links":{"self":[{"href":"https:\/\/sites.uel.br\/novostalentos\/wp-json\/wp\/v2\/pages\/222","targetHints":{"allow":["GET"]}}],"collection":[{"href":"https:\/\/sites.uel.br\/novostalentos\/wp-json\/wp\/v2\/pages"}],"about":[{"href":"https:\/\/sites.uel.br\/novostalentos\/wp-json\/wp\/v2\/types\/page"}],"author":[{"embeddable":true,"href":"https:\/\/sites.uel.br\/novostalentos\/wp-json\/wp\/v2\/users\/7"}],"replies":[{"embeddable":true,"href":"https:\/\/sites.uel.br\/novostalentos\/wp-json\/wp\/v2\/comments?post=222"}],"version-history":[{"count":6,"href":"https:\/\/sites.uel.br\/novostalentos\/wp-json\/wp\/v2\/pages\/222\/revisions"}],"predecessor-version":[{"id":304,"href":"https:\/\/sites.uel.br\/novostalentos\/wp-json\/wp\/v2\/pages\/222\/revisions\/304"}],"wp:attachment":[{"href":"https:\/\/sites.uel.br\/novostalentos\/wp-json\/wp\/v2\/media?parent=222"}],"curies":[{"name":"wp","href":"https:\/\/api.w.org\/{rel}","templated":true}]}}