{"id":218,"date":"2024-07-06T18:37:34","date_gmt":"2024-07-06T21:37:34","guid":{"rendered":"https:\/\/sites.uel.br\/novostalentos\/?page_id=218"},"modified":"2024-07-08T10:47:48","modified_gmt":"2024-07-08T13:47:48","slug":"nt20171","status":"publish","type":"page","link":"https:\/\/sites.uel.br\/novostalentos\/nt20171\/","title":{"rendered":"NT 2017\/1"},"content":{"rendered":"\n<div style=\"height:40px\" aria-hidden=\"true\" class=\"wp-block-spacer\"><\/div>\n\n\n\n<div class=\"wp-block-buttons is-content-justification-left is-layout-flex wp-container-core-buttons-is-layout-fdcfc74e wp-block-buttons-is-layout-flex\">\n<div class=\"wp-block-button is-style-outline is-style-outline--1\"><a class=\"wp-block-button__link wp-element-button\" href=\"https:\/\/photos.app.goo.gl\/WXvyDqMZDRSM1CyE9\" target=\"_blank\" rel=\"noreferrer noopener\"><strong>\u00c1lbum de fotos do NT 2017<\/strong><\/a><\/div>\n<\/div>\n\n\n\n<div style=\"height:40px\" aria-hidden=\"true\" class=\"wp-block-spacer\"><\/div>\n\n\n\n<p><strong>PROJETO NOVOS TALENTOS &#8211; 2017<\/strong><\/p>\n\n\n\n<p>&nbsp;V\u00e1 at\u00e9 o final da p\u00e1gina e conhe\u00e7a as oficinas deste ano!<\/p>\n\n\n\n<p><strong><a href=\"http:\/\/www.uel.br\/ccb\/histologia\/portal\/pages\/arquivos\/NT2017_Resultado_Selecao_1chamada.pdf\"><u>RESULTADO DA SELE\u00c7\u00c3O DAS OFICINAS<\/u><\/a><\/strong><strong>&nbsp;<\/strong><\/p>\n\n\n\n<p><a href=\"http:\/\/www.uel.br\/ccb\/histologia\/portal\/pages\/arquivos\/NT2017_Declaracao_alunos.pdf\"><u><strong>Declara\u00e7\u00e3o que os ALUNOS dever\u00e3o trazer no dia 03 de junho de 2017<\/strong><\/u><\/a><\/p>\n\n\n\n<p>\u00c9 NECESS\u00c1RIO CONFIRMAR A PARTICIPA\u00c7\u00c3O NAS OFICINAS, atrav\u00e9s do formul\u00e1rio eletr\u00f4nico:&nbsp;<a href=\"https:\/\/docs.google.com\/forms\/d\/e\/1FAIpQLSfrSH13MB6h6WvmVN1sXQGvVJ4jQvUd65sJ35f6MVc3chVCoA\/viewform?usp=sf_link\"><u>https:\/\/docs.google.com\/\u2026\/1FAIpQLSfrSH13MB6h6WvmV\u2026\/viewform\u2026<\/u><\/a><\/p>\n\n\n\n<p>Confirma\u00e7\u00f5es at\u00e9 30 de maio (ter\u00e7a-feira)&#8230; caso nem todos confirmem, haver\u00e1 Segunda Chamada! Qualquer d\u00favida, entrem em contato com a Coordena\u00e7\u00e3o!<\/p>\n\n\n\n<p>Parab\u00e9ns aos selecionados!!&nbsp;<\/p>\n\n\n\n<hr class=\"wp-block-separator has-alpha-channel-opacity\" \/>\n\n\n\n<figure class=\"wp-block-image\"><img decoding=\"async\" src=\"http:\/\/www.uel.br\/ccb\/histologia\/portal\/pages\/arquivos\/NT17%20-%20DCH.jpg\" alt=\"\" \/><\/figure>\n\n\n\n<p><em>7\u00aa Oficina Desvendando o Corpo Humano<\/em><\/p>\n\n\n\n<p><em>Oferecida em cinco s\u00e1bados consecutivos (8 horas por dia), totalizando 40 horas de atividades.<\/em><\/p>\n\n\n\n<p><em>Esta oficina envolver\u00e1 5 tem\u00e1ticas: Anatomia Comparada, Biologia Celular e Histologia, Neuroci\u00eancia, Sistema Reprodutor e Sexualidade e Zoonoses.<\/em><\/p>\n\n\n\n<p><strong>P\u00fablico-alvo:&nbsp;<\/strong><strong>alunos&nbsp;<\/strong>matriculados entre o 8\u00b0 ano do Ensino Fundamental ao 3\u00b0 ano do Ensino M\u00e9dio de escolas p\u00fablicas de Londrina e regi\u00e3o.<\/p>\n\n\n\n<p><strong>Datas:<\/strong>&nbsp;03, 10, 17 e 24 de junho e 01 de julho<\/p>\n\n\n\n<p><strong>Hor\u00e1rio:<\/strong>&nbsp;das 8h \u00e0s 17h<\/p>\n\n\n\n<p><strong>Inscri\u00e7\u00f5es<\/strong>: at\u00e9 30 de abril<\/p>\n\n\n\n<p><strong>Resultado:<\/strong>&nbsp;at\u00e9 26 de maio<\/p>\n\n\n\n<p><strong>Vagas:<\/strong>&nbsp;125<\/p>\n\n\n\n<p><strong>Valor:<\/strong>&nbsp;R$ 5,00 (apenas referente ao certificado emitido pela PROEX)<\/p>\n\n\n\n<hr class=\"wp-block-separator has-alpha-channel-opacity\" \/>\n\n\n\n<figure class=\"wp-block-image\"><img decoding=\"async\" src=\"http:\/\/www.uel.br\/ccb\/histologia\/portal\/pages\/arquivos\/NT17%20-%20GMA.jpg\" alt=\"\" \/><\/figure>\n\n\n\n<p><em>Oficina Gen\u00e9tica e Meio Ambiente<br>Oferecida em cinco s\u00e1bados consecutivos (8 horas por dia), totalizando 40 horas de atividades. Envolver\u00e1 2 tem\u00e1ticas: a) Gen\u00e9tica: como nossas caracter\u00edsticas e doen\u00e7as podem ser transmitidas de pais para filhos; b) Educa\u00e7\u00e3o Ambiental: como preservar a natureza e o mundo que nos cerca.<\/em><\/p>\n\n\n\n<p><strong>P\u00fablico-alvo:<\/strong>&nbsp;<strong>alunos<\/strong>&nbsp;matriculados entre o 1\u00b0 e o 3\u00b0 ano do Ensino M\u00e9dio de escolas p\u00fablicas de Londrina e regi\u00e3o.<br><strong>Datas:<\/strong>&nbsp;03, 10, 17 e 24 de junho e 01 de julho<br><strong>Hor\u00e1rio:<\/strong>&nbsp;das 8h \u00e0s 17h<br><strong>Inscri\u00e7\u00f5es:<\/strong>&nbsp;at\u00e9 30 de abril<br><strong>Resultado:<\/strong>&nbsp;at\u00e9 26 de maio<br><strong>Vagas:<\/strong>&nbsp;25<br><strong>Valor:<\/strong>&nbsp;R$ 5,00 (apenas referente ao certificado emitido pela PROEX)<\/p>\n\n\n\n<hr class=\"wp-block-separator has-alpha-channel-opacity\" \/>\n\n\n\n<figure class=\"wp-block-image\"><img decoding=\"async\" src=\"http:\/\/www.uel.br\/ccb\/histologia\/portal\/pages\/arquivos\/NT17%20-%20PAHPEB.jpg\" alt=\"\" \/><\/figure>\n\n\n\n<p><em>4\u00aa Oficina Pr\u00e1ticas de Anatomia e Histologia para a Educa\u00e7\u00e3o B\u00e1sica<\/em><\/p>\n\n\n\n<p><em>Oferecida em cinco s\u00e1bados consecutivos (8 horas por dia), totalizando 40 horas de atividades, esta oficina visa oferecer treinamento para professores da Educa\u00e7\u00e3o B\u00e1sica, e utilizar\u00e1 um livro elaborado pelos docentes do Departamento de Anatomia e Histologia da UEL, com o intuito de oferecer sugest\u00f5es de aulas pr\u00e1ticas de baixo custo pra que os conte\u00fados de anatomia e histologia possam ser ministrados nas escolas de forma mais atrativa e concreta.<\/em><\/p>\n\n\n\n<p><strong>P\u00fablico-alvo:<\/strong>&nbsp;<strong>professores&nbsp;<\/strong>de Ci\u00eancias e Biologia (Ensino Fundamental e M\u00e9dio) de escolas p\u00fablicas de Londrina e regi\u00e3o.<\/p>\n\n\n\n<p><strong>Datas:&nbsp;<\/strong>03, 10, 17 e 24 de junho e 01 de julho<\/p>\n\n\n\n<p><strong>Hor\u00e1rio:<\/strong>&nbsp;das 8h \u00e0s 17h<\/p>\n\n\n\n<p><strong>Inscri\u00e7\u00f5es:<\/strong>&nbsp;at\u00e9 30 de abril<\/p>\n\n\n\n<p><strong>Resultado:<\/strong>&nbsp;at\u00e9 26 de maio<\/p>\n\n\n\n<p><strong>Vagas:<\/strong>&nbsp;25<\/p>\n","protected":false},"excerpt":{"rendered":"<p>PROJETO NOVOS TALENTOS &#8211; 2017 &nbsp;V\u00e1 at\u00e9 o final da p\u00e1gina e conhe\u00e7a as oficinas deste ano! RESULTADO DA SELE\u00c7\u00c3O DAS OFICINAS&nbsp; Declara\u00e7\u00e3o que os ALUNOS dever\u00e3o trazer no dia 03 de junho de 2017 \u00c9 NECESS\u00c1RIO CONFIRMAR A PARTICIPA\u00c7\u00c3O NAS OFICINAS, atrav\u00e9s do formul\u00e1rio eletr\u00f4nico:&nbsp;https:\/\/docs.google.com\/\u2026\/1FAIpQLSfrSH13MB6h6WvmV\u2026\/viewform\u2026 Confirma\u00e7\u00f5es at\u00e9 30 de maio (ter\u00e7a-feira)&#8230; caso nem todos [&hellip;]<\/p>\n","protected":false},"author":7,"featured_media":0,"parent":0,"menu_order":0,"comment_status":"closed","ping_status":"closed","template":"","meta":{"_acf_changed":false,"footnotes":""},"class_list":["post-218","page","type-page","status-publish","hentry"],"acf":[],"_links":{"self":[{"href":"https:\/\/sites.uel.br\/novostalentos\/wp-json\/wp\/v2\/pages\/218","targetHints":{"allow":["GET"]}}],"collection":[{"href":"https:\/\/sites.uel.br\/novostalentos\/wp-json\/wp\/v2\/pages"}],"about":[{"href":"https:\/\/sites.uel.br\/novostalentos\/wp-json\/wp\/v2\/types\/page"}],"author":[{"embeddable":true,"href":"https:\/\/sites.uel.br\/novostalentos\/wp-json\/wp\/v2\/users\/7"}],"replies":[{"embeddable":true,"href":"https:\/\/sites.uel.br\/novostalentos\/wp-json\/wp\/v2\/comments?post=218"}],"version-history":[{"count":6,"href":"https:\/\/sites.uel.br\/novostalentos\/wp-json\/wp\/v2\/pages\/218\/revisions"}],"predecessor-version":[{"id":307,"href":"https:\/\/sites.uel.br\/novostalentos\/wp-json\/wp\/v2\/pages\/218\/revisions\/307"}],"wp:attachment":[{"href":"https:\/\/sites.uel.br\/novostalentos\/wp-json\/wp\/v2\/media?parent=218"}],"curies":[{"name":"wp","href":"https:\/\/api.w.org\/{rel}","templated":true}]}}