{"id":99,"date":"2025-09-27T14:07:47","date_gmt":"2025-09-27T17:07:47","guid":{"rendered":"https:\/\/sites.uel.br\/ninter\/?page_id=99"},"modified":"2025-11-17T17:08:26","modified_gmt":"2025-11-17T20:08:26","slug":"projetos","status":"publish","type":"page","link":"https:\/\/sites.uel.br\/ninter\/projetos\/","title":{"rendered":"Projetos Vinculados"},"content":{"rendered":"\n<div style=\"height:20px\" aria-hidden=\"true\" class=\"wp-block-spacer\"><\/div>\n\n\n\n<p class=\"has-text-align-center\">Conhe\u00e7a as frentes de pesquisa, extens\u00e3o e ensino desenvolvidas pelo NINTER. Nossos projetos buscam aplicar o conhecimento acad\u00eamico para gerar solu\u00e7\u00f5es inovadoras e impacto positivo na sociedade.<\/p>\n\n\n\n<div style=\"height:40px\" aria-hidden=\"true\" class=\"wp-block-spacer\"><\/div>\n\n\n\n<h2 class=\"wp-block-heading has-text-align-center\">PROJETOS EM EXECU\u00c7\u00c3O<\/h2>\n\n\n\n<div style=\"height:20px\" aria-hidden=\"true\" class=\"wp-block-spacer\"><\/div>\n\n\n\n<details class=\"wp-block-details is-layout-flow wp-block-details-is-layout-flow\"><summary><strong><strong><strong><strong>CONTRIBUI\u00c7\u00c3O \u00c0 AN\u00c1LISE DE RECURSOS DE MULTAS AMBIENTAIS JUNTO AO CONSELHO MUNICIPAL DO AMBIENTE DE LONDRINA-PR<\/strong><\/strong><\/strong><\/strong><\/summary>\n<blockquote class=\"wp-block-quote is-layout-flow wp-block-quote-is-layout-flow\">\n<p>Seu principal prop\u00f3sito \u00e9 contribuir com a an\u00e1lise de recursos interpostos em fase das multas ambientais aplicadas pela Secretara Municipal do Ambiente de Londrina-PR.<\/p>\n\n\n\n<p><strong>Coordena\u00e7\u00e3o:<\/strong> Prof. Dr. Miguel Etinger de Ara\u00fajo J\u00fanior<br><strong>In\u00edcio:<\/strong> Agosto de 2023<\/p>\n<\/blockquote>\n<\/details>\n\n\n\n<div style=\"height:10px\" aria-hidden=\"true\" class=\"wp-block-spacer\"><\/div>\n\n\n\n<details class=\"wp-block-details is-layout-flow wp-block-details-is-layout-flow\"><summary><strong>INOVA\u00c7\u00c3O E SUSTENTABILIDADE EM SISTEMAS DE GEST\u00c3O DE RES\u00cdDUOS S\u00d3LIDOS<\/strong><\/summary>\n<blockquote class=\"wp-block-quote is-layout-flow wp-block-quote-is-layout-flow\">\n<p>Visa desenvolver, coletivamente e de forma interdisciplinar, solu\u00e7\u00f5es metodol\u00f3gicas de sistema, produto, servi\u00e7o, processo e comunica\u00e7\u00e3o para solucionar problemas de gest\u00e3o de res\u00edduos em munic\u00edpios da regi\u00e3o de Londrina-PR, buscando melhor desempenho t\u00e9cnico, econ\u00f4mico, ambiental e social.<\/p>\n\n\n\n<p><strong>Coordena\u00e7\u00e3o:<\/strong> Prof\u00aa. Dr\u00aa. Lilian Aligleri <br><strong>In\u00edcio:<\/strong> Mar\u00e7o de 2022<\/p>\n<\/blockquote>\n<\/details>\n\n\n\n<div style=\"height:10px\" aria-hidden=\"true\" class=\"wp-block-spacer\"><\/div>\n\n\n\n<details class=\"wp-block-details is-layout-flow wp-block-details-is-layout-flow\"><summary><strong><strong>LONARTE<\/strong><\/strong><\/summary>\n<blockquote class=\"wp-block-quote is-layout-flow wp-block-quote-is-layout-flow\">\n<p>Seu principal prop\u00f3sito \u00e9 a gera\u00e7\u00e3o de renda e bem-estar social de dois grupos de costureiros localizados em dois distritos da regi\u00e3o metropolitana de Londrina-PR, em situa\u00e7\u00e3o de vulnerabilidade social, a partir de demandas de trabalhos de costura, fabricados em lona residual.<\/p>\n\n\n\n<p><strong>Coordena\u00e7\u00e3o:<\/strong> Prof\u00aa. Dr\u00aa. Camila Santos Doubek Lopes<br><strong>In\u00edcio:<\/strong> Junho de 2020<\/p>\n<\/blockquote>\n<\/details>\n\n\n\n<div style=\"height:10px\" aria-hidden=\"true\" class=\"wp-block-spacer\"><\/div>\n\n\n\n<details class=\"wp-block-details is-layout-flow wp-block-details-is-layout-flow\"><summary><strong>PROJETO MUDA: REAPROVEITAMENTO DE EMBALAGENS CIR\u00daRGICAS PARA FABRICA\u00c7\u00c3O DE PRODUTOS MANUFATURADOS COM SUSTENTABILIDADE E RESSOCIALIZA\u00c7\u00c3O PARA APENADOS<\/strong><\/summary>\n<blockquote class=\"wp-block-quote is-layout-flow wp-block-quote-is-layout-flow\">\n<p>Visa confeccionar produtos manufaturados para uso dos pacientes do hospital universit\u00e1rio da Universidade Estadual de Lonrina a partir do reaproveitamento de SMS de embalagens cir\u00fargicas.<\/p>\n\n\n\n<p><strong>Coordena\u00e7\u00e3o:<\/strong> Prof\u00aa. Dr\u00aa. Danielly Negr\u00e3o Gassu<br><strong>In\u00edcio:<\/strong> Outubro de 2021<\/p>\n<\/blockquote>\n<\/details>\n\n\n\n<div style=\"height:10px\" aria-hidden=\"true\" class=\"wp-block-spacer\"><\/div>\n\n\n\n<details class=\"wp-block-details is-layout-flow wp-block-details-is-layout-flow\"><summary><strong><strong>SALA VERDE SIBIPIRUNA: EXTENS\u00c3O, PESQUISA E EDUCA\u00c7\u00c3O AMBIENTAL<\/strong><\/strong><\/summary>\n<blockquote class=\"wp-block-quote is-layout-flow wp-block-quote-is-layout-flow\">\n<p>Seu principal prop\u00f3sito \u00e9 atuar como espa\u00e7o de informa\u00e7\u00e3o, organiza\u00e7\u00e3o e a\u00e7\u00e3o socioambiental da sociedade no enfrentamento das problem\u00e1ticas ambientais.<\/p>\n\n\n\n<p><strong>Coordena\u00e7\u00e3o:<\/strong> Prof\u00aa. Dr\u00aa. Patr\u00edcia de Oliveira Rosa da Silva<br><strong>In\u00edcio:<\/strong> Agosto de 2018<\/p>\n<\/blockquote>\n<\/details>\n\n\n\n<div style=\"height:10px\" aria-hidden=\"true\" class=\"wp-block-spacer\"><\/div>\n\n\n\n<details class=\"wp-block-details is-layout-flow wp-block-details-is-layout-flow\"><summary><strong><strong><strong>UEL COM MENOS PL\u00c1STICO<\/strong><\/strong><\/strong><\/summary>\n<blockquote class=\"wp-block-quote is-layout-flow wp-block-quote-is-layout-flow\">\n<p>Objetiva reduzir o uso de pl\u00e1sticos descart\u00e1veis como copos e canudos na Universidade Estadual de Londrina.<\/p>\n\n\n\n<p><strong>Coordena\u00e7\u00e3o:<\/strong> Prof\u00aa. Dr\u00aa. Edin\u00e9ia Vilanova Grizio Orita<br><strong>In\u00edcio:<\/strong> Outubro de 2019<\/p>\n<\/blockquote>\n<\/details>\n\n\n\n<div style=\"height:10px\" aria-hidden=\"true\" class=\"wp-block-spacer\"><\/div>\n\n\n\n<div style=\"height:40px\" aria-hidden=\"true\" class=\"wp-block-spacer\"><\/div>\n\n\n\n<h2 class=\"wp-block-heading has-text-align-center\">PROJETOS FINALIZADOS<\/h2>\n\n\n\n<div style=\"height:20px\" aria-hidden=\"true\" class=\"wp-block-spacer\"><\/div>\n\n\n\n<div class=\"wp-block-group\"><div class=\"wp-block-group__inner-container is-layout-constrained wp-block-group-is-layout-constrained\">\n<details class=\"wp-block-details is-layout-flow wp-block-details-is-layout-flow\"><summary><strong>APROVEITAMENTO DE RES\u00cdDUOS ORG\u00c2NICOS E SUBPRODUTOS<\/strong><\/summary>\n<blockquote class=\"wp-block-quote is-layout-flow wp-block-quote-is-layout-flow\">\n<p>Visava a utiliza\u00e7\u00e3o de res\u00edduos pl\u00e1sticos n\u00e3o recicl\u00e1veis, misturados com diferentes res\u00edduos org\u00e2nicos, como substratos para crescimento de fungos.<br><br><strong>Coordena\u00e7\u00e3o:<\/strong> Prof. Dr. Luciano A. Panagio<br><strong>Finaliza\u00e7\u00e3o:<\/strong> Novembro de 2022<\/p>\n<\/blockquote>\n<\/details>\n\n\n\n<div style=\"height:10px\" aria-hidden=\"true\" class=\"wp-block-spacer\"><\/div>\n\n\n\n<details class=\"wp-block-details is-layout-flow wp-block-details-is-layout-flow\"><summary><strong><strong>LOG\u00cdSTICA REVERSA DE RES\u00cdDUOS T\u00caXTEIS INDUSTRIAIS E P\u00d3S CONSUMO: DESIGN APLICADO A SISTEMAS E SERVI\u00c7OS SUSTENT\u00c1VEIS E MODELOS DE NEG\u00d3CIOS<\/strong><\/strong><\/summary>\n<blockquote class=\"wp-block-quote is-layout-flow wp-block-quote-is-layout-flow\">\n<p>Aprofundou estudos anteriores, buscando a solu\u00e7\u00e3o de problemas ambientais a partir da inova\u00e7\u00e3o, entendida como gera\u00e7\u00e3o de valor, mas com foco espec\u00edfico na log\u00edstica reversa dos res\u00edduos t\u00eaxteis.<br><br><strong>Coordena\u00e7\u00e3o:<\/strong> Prof\u00aa. Dr\u00aa. Suzana Barreto Martins<br><strong>Finaliza\u00e7\u00e3o:<\/strong> Abriu de 2023<\/p>\n<\/blockquote>\n<\/details>\n\n\n\n<div style=\"height:10px\" aria-hidden=\"true\" class=\"wp-block-spacer\"><\/div>\n\n\n\n<details class=\"wp-block-details is-layout-flow wp-block-details-is-layout-flow\"><summary><strong>PROGRAMA DE RECICLAGEM DE BATERIAS DE \u00cdONS DE L\u00cdTIOS E DE PILHAS ALCALINAS DESCARTADAS\/ESGOTADAS<\/strong><\/summary>\n<blockquote class=\"wp-block-quote is-layout-flow wp-block-quote-is-layout-flow\">\n<p>O projeto dava continuidade ao programa de reciclagem de baterias descartadas de \u00edons de l\u00edtio, iniciado em 2010 e continuado ininterruptamente at\u00e9 o momento sob v\u00e1rios projetos espec\u00edficos. Nesse projeto, estendia-se a proposta de formula\u00e7\u00e3o de processos de reciclagem de baterias de \u00edons de l\u00edtio (bil\u2019s) descartadas, incluindo tamb\u00e9m a reciclagem de pilhas alcalinas esgotadas.<br><br><strong>Coordena\u00e7\u00e3o:<\/strong> Prof. Dr. Jair Scarminio<br><strong>Finaliza\u00e7\u00e3o:<\/strong> Novembro de 2024<\/p>\n<\/blockquote>\n<\/details>\n\n\n\n<div style=\"height:10px\" aria-hidden=\"true\" class=\"wp-block-spacer\"><\/div>\n\n\n\n<details class=\"wp-block-details is-layout-flow wp-block-details-is-layout-flow\"><summary><strong><strong>REESTRUTURA\u00c7\u00c3O DO SISTEMA DE GEST\u00c3O DE RES\u00cdDUOS DOMICILIARES DO MUNIC\u00cdPIO DE LONDRINA<\/strong><\/strong><\/summary>\n<blockquote class=\"wp-block-quote is-layout-flow wp-block-quote-is-layout-flow\">\n<p>Objetivou\u00a0contribuir com a\u00e7\u00f5es junto a diferentes entidades locais para a reestrutura\u00e7\u00e3o do sistema de gest\u00e3o de res\u00edduos domiciliares do munic\u00edpio de Londrina-PR.<br><br><strong>Coordena\u00e7\u00e3o:<\/strong> Prof\u00aa. Dr\u00aa. Lilian Aligleri<br><strong>Finaliza\u00e7\u00e3o:<\/strong> Janeiro de 2021<\/p>\n<\/blockquote>\n<\/details>\n\n\n\n<div style=\"height:10px\" aria-hidden=\"true\" class=\"wp-block-spacer\"><\/div>\n<\/div><\/div>\n\n\n\n<p><\/p>\n","protected":false},"excerpt":{"rendered":"<p>Conhe\u00e7a as frentes de pesquisa, extens\u00e3o e ensino desenvolvidas pelo NINTER. Nossos projetos buscam aplicar o conhecimento acad\u00eamico para gerar solu\u00e7\u00f5es inovadoras e impacto positivo na sociedade. PROJETOS EM EXECU\u00c7\u00c3O PROJETOS FINALIZADOS<\/p>\n","protected":false},"author":9,"featured_media":0,"parent":0,"menu_order":0,"comment_status":"closed","ping_status":"closed","template":"","meta":{"_acf_changed":false,"footnotes":""},"class_list":["post-99","page","type-page","status-publish","hentry"],"acf":[],"_links":{"self":[{"href":"https:\/\/sites.uel.br\/ninter\/wp-json\/wp\/v2\/pages\/99","targetHints":{"allow":["GET"]}}],"collection":[{"href":"https:\/\/sites.uel.br\/ninter\/wp-json\/wp\/v2\/pages"}],"about":[{"href":"https:\/\/sites.uel.br\/ninter\/wp-json\/wp\/v2\/types\/page"}],"author":[{"embeddable":true,"href":"https:\/\/sites.uel.br\/ninter\/wp-json\/wp\/v2\/users\/9"}],"replies":[{"embeddable":true,"href":"https:\/\/sites.uel.br\/ninter\/wp-json\/wp\/v2\/comments?post=99"}],"version-history":[{"count":12,"href":"https:\/\/sites.uel.br\/ninter\/wp-json\/wp\/v2\/pages\/99\/revisions"}],"predecessor-version":[{"id":718,"href":"https:\/\/sites.uel.br\/ninter\/wp-json\/wp\/v2\/pages\/99\/revisions\/718"}],"wp:attachment":[{"href":"https:\/\/sites.uel.br\/ninter\/wp-json\/wp\/v2\/media?parent=99"}],"curies":[{"name":"wp","href":"https:\/\/api.w.org\/{rel}","templated":true}]}}