{"id":93,"date":"2025-09-27T14:07:01","date_gmt":"2025-09-27T17:07:01","guid":{"rendered":"https:\/\/sites.uel.br\/ninter\/?page_id=93"},"modified":"2025-11-15T09:49:20","modified_gmt":"2025-11-15T12:49:20","slug":"apresentacao","status":"publish","type":"page","link":"https:\/\/sites.uel.br\/ninter\/apresentacao\/","title":{"rendered":"Apresenta\u00e7\u00e3o"},"content":{"rendered":"\n<figure class=\"wp-block-image\"><img loading=\"lazy\" decoding=\"async\" width=\"1201\" height=\"381\" src=\"https:\/\/sites.uel.br\/ninter\/wp-content\/uploads\/2025\/09\/Logo_Ninter_01-1.png\" alt=\"\" class=\"wp-image-148\" srcset=\"https:\/\/sites.uel.br\/ninter\/wp-content\/uploads\/2025\/09\/Logo_Ninter_01-1.png 1201w, https:\/\/sites.uel.br\/ninter\/wp-content\/uploads\/2025\/09\/Logo_Ninter_01-1-300x95.png 300w, https:\/\/sites.uel.br\/ninter\/wp-content\/uploads\/2025\/09\/Logo_Ninter_01-1-1024x325.png 1024w, https:\/\/sites.uel.br\/ninter\/wp-content\/uploads\/2025\/09\/Logo_Ninter_01-1-768x244.png 768w\" sizes=\"auto, (max-width: 1201px) 100vw, 1201px\" \/><\/figure>\n\n\n\n<p class=\"has-text-align-center\">O NINTER \u00e9 um \u00f3rg\u00e3o de colabora\u00e7\u00e3o aberta interdisciplinar, multidisciplinar e transdisciplinar de apoio \u00e0 Pesquisa, Desenvolvimento &amp; Inova\u00e7\u00e3o (P, D &amp; I) em res\u00edduos com o prop\u00f3sito de unir saberes cient\u00edficos e tecnol\u00f3gicos para criar solu\u00e7\u00f5es relacionadas \u00e0s quest\u00f5es de res\u00edduos em Londrina e regi\u00e3o, contribuindo para uma sociedade mais sustent\u00e1vel.<\/p>\n\n\n\n<div style=\"height:40px\" aria-hidden=\"true\" class=\"wp-block-spacer\"><\/div>\n\n\n\n<h2 class=\"wp-block-heading\">O QUE FAZEMOS<\/h2>\n\n\n\n<div style=\"height:20px\" aria-hidden=\"true\" class=\"wp-block-spacer\"><\/div>\n\n\n\n<p>O NINTER contempla atividades de pesquisa, extens\u00e3o, ensino e inova\u00e7\u00e3o em res\u00edduos, tendo como preceito os princ\u00edpios e objetivos propostos pela Pol\u00edtica Nacional de Res\u00edduos S\u00f3lidos (lei n\u00ba 12.305\/2010).<\/p>\n\n\n\n<div style=\"height:20px\" aria-hidden=\"true\" class=\"wp-block-spacer\"><\/div>\n\n\n\n<h3 class=\"wp-block-heading\">Nossos prop\u00f3sitos:<\/h3>\n\n\n\n<ul class=\"wp-block-list\">\n<li><strong>Realizar pesquisas<\/strong> te\u00f3ricas e aplicadas com foco em res\u00edduos, disseminando os resultados para a sociedade;<\/li>\n\n\n\n<li><strong>Desenvolver estudos<\/strong>, projetos e pesquisas aplicadas em res\u00edduos;<\/li>\n\n\n\n<li><strong>Estimular a discuss\u00e3o<\/strong> sobre o tema no \u00e2mbito da UEL e com outras institui\u00e7\u00f5es;<\/li>\n\n\n\n<li><strong>Criar e aperfei\u00e7oar<\/strong> teorias, metodologias, tecnologias, processos e produtos;<\/li>\n\n\n\n<li><strong>Participar de editais<\/strong> e chamadas p\u00fablicas e privadas em \u00e2mbitos regional, nacional e internacional;<\/li>\n\n\n\n<li><strong>Contribuir para a forma\u00e7\u00e3o<\/strong> de profissionais altamente qualificados com conhecimentos transdisciplinares;<\/li>\n\n\n\n<li><strong>Ser um espa\u00e7o acad\u00eamico<\/strong> e de pr\u00e1ticas para a forma\u00e7\u00e3o, qualifica\u00e7\u00e3o e integra\u00e7\u00e3o de docentes e discentes.<\/li>\n<\/ul>\n\n\n\n<div style=\"height:20px\" aria-hidden=\"true\" class=\"wp-block-spacer\"><\/div>\n\n\n\n<h3 class=\"wp-block-heading\">Nossas atuais Linhas de Pesquisa:<\/h3>\n\n\n\n<p>Os docentes vinculados ao N\u00facleo trabalham de forma colaborativa e cooperada, numa abordagem interdisciplinar, desde 2018. Nossas principais frentes de pesquisa s\u00e3o:<\/p>\n\n\n\n<ul class=\"wp-block-list\">\n<li>Educa\u00e7\u00e3o e sensibiliza\u00e7\u00e3o ambiental para a gest\u00e3o de res\u00edduos;<\/li>\n\n\n\n<li>Res\u00edduos domiciliares e coleta seletiva;<\/li>\n\n\n\n<li>Tratamento de res\u00edduos;<\/li>\n\n\n\n<li>Log\u00edstica reversa e economia circular;<\/li>\n\n\n\n<li>Valoriza\u00e7\u00e3o ambiental dos res\u00edduos;<\/li>\n\n\n\n<li>Modelagem de novos materiais.<\/li>\n<\/ul>\n\n\n\n<div style=\"height:20px\" aria-hidden=\"true\" class=\"wp-block-spacer\"><\/div>\n\n\n\n<h3 class=\"wp-block-heading\">Nosso compromisso com os Objetivos de Desenvolvimento Sustent\u00e1vel:<\/h3>\n\n\n\n<p>As a\u00e7\u00f5es do NINTER buscam contribuir para os seguintes ODS abaixo:<\/p>\n\n\n\n<figure class=\"wp-block-image size-full\"><img loading=\"lazy\" decoding=\"async\" width=\"500\" height=\"500\" src=\"https:\/\/sites.uel.br\/ninter\/wp-content\/uploads\/2025\/10\/Design-sem-nome-2-3.png\" alt=\"\" class=\"wp-image-283\" srcset=\"https:\/\/sites.uel.br\/ninter\/wp-content\/uploads\/2025\/10\/Design-sem-nome-2-3.png 500w, https:\/\/sites.uel.br\/ninter\/wp-content\/uploads\/2025\/10\/Design-sem-nome-2-3-300x300.png 300w, https:\/\/sites.uel.br\/ninter\/wp-content\/uploads\/2025\/10\/Design-sem-nome-2-3-150x150.png 150w\" sizes=\"auto, (max-width: 500px) 100vw, 500px\" \/><\/figure>\n\n\n\n<div style=\"height:40px\" aria-hidden=\"true\" class=\"wp-block-spacer\"><\/div>\n\n\n\n<h2 class=\"wp-block-heading has-text-align-center\">DOCUMENTOS OFICIAIS<\/h2>\n\n\n\n<div style=\"height:20px\" aria-hidden=\"true\" class=\"wp-block-spacer\"><\/div>\n\n\n\n<p><a href=\"https:\/\/drive.google.com\/file\/d\/1e_aVIMTfYCiYjABZdGr0G2VZAKoYC4Hi\/view\" target=\"_blank\" rel=\"noreferrer noopener\">Resolu\u00e7\u00e3o CEPE\/CA n\u00ba 69\/2021.<\/a><\/p>\n\n\n\n<p><a href=\"https:\/\/drive.google.com\/file\/d\/1FEAOJYENWg325vmxgsN1LoN2gebaKZ7-\/view\" data-type=\"link\" data-id=\"https:\/\/drive.google.com\/file\/d\/1FEAOJYENWg325vmxgsN1LoN2gebaKZ7-\/view\" target=\"_blank\" rel=\"noreferrer noopener\">Portaria NINTER 4176 2023-25.<\/a><\/p>\n\n\n\n<p><\/p>\n","protected":false},"excerpt":{"rendered":"<p>O NINTER \u00e9 um \u00f3rg\u00e3o de colabora\u00e7\u00e3o aberta interdisciplinar, multidisciplinar e transdisciplinar de apoio \u00e0 Pesquisa, Desenvolvimento &amp; Inova\u00e7\u00e3o (P, D &amp; I) em res\u00edduos com o prop\u00f3sito de unir saberes cient\u00edficos e tecnol\u00f3gicos para criar solu\u00e7\u00f5es relacionadas \u00e0s quest\u00f5es de res\u00edduos em Londrina e regi\u00e3o, contribuindo para uma sociedade mais sustent\u00e1vel. O QUE FAZEMOS [&hellip;]<\/p>\n","protected":false},"author":9,"featured_media":0,"parent":0,"menu_order":0,"comment_status":"closed","ping_status":"closed","template":"","meta":{"_acf_changed":false,"footnotes":""},"class_list":["post-93","page","type-page","status-publish","hentry"],"acf":[],"_links":{"self":[{"href":"https:\/\/sites.uel.br\/ninter\/wp-json\/wp\/v2\/pages\/93","targetHints":{"allow":["GET"]}}],"collection":[{"href":"https:\/\/sites.uel.br\/ninter\/wp-json\/wp\/v2\/pages"}],"about":[{"href":"https:\/\/sites.uel.br\/ninter\/wp-json\/wp\/v2\/types\/page"}],"author":[{"embeddable":true,"href":"https:\/\/sites.uel.br\/ninter\/wp-json\/wp\/v2\/users\/9"}],"replies":[{"embeddable":true,"href":"https:\/\/sites.uel.br\/ninter\/wp-json\/wp\/v2\/comments?post=93"}],"version-history":[{"count":37,"href":"https:\/\/sites.uel.br\/ninter\/wp-json\/wp\/v2\/pages\/93\/revisions"}],"predecessor-version":[{"id":687,"href":"https:\/\/sites.uel.br\/ninter\/wp-json\/wp\/v2\/pages\/93\/revisions\/687"}],"wp:attachment":[{"href":"https:\/\/sites.uel.br\/ninter\/wp-json\/wp\/v2\/media?parent=93"}],"curies":[{"name":"wp","href":"https:\/\/api.w.org\/{rel}","templated":true}]}}