{"id":3602,"date":"2024-11-07T09:41:27","date_gmt":"2024-11-07T12:41:27","guid":{"rendered":"https:\/\/sites.uel.br\/nead\/?page_id=3602"},"modified":"2025-07-24T09:48:43","modified_gmt":"2025-07-24T12:48:43","slug":"educacao-digital","status":"publish","type":"page","link":"https:\/\/sites.uel.br\/nead\/educacao-digital\/","title":{"rendered":"Especializa\u00e7\u00e3o em Educa\u00e7\u00e3o Digital para os Anos Iniciais do Ensino Fundamental"},"content":{"rendered":"\n<figure class=\"wp-block-image size-full\"><img loading=\"lazy\" decoding=\"async\" width=\"1440\" height=\"266\" src=\"https:\/\/sites.uel.br\/nead\/wp-content\/uploads\/2024\/11\/EspED-01-banner.png\" alt=\"\" class=\"wp-image-3593\" srcset=\"https:\/\/sites.uel.br\/nead\/wp-content\/uploads\/2024\/11\/EspED-01-banner.png 1440w, https:\/\/sites.uel.br\/nead\/wp-content\/uploads\/2024\/11\/EspED-01-banner-300x55.png 300w, https:\/\/sites.uel.br\/nead\/wp-content\/uploads\/2024\/11\/EspED-01-banner-1024x189.png 1024w, https:\/\/sites.uel.br\/nead\/wp-content\/uploads\/2024\/11\/EspED-01-banner-768x142.png 768w\" sizes=\"(max-width: 1440px) 100vw, 1440px\" \/><\/figure>\n\n\n\n<figure class=\"wp-block-image size-full\"><img loading=\"lazy\" decoding=\"async\" width=\"1440\" height=\"141\" src=\"https:\/\/sites.uel.br\/nead\/wp-content\/uploads\/2024\/11\/EspED-02-especializacao-meses-horas.png\" alt=\"\" class=\"wp-image-3594\" srcset=\"https:\/\/sites.uel.br\/nead\/wp-content\/uploads\/2024\/11\/EspED-02-especializacao-meses-horas.png 1440w, https:\/\/sites.uel.br\/nead\/wp-content\/uploads\/2024\/11\/EspED-02-especializacao-meses-horas-300x29.png 300w, https:\/\/sites.uel.br\/nead\/wp-content\/uploads\/2024\/11\/EspED-02-especializacao-meses-horas-1024x100.png 1024w, https:\/\/sites.uel.br\/nead\/wp-content\/uploads\/2024\/11\/EspED-02-especializacao-meses-horas-768x75.png 768w\" sizes=\"(max-width: 1440px) 100vw, 1440px\" \/><\/figure>\n\n\n\n<figure class=\"wp-block-image size-full\"><img loading=\"lazy\" decoding=\"async\" width=\"1317\" height=\"367\" src=\"https:\/\/sites.uel.br\/nead\/wp-content\/uploads\/2025\/07\/EspED-03-sobre-o-curso.png\" alt=\"\" class=\"wp-image-5461\" srcset=\"https:\/\/sites.uel.br\/nead\/wp-content\/uploads\/2025\/07\/EspED-03-sobre-o-curso.png 1317w, https:\/\/sites.uel.br\/nead\/wp-content\/uploads\/2025\/07\/EspED-03-sobre-o-curso-300x84.png 300w, https:\/\/sites.uel.br\/nead\/wp-content\/uploads\/2025\/07\/EspED-03-sobre-o-curso-1024x285.png 1024w, https:\/\/sites.uel.br\/nead\/wp-content\/uploads\/2025\/07\/EspED-03-sobre-o-curso-768x214.png 768w\" sizes=\"(max-width: 1317px) 100vw, 1317px\" \/><\/figure>\n\n\n\n<figure class=\"wp-block-image size-full\"><img loading=\"lazy\" decoding=\"async\" width=\"1440\" height=\"888\" src=\"https:\/\/sites.uel.br\/nead\/wp-content\/uploads\/2024\/11\/EspED-04-perfil-academico.png\" alt=\"\" class=\"wp-image-3596\" srcset=\"https:\/\/sites.uel.br\/nead\/wp-content\/uploads\/2024\/11\/EspED-04-perfil-academico.png 1440w, https:\/\/sites.uel.br\/nead\/wp-content\/uploads\/2024\/11\/EspED-04-perfil-academico-300x185.png 300w, https:\/\/sites.uel.br\/nead\/wp-content\/uploads\/2024\/11\/EspED-04-perfil-academico-1024x631.png 1024w, https:\/\/sites.uel.br\/nead\/wp-content\/uploads\/2024\/11\/EspED-04-perfil-academico-768x474.png 768w\" sizes=\"(max-width: 1440px) 100vw, 1440px\" \/><\/figure>\n\n\n\n<figure class=\"wp-block-image size-full\"><img loading=\"lazy\" decoding=\"async\" width=\"1440\" height=\"1840\" src=\"https:\/\/sites.uel.br\/nead\/wp-content\/uploads\/2024\/11\/EspED-05-como-esta-organizado-curso.png\" alt=\"\" class=\"wp-image-3592\" srcset=\"https:\/\/sites.uel.br\/nead\/wp-content\/uploads\/2024\/11\/EspED-05-como-esta-organizado-curso.png 1440w, https:\/\/sites.uel.br\/nead\/wp-content\/uploads\/2024\/11\/EspED-05-como-esta-organizado-curso-235x300.png 235w, https:\/\/sites.uel.br\/nead\/wp-content\/uploads\/2024\/11\/EspED-05-como-esta-organizado-curso-801x1024.png 801w, https:\/\/sites.uel.br\/nead\/wp-content\/uploads\/2024\/11\/EspED-05-como-esta-organizado-curso-768x981.png 768w, https:\/\/sites.uel.br\/nead\/wp-content\/uploads\/2024\/11\/EspED-05-como-esta-organizado-curso-1202x1536.png 1202w\" sizes=\"(max-width: 1440px) 100vw, 1440px\" \/><\/figure>\n\n\n\n<figure class=\"wp-block-image size-full\"><img loading=\"lazy\" decoding=\"async\" width=\"1321\" height=\"749\" src=\"https:\/\/sites.uel.br\/nead\/wp-content\/uploads\/2024\/12\/EspED-06-atividades.png\" alt=\"\" class=\"wp-image-3975\" srcset=\"https:\/\/sites.uel.br\/nead\/wp-content\/uploads\/2024\/12\/EspED-06-atividades.png 1321w, https:\/\/sites.uel.br\/nead\/wp-content\/uploads\/2024\/12\/EspED-06-atividades-300x170.png 300w, https:\/\/sites.uel.br\/nead\/wp-content\/uploads\/2024\/12\/EspED-06-atividades-1024x581.png 1024w, https:\/\/sites.uel.br\/nead\/wp-content\/uploads\/2024\/12\/EspED-06-atividades-768x435.png 768w\" sizes=\"(max-width: 1321px) 100vw, 1321px\" \/><\/figure>\n\n\n\n<figure class=\"wp-block-image size-full\"><a href=\"https:\/\/sites.uel.br\/nead\/wp-content\/uploads\/2024\/12\/projeto-pedagogico-esp-educacao-digital.pdf\" target=\"_blank\" rel=\"noreferrer noopener\"><img loading=\"lazy\" decoding=\"async\" width=\"1268\" height=\"499\" src=\"https:\/\/sites.uel.br\/nead\/wp-content\/uploads\/2024\/12\/EspED-06.1-projeto-pedagogico.png\" alt=\"\" class=\"wp-image-3976\" srcset=\"https:\/\/sites.uel.br\/nead\/wp-content\/uploads\/2024\/12\/EspED-06.1-projeto-pedagogico.png 1268w, https:\/\/sites.uel.br\/nead\/wp-content\/uploads\/2024\/12\/EspED-06.1-projeto-pedagogico-300x118.png 300w, https:\/\/sites.uel.br\/nead\/wp-content\/uploads\/2024\/12\/EspED-06.1-projeto-pedagogico-1024x403.png 1024w, https:\/\/sites.uel.br\/nead\/wp-content\/uploads\/2024\/12\/EspED-06.1-projeto-pedagogico-768x302.png 768w\" sizes=\"(max-width: 1268px) 100vw, 1268px\" \/><\/a><\/figure>\n\n\n\n<figure class=\"wp-block-image size-full\"><img loading=\"lazy\" decoding=\"async\" width=\"1440\" height=\"1335\" src=\"https:\/\/sites.uel.br\/nead\/wp-content\/uploads\/2024\/11\/EspED-07-ambiente-virtual.png\" alt=\"\" class=\"wp-image-3598\" srcset=\"https:\/\/sites.uel.br\/nead\/wp-content\/uploads\/2024\/11\/EspED-07-ambiente-virtual.png 1440w, https:\/\/sites.uel.br\/nead\/wp-content\/uploads\/2024\/11\/EspED-07-ambiente-virtual-300x278.png 300w, https:\/\/sites.uel.br\/nead\/wp-content\/uploads\/2024\/11\/EspED-07-ambiente-virtual-1024x949.png 1024w, https:\/\/sites.uel.br\/nead\/wp-content\/uploads\/2024\/11\/EspED-07-ambiente-virtual-768x712.png 768w\" sizes=\"(max-width: 1440px) 100vw, 1440px\" \/><\/figure>\n\n\n\n<figure class=\"wp-block-image size-full\"><img loading=\"lazy\" decoding=\"async\" width=\"1440\" height=\"432\" src=\"https:\/\/sites.uel.br\/nead\/wp-content\/uploads\/2024\/11\/EspED-08-avaliacoes.png\" alt=\"\" class=\"wp-image-3599\" srcset=\"https:\/\/sites.uel.br\/nead\/wp-content\/uploads\/2024\/11\/EspED-08-avaliacoes.png 1440w, https:\/\/sites.uel.br\/nead\/wp-content\/uploads\/2024\/11\/EspED-08-avaliacoes-300x90.png 300w, https:\/\/sites.uel.br\/nead\/wp-content\/uploads\/2024\/11\/EspED-08-avaliacoes-1024x307.png 1024w, https:\/\/sites.uel.br\/nead\/wp-content\/uploads\/2024\/11\/EspED-08-avaliacoes-768x230.png 768w\" sizes=\"(max-width: 1440px) 100vw, 1440px\" \/><\/figure>\n\n\n\n<figure class=\"wp-block-image size-full\"><img loading=\"lazy\" decoding=\"async\" width=\"1317\" height=\"297\" src=\"https:\/\/sites.uel.br\/nead\/wp-content\/uploads\/2025\/03\/EspED-contato.png\" alt=\"\" class=\"wp-image-4245\" srcset=\"https:\/\/sites.uel.br\/nead\/wp-content\/uploads\/2025\/03\/EspED-contato.png 1317w, https:\/\/sites.uel.br\/nead\/wp-content\/uploads\/2025\/03\/EspED-contato-300x68.png 300w, https:\/\/sites.uel.br\/nead\/wp-content\/uploads\/2025\/03\/EspED-contato-1024x231.png 1024w, https:\/\/sites.uel.br\/nead\/wp-content\/uploads\/2025\/03\/EspED-contato-768x173.png 768w\" sizes=\"(max-width: 1317px) 100vw, 1317px\" \/><\/figure>\n\n\n\n<figure class=\"wp-block-image size-full\"><img loading=\"lazy\" decoding=\"async\" width=\"1317\" height=\"483\" src=\"https:\/\/sites.uel.br\/nead\/wp-content\/uploads\/2025\/03\/EspED-09-perguntas-frequentes.png\" alt=\"\" class=\"wp-image-4244\" srcset=\"https:\/\/sites.uel.br\/nead\/wp-content\/uploads\/2025\/03\/EspED-09-perguntas-frequentes.png 1317w, https:\/\/sites.uel.br\/nead\/wp-content\/uploads\/2025\/03\/EspED-09-perguntas-frequentes-300x110.png 300w, https:\/\/sites.uel.br\/nead\/wp-content\/uploads\/2025\/03\/EspED-09-perguntas-frequentes-1024x376.png 1024w, https:\/\/sites.uel.br\/nead\/wp-content\/uploads\/2025\/03\/EspED-09-perguntas-frequentes-768x282.png 768w\" sizes=\"(max-width: 1317px) 100vw, 1317px\" \/><\/figure>\n\n\n\n<figure class=\"wp-block-image size-full\"><a href=\"https:\/\/www.uvpr.pr.gov.br\/educacaodigital\/\" target=\"_blank\" rel=\"noreferrer noopener\"><img loading=\"lazy\" decoding=\"async\" width=\"1440\" height=\"403\" src=\"https:\/\/sites.uel.br\/nead\/wp-content\/uploads\/2024\/11\/EspED-10-uvpr.png\" alt=\"\" class=\"wp-image-3601\" style=\"object-fit:cover\" srcset=\"https:\/\/sites.uel.br\/nead\/wp-content\/uploads\/2024\/11\/EspED-10-uvpr.png 1440w, https:\/\/sites.uel.br\/nead\/wp-content\/uploads\/2024\/11\/EspED-10-uvpr-300x84.png 300w, https:\/\/sites.uel.br\/nead\/wp-content\/uploads\/2024\/11\/EspED-10-uvpr-1024x287.png 1024w, https:\/\/sites.uel.br\/nead\/wp-content\/uploads\/2024\/11\/EspED-10-uvpr-768x215.png 768w\" sizes=\"(max-width: 1440px) 100vw, 1440px\" \/><\/a><\/figure>\n\n\n\n<figure class=\"wp-block-image size-full\"><img loading=\"lazy\" decoding=\"async\" width=\"1440\" height=\"298\" src=\"https:\/\/sites.uel.br\/nead\/wp-content\/uploads\/2024\/11\/logos_site_cursos.png\" alt=\"\" class=\"wp-image-3564\" srcset=\"https:\/\/sites.uel.br\/nead\/wp-content\/uploads\/2024\/11\/logos_site_cursos.png 1440w, https:\/\/sites.uel.br\/nead\/wp-content\/uploads\/2024\/11\/logos_site_cursos-300x62.png 300w, https:\/\/sites.uel.br\/nead\/wp-content\/uploads\/2024\/11\/logos_site_cursos-1024x212.png 1024w, https:\/\/sites.uel.br\/nead\/wp-content\/uploads\/2024\/11\/logos_site_cursos-768x159.png 768w\" sizes=\"(max-width: 1440px) 100vw, 1440px\" \/><\/figure>\n","protected":false},"excerpt":{"rendered":"","protected":false},"author":14,"featured_media":0,"parent":0,"menu_order":0,"comment_status":"closed","ping_status":"closed","template":"","meta":{"_themeisle_gutenberg_block_has_review":false,"footnotes":""},"acf":[],"_links":{"self":[{"href":"https:\/\/sites.uel.br\/nead\/wp-json\/wp\/v2\/pages\/3602"}],"collection":[{"href":"https:\/\/sites.uel.br\/nead\/wp-json\/wp\/v2\/pages"}],"about":[{"href":"https:\/\/sites.uel.br\/nead\/wp-json\/wp\/v2\/types\/page"}],"author":[{"embeddable":true,"href":"https:\/\/sites.uel.br\/nead\/wp-json\/wp\/v2\/users\/14"}],"replies":[{"embeddable":true,"href":"https:\/\/sites.uel.br\/nead\/wp-json\/wp\/v2\/comments?post=3602"}],"version-history":[{"count":6,"href":"https:\/\/sites.uel.br\/nead\/wp-json\/wp\/v2\/pages\/3602\/revisions"}],"predecessor-version":[{"id":5462,"href":"https:\/\/sites.uel.br\/nead\/wp-json\/wp\/v2\/pages\/3602\/revisions\/5462"}],"wp:attachment":[{"href":"https:\/\/sites.uel.br\/nead\/wp-json\/wp\/v2\/media?parent=3602"}],"curies":[{"name":"wp","href":"https:\/\/api.w.org\/{rel}","templated":true}]}}