{"id":1471,"date":"2025-02-05T18:41:04","date_gmt":"2025-02-05T21:41:04","guid":{"rendered":"https:\/\/sites.uel.br\/neab\/?page_id=1471"},"modified":"2025-11-04T10:43:57","modified_gmt":"2025-11-04T13:43:57","slug":"territorio-em-voz","status":"publish","type":"page","link":"https:\/\/sites.uel.br\/neab\/territorio-em-voz\/","title":{"rendered":"Territ\u00f3rio em Voz: racismo ambiental em debate."},"content":{"rendered":"\n<hr class=\"wp-block-separator has-text-color has-verde-escuro-color has-alpha-channel-opacity has-verde-escuro-background-color has-background is-style-wide\" \/>\n\n\n\n<div class=\"wp-block-columns is-layout-flex wp-container-core-columns-is-layout-9d6595d7 wp-block-columns-is-layout-flex\">\n<div class=\"wp-block-column is-layout-flow wp-block-column-is-layout-flow\">\n<p>O projeto &#8220;Territ\u00f3rio em Voz: racismo<br>ambiental em debate&#8221;, comp\u00f5e as a\u00e7\u00f5es do<br>N\u00facleo de Estudos Afro-Brasileiros e se prop\u00f5e a ampliar e promover a discuss\u00e3o sobre a educa\u00e7\u00e3o ambiental antirracista, abordando as interse\u00e7\u00f5es entre justi\u00e7a social e sustentabilidade por meio da produ\u00e7\u00e3o de materiais virtuais e f\u00edsicos acerca do combate ao racismo ambiental com vistas a capacitar e fortalecer a comunidade, movimentos e organiza\u00e7\u00f5es sociais.<\/p>\n<\/div>\n\n\n\n<div class=\"wp-block-column is-layout-flow wp-block-column-is-layout-flow\">\n<figure class=\"wp-block-image size-full is-resized\"><img loading=\"lazy\" decoding=\"async\" width=\"752\" height=\"751\" src=\"https:\/\/sites.uel.br\/neab\/wp-content\/uploads\/2025\/10\/img5.jpg\" alt=\"\" class=\"wp-image-2181\" style=\"width:266px;height:auto\" srcset=\"https:\/\/sites.uel.br\/neab\/wp-content\/uploads\/2025\/10\/img5.jpg 752w, https:\/\/sites.uel.br\/neab\/wp-content\/uploads\/2025\/10\/img5-300x300.jpg 300w, https:\/\/sites.uel.br\/neab\/wp-content\/uploads\/2025\/10\/img5-150x150.jpg 150w\" sizes=\"auto, (max-width: 752px) 100vw, 752px\" \/><\/figure>\n<\/div>\n<\/div>\n\n\n\n<p>Tem como p\u00fablico-alvo as comunidades tradicionais de terreiro, gestores da rede socioassistencial dos territ\u00f3rios, educadores e lideran\u00e7as de movimentos sociais<\/p>\n\n\n\n<p><strong>Coordenador\/a<br><\/strong>Profa. Dra. Marleide Rodrigues da Silva Perrude<\/p>\n\n\n\n<div id=\"wp-block-themeisle-blocks-accordion-4d971de2\" class=\"wp-block-themeisle-blocks-accordion exclusive\">\n<details class=\"wp-block-themeisle-blocks-accordion-item\"><summary class=\"wp-block-themeisle-blocks-accordion-item__title\"><div>Participantes do projeto<\/div><\/summary><div class=\"wp-block-themeisle-blocks-accordion-item__content\">\n<p>Ana Celida da Silva, Ana Laura Campos dos Santos, Bruna Vitoria dos Santos, Bruno Squizato Faical, Camila Rolim de Oliveira, Fagner Bruno de Souza, Fernanda Alves de Lima, Jose Miguel Arias Neto, Josu\u00e9 Godoy, Julia Abid dos Santos, Laercio Adriano Benazzi, Margarida de Cassia Campos, Maria de F\u00e1tima Beraldo, Matheus de Almeida Beraldo e Robson Borges Arantes.<\/p>\n<\/div><\/details>\n<\/div>\n\n\n\n<ul class=\"wp-block-social-links is-style-pill-shape is-content-justification-center is-layout-flex wp-container-core-social-links-is-layout-16018d1d wp-block-social-links-is-layout-flex\"><li class=\"wp-social-link wp-social-link-mail  wp-block-social-link\"><a href=\"mailto:perrude@uel.br\" class=\"wp-block-social-link-anchor\"><svg width=\"24\" height=\"24\" viewBox=\"0 0 24 24\" version=\"1.1\" xmlns=\"http:\/\/www.w3.org\/2000\/svg\" aria-hidden=\"true\" focusable=\"false\"><path d=\"M19,5H5c-1.1,0-2,.9-2,2v10c0,1.1.9,2,2,2h14c1.1,0,2-.9,2-2V7c0-1.1-.9-2-2-2zm.5,12c0,.3-.2.5-.5.5H5c-.3,0-.5-.2-.5-.5V9.8l7.5,5.6,7.5-5.6V17zm0-9.1L12,13.6,4.5,7.9V7c0-.3.2-.5.5-.5h14c.3,0,.5.2.5.5v.9z\"><\/path><\/svg><span class=\"wp-block-social-link-label screen-reader-text\">E-mail<\/span><\/a><\/li>\n\n<li class=\"wp-social-link wp-social-link-instagram  wp-block-social-link\"><a href=\"https:\/\/www.instagram.com\/territorioemvoz?igsh=a2xqZW0zeXJqcmFi\" class=\"wp-block-social-link-anchor\"><svg width=\"24\" height=\"24\" viewBox=\"0 0 24 24\" version=\"1.1\" xmlns=\"http:\/\/www.w3.org\/2000\/svg\" aria-hidden=\"true\" focusable=\"false\"><path d=\"M12,4.622c2.403,0,2.688,0.009,3.637,0.052c0.877,0.04,1.354,0.187,1.671,0.31c0.42,0.163,0.72,0.358,1.035,0.673 c0.315,0.315,0.51,0.615,0.673,1.035c0.123,0.317,0.27,0.794,0.31,1.671c0.043,0.949,0.052,1.234,0.052,3.637 s-0.009,2.688-0.052,3.637c-0.04,0.877-0.187,1.354-0.31,1.671c-0.163,0.42-0.358,0.72-0.673,1.035 c-0.315,0.315-0.615,0.51-1.035,0.673c-0.317,0.123-0.794,0.27-1.671,0.31c-0.949,0.043-1.233,0.052-3.637,0.052 s-2.688-0.009-3.637-0.052c-0.877-0.04-1.354-0.187-1.671-0.31c-0.42-0.163-0.72-0.358-1.035-0.673 c-0.315-0.315-0.51-0.615-0.673-1.035c-0.123-0.317-0.27-0.794-0.31-1.671C4.631,14.688,4.622,14.403,4.622,12 s0.009-2.688,0.052-3.637c0.04-0.877,0.187-1.354,0.31-1.671c0.163-0.42,0.358-0.72,0.673-1.035 c0.315-0.315,0.615-0.51,1.035-0.673c0.317-0.123,0.794-0.27,1.671-0.31C9.312,4.631,9.597,4.622,12,4.622 M12,3 C9.556,3,9.249,3.01,8.289,3.054C7.331,3.098,6.677,3.25,6.105,3.472C5.513,3.702,5.011,4.01,4.511,4.511 c-0.5,0.5-0.808,1.002-1.038,1.594C3.25,6.677,3.098,7.331,3.054,8.289C3.01,9.249,3,9.556,3,12c0,2.444,0.01,2.751,0.054,3.711 c0.044,0.958,0.196,1.612,0.418,2.185c0.23,0.592,0.538,1.094,1.038,1.594c0.5,0.5,1.002,0.808,1.594,1.038 c0.572,0.222,1.227,0.375,2.185,0.418C9.249,20.99,9.556,21,12,21s2.751-0.01,3.711-0.054c0.958-0.044,1.612-0.196,2.185-0.418 c0.592-0.23,1.094-0.538,1.594-1.038c0.5-0.5,0.808-1.002,1.038-1.594c0.222-0.572,0.375-1.227,0.418-2.185 C20.99,14.751,21,14.444,21,12s-0.01-2.751-0.054-3.711c-0.044-0.958-0.196-1.612-0.418-2.185c-0.23-0.592-0.538-1.094-1.038-1.594 c-0.5-0.5-1.002-0.808-1.594-1.038c-0.572-0.222-1.227-0.375-2.185-0.418C14.751,3.01,14.444,3,12,3L12,3z M12,7.378 c-2.552,0-4.622,2.069-4.622,4.622S9.448,16.622,12,16.622s4.622-2.069,4.622-4.622S14.552,7.378,12,7.378z M12,15 c-1.657,0-3-1.343-3-3s1.343-3,3-3s3,1.343,3,3S13.657,15,12,15z M16.804,6.116c-0.596,0-1.08,0.484-1.08,1.08 s0.484,1.08,1.08,1.08c0.596,0,1.08-0.484,1.08-1.08S17.401,6.116,16.804,6.116z\"><\/path><\/svg><span class=\"wp-block-social-link-label screen-reader-text\">Instagram<\/span><\/a><\/li><\/ul>\n","protected":false},"excerpt":{"rendered":"<p>O projeto &#8220;Territ\u00f3rio em Voz: racismoambiental em debate&#8221;, comp\u00f5e as a\u00e7\u00f5es doN\u00facleo de Estudos Afro-Brasileiros e se prop\u00f5e a ampliar e promover a discuss\u00e3o sobre a educa\u00e7\u00e3o ambiental antirracista, abordando as interse\u00e7\u00f5es entre justi\u00e7a social e sustentabilidade por meio da produ\u00e7\u00e3o de materiais virtuais e f\u00edsicos acerca do combate ao racismo ambiental com vistas a [&hellip;]<\/p>\n","protected":false},"author":6,"featured_media":2181,"parent":0,"menu_order":0,"comment_status":"closed","ping_status":"closed","template":"","meta":{"_acf_changed":false,"_themeisle_gutenberg_block_has_review":false,"footnotes":""},"class_list":["post-1471","page","type-page","status-publish","has-post-thumbnail","hentry"],"acf":[],"_links":{"self":[{"href":"https:\/\/sites.uel.br\/neab\/wp-json\/wp\/v2\/pages\/1471","targetHints":{"allow":["GET"]}}],"collection":[{"href":"https:\/\/sites.uel.br\/neab\/wp-json\/wp\/v2\/pages"}],"about":[{"href":"https:\/\/sites.uel.br\/neab\/wp-json\/wp\/v2\/types\/page"}],"author":[{"embeddable":true,"href":"https:\/\/sites.uel.br\/neab\/wp-json\/wp\/v2\/users\/6"}],"replies":[{"embeddable":true,"href":"https:\/\/sites.uel.br\/neab\/wp-json\/wp\/v2\/comments?post=1471"}],"version-history":[{"count":21,"href":"https:\/\/sites.uel.br\/neab\/wp-json\/wp\/v2\/pages\/1471\/revisions"}],"predecessor-version":[{"id":2228,"href":"https:\/\/sites.uel.br\/neab\/wp-json\/wp\/v2\/pages\/1471\/revisions\/2228"}],"wp:featuredmedia":[{"embeddable":true,"href":"https:\/\/sites.uel.br\/neab\/wp-json\/wp\/v2\/media\/2181"}],"wp:attachment":[{"href":"https:\/\/sites.uel.br\/neab\/wp-json\/wp\/v2\/media?parent=1471"}],"curies":[{"name":"wp","href":"https:\/\/api.w.org\/{rel}","templated":true}]}}