{"id":913,"date":"2022-08-23T14:38:39","date_gmt":"2022-08-23T17:38:39","guid":{"rendered":"https:\/\/sites.uel.br\/ndph\/?page_id=913"},"modified":"2022-08-23T14:40:40","modified_gmt":"2022-08-23T17:40:40","slug":"a-figuracao-de-deus-na-iconografia-crista","status":"publish","type":"page","link":"https:\/\/sites.uel.br\/ndph\/a-figuracao-de-deus-na-iconografia-crista\/","title":{"rendered":"A Figura\u00e7\u00e3o de Deus na Iconografia Crist\u00e3"},"content":{"rendered":"\n<p class=\"has-text-align-center\" style=\"font-size:18px\"><br><strong>Exposi\u00e7\u00e3o &#8211; &#8220;A FIGURA\u00c7\u00c3O DE DEUS NA ICONOGRAFIA CRIST\u00c3&#8221;<\/strong><br><br>De 10 a 12\/09\/2014<\/p>\n\n\n<div class=\"wp-block-image\">\n<figure class=\"aligncenter size-full\"><img loading=\"lazy\" decoding=\"async\" width=\"500\" height=\"280\" src=\"https:\/\/sites.uel.br\/ndph\/wp-content\/uploads\/2022\/08\/Expo_FiguracaoDeus.jpg\" alt=\"\" class=\"wp-image-946\" srcset=\"https:\/\/sites.uel.br\/ndph\/wp-content\/uploads\/2022\/08\/Expo_FiguracaoDeus.jpg 500w, https:\/\/sites.uel.br\/ndph\/wp-content\/uploads\/2022\/08\/Expo_FiguracaoDeus-300x168.jpg 300w\" sizes=\"auto, (max-width: 500px) 100vw, 500px\" \/><\/figure>\n<\/div>\n\n\n<hr class=\"wp-block-separator has-alpha-channel-opacity\" \/>\n\n\n\n<p class=\"has-text-align-center\" style=\"font-size:18px\"><strong>FICHA T\u00c9CNICA<\/strong><\/p>\n\n\n\n<hr class=\"wp-block-separator has-alpha-channel-opacity\" \/>\n\n\n\n<div style=\"height:14px\" aria-hidden=\"true\" class=\"wp-block-spacer\"><\/div>\n\n\n\n<p class=\"has-text-align-center\" style=\"font-size:18px\"><strong>Coordena\u00e7\u00e3o Executiva<\/strong><br><br>Prof. Dr. M\u00e1rcio Santana \/ CDPH<br><br><strong>Coordena\u00e7\u00e3o Cultural \/ Cient\u00edfica<\/strong><br><br>Prof.\u00aa Dr.\u00aa Angelita Marques Visalli \/ LEDI-UEL<br><br><strong>Pesquisa, Organiza\u00e7\u00e3o e Montagem<\/strong><br><br>Andr\u00e9 Pelegrinelli \/ LEDI-UEL<br>Pamela Godoi \/ LEDI-UEL<br>Raquel Deliberador \/ LEDI-UEL<\/p>\n\n\n\n<div style=\"height:14px\" aria-hidden=\"true\" class=\"wp-block-spacer\"><\/div>\n\n\n\n<hr class=\"wp-block-separator has-alpha-channel-opacity\" \/>\n\n\n\n<p class=\"has-text-align-center\" style=\"font-size:18px\"><strong>PROMO\u00c7\u00c3O<\/strong><\/p>\n\n\n\n<hr class=\"wp-block-separator has-alpha-channel-opacity\" \/>\n\n\n\n<div style=\"height:14px\" aria-hidden=\"true\" class=\"wp-block-spacer\"><\/div>\n\n\n\n<p class=\"has-text-align-center\" style=\"font-size:18px\">Laborat\u00f3rio de Estudos dos Dom\u00ednios da Imagem na Hist\u00f3ria &#8211; LEDI<br>Centro de Documenta\u00e7\u00e3o e Pesquisa Hist\u00f3rica &#8211; CDPH<\/p>\n\n\n\n<div style=\"height:14px\" aria-hidden=\"true\" class=\"wp-block-spacer\"><\/div>\n\n\n\n<hr class=\"wp-block-separator has-alpha-channel-opacity\" \/>\n\n\n\n<p class=\"has-text-align-center\" style=\"font-size:18px\"><strong>REPERCUSS\u00d5ES<\/strong><\/p>\n\n\n\n<hr class=\"wp-block-separator has-alpha-channel-opacity\" \/>\n\n\n\n<div style=\"height:14px\" aria-hidden=\"true\" class=\"wp-block-spacer\"><\/div>\n\n\n\n<p class=\"has-text-align-center\" style=\"font-size:18px\"><strong>&lt;<a href=\"https:\/\/www.youtube.com\/watch?v=457r8BgnCwQ\" data-type=\"URL\" data-id=\"https:\/\/www.youtube.com\/watch?v=457r8BgnCwQ\" target=\"_blank\" rel=\"noreferrer noopener\">TV UEL<\/a>&gt;<\/strong><\/p>\n","protected":false},"excerpt":{"rendered":"<p>Exposi\u00e7\u00e3o &#8211; &#8220;A FIGURA\u00c7\u00c3O DE DEUS NA ICONOGRAFIA CRIST\u00c3&#8221; De 10 a 12\/09\/2014 FICHA T\u00c9CNICA Coordena\u00e7\u00e3o Executiva Prof. Dr. M\u00e1rcio Santana \/ CDPH Coordena\u00e7\u00e3o Cultural \/ Cient\u00edfica Prof.\u00aa Dr.\u00aa Angelita Marques Visalli \/ LEDI-UEL Pesquisa, Organiza\u00e7\u00e3o e Montagem Andr\u00e9 Pelegrinelli \/ LEDI-UELPamela Godoi \/ LEDI-UELRaquel Deliberador \/ LEDI-UEL PROMO\u00c7\u00c3O Laborat\u00f3rio de Estudos dos Dom\u00ednios da [&hellip;]<\/p>\n","protected":false},"author":7,"featured_media":0,"parent":0,"menu_order":0,"comment_status":"closed","ping_status":"closed","template":"","meta":{"footnotes":""},"class_list":["post-913","page","type-page","status-publish","hentry"],"acf":[],"_links":{"self":[{"href":"https:\/\/sites.uel.br\/ndph\/wp-json\/wp\/v2\/pages\/913","targetHints":{"allow":["GET"]}}],"collection":[{"href":"https:\/\/sites.uel.br\/ndph\/wp-json\/wp\/v2\/pages"}],"about":[{"href":"https:\/\/sites.uel.br\/ndph\/wp-json\/wp\/v2\/types\/page"}],"author":[{"embeddable":true,"href":"https:\/\/sites.uel.br\/ndph\/wp-json\/wp\/v2\/users\/7"}],"replies":[{"embeddable":true,"href":"https:\/\/sites.uel.br\/ndph\/wp-json\/wp\/v2\/comments?post=913"}],"version-history":[{"count":4,"href":"https:\/\/sites.uel.br\/ndph\/wp-json\/wp\/v2\/pages\/913\/revisions"}],"predecessor-version":[{"id":949,"href":"https:\/\/sites.uel.br\/ndph\/wp-json\/wp\/v2\/pages\/913\/revisions\/949"}],"wp:attachment":[{"href":"https:\/\/sites.uel.br\/ndph\/wp-json\/wp\/v2\/media?parent=913"}],"curies":[{"name":"wp","href":"https:\/\/api.w.org\/{rel}","templated":true}]}}